--
-- Host: localhost    Database: flex_home
-- ------------------------------------------------------


--
-- Table structure for table `activations`
--

CREATE TABLE `activations` (
  `id` int unsigned NOT NULL AUTO_INCREMENT,
  `user_id` int unsigned NOT NULL,
  `code` varchar(120) CHARACTER SET utf8mb4 COLLATE utf8mb4_unicode_ci NOT NULL,
  `completed` tinyint(1) NOT NULL DEFAULT '0',
  `completed_at` timestamp NULL DEFAULT NULL,
  `created_at` timestamp NULL DEFAULT NULL,
  `updated_at` timestamp NULL DEFAULT NULL,
  PRIMARY KEY (`id`),
  KEY `activations_user_id_index` (`user_id`)
) ENGINE=InnoDB AUTO_INCREMENT=3 DEFAULT CHARSET=utf8mb4 COLLATE=utf8mb4_unicode_ci;

--
-- Dumping data for table `activations`
--

INSERT INTO `activations` VALUES (1,1,'UooFfGMFzyc8Rs7r5V61eFGoNxEno8GG',1,'2023-11-19 23:02:04','2023-11-19 23:02:04','2023-11-19 23:02:04'),(2,2,'B9ck7HWZe9XyhkWt6FD4FgBbewDhjn1Z',1,'2023-11-19 23:02:04','2023-11-19 23:02:04','2023-11-19 23:02:04');

--
-- Table structure for table `admin_notifications`
--

CREATE TABLE `admin_notifications` (
  `id` bigint unsigned NOT NULL AUTO_INCREMENT,
  `title` varchar(191) CHARACTER SET utf8mb4 COLLATE utf8mb4_unicode_ci NOT NULL,
  `action_label` varchar(191) CHARACTER SET utf8mb4 COLLATE utf8mb4_unicode_ci DEFAULT NULL,
  `action_url` varchar(191) CHARACTER SET utf8mb4 COLLATE utf8mb4_unicode_ci DEFAULT NULL,
  `description` varchar(400) CHARACTER SET utf8mb4 COLLATE utf8mb4_unicode_ci NOT NULL,
  `read_at` timestamp NULL DEFAULT NULL,
  `created_at` timestamp NULL DEFAULT NULL,
  `updated_at` timestamp NULL DEFAULT NULL,
  `permission` varchar(191) CHARACTER SET utf8mb4 COLLATE utf8mb4_unicode_ci DEFAULT NULL,
  PRIMARY KEY (`id`)
) ENGINE=InnoDB DEFAULT CHARSET=utf8mb4 COLLATE=utf8mb4_unicode_ci;

--
-- Dumping data for table `admin_notifications`
--


--
-- Table structure for table `audit_histories`
--

CREATE TABLE `audit_histories` (
  `id` int unsigned NOT NULL AUTO_INCREMENT,
  `user_id` int unsigned NOT NULL,
  `module` varchar(60) CHARACTER SET utf8mb4 COLLATE utf8mb4_unicode_ci NOT NULL,
  `request` text CHARACTER SET utf8mb4 COLLATE utf8mb4_unicode_ci,
  `action` varchar(120) CHARACTER SET utf8mb4 COLLATE utf8mb4_unicode_ci NOT NULL,
  `user_agent` text CHARACTER SET utf8mb4 COLLATE utf8mb4_unicode_ci,
  `ip_address` varchar(39) CHARACTER SET utf8mb4 COLLATE utf8mb4_unicode_ci DEFAULT NULL,
  `reference_user` int unsigned NOT NULL,
  `reference_id` int unsigned NOT NULL,
  `reference_name` varchar(255) CHARACTER SET utf8mb4 COLLATE utf8mb4_unicode_ci NOT NULL,
  `type` varchar(20) CHARACTER SET utf8mb4 COLLATE utf8mb4_unicode_ci NOT NULL,
  `created_at` timestamp NULL DEFAULT NULL,
  `updated_at` timestamp NULL DEFAULT NULL,
  PRIMARY KEY (`id`),
  KEY `audit_histories_user_id_index` (`user_id`),
  KEY `audit_histories_module_index` (`module`)
) ENGINE=InnoDB AUTO_INCREMENT=4 DEFAULT CHARSET=utf8mb4 COLLATE=utf8mb4_unicode_ci;

--
-- Dumping data for table `audit_histories`
--

INSERT INTO `audit_histories` VALUES (2,1,'language','{\"lang_id\":\"0\",\"lang_name\":\"Ti\\u1ebfng Vi\\u1ec7t\",\"lang_locale\":\"vi\",\"lang_code\":\"vi\",\"lang_flag\":\"vn\",\"lang_order\":\"0\",\"lang_is_rtl\":\"0\"}','created','Mozilla/5.0 (Macintosh; Intel Mac OS X 10_15_7) AppleWebKit/537.36 (KHTML, like Gecko) Chrome/114.0.0.0 Safari/537.36','127.0.0.1',1,2,'','info','2023-06-23 02:53:00','2023-06-23 02:53:00'),(3,1,'language','{\"_method\":\"DELETE\"}','deleted','Mozilla/5.0 (Macintosh; Intel Mac OS X 10_15_7) AppleWebKit/537.36 (KHTML, like Gecko) Chrome/114.0.0.0 Safari/537.36','127.0.0.1',1,2,'','danger','2023-06-23 02:53:15','2023-06-23 02:53:15');

--
-- Table structure for table `careers`
--

CREATE TABLE `careers` (
  `id` int unsigned NOT NULL AUTO_INCREMENT,
  `name` varchar(120) CHARACTER SET utf8mb4 COLLATE utf8mb4_unicode_ci NOT NULL,
  `location` varchar(255) CHARACTER SET utf8mb4 COLLATE utf8mb4_unicode_ci NOT NULL,
  `salary` varchar(255) CHARACTER SET utf8mb4 COLLATE utf8mb4_unicode_ci NOT NULL,
  `content` text CHARACTER SET utf8mb4 COLLATE utf8mb4_unicode_ci NOT NULL,
  `status` varchar(60) CHARACTER SET utf8mb4 COLLATE utf8mb4_unicode_ci NOT NULL DEFAULT 'published',
  `created_at` timestamp NULL DEFAULT NULL,
  `updated_at` timestamp NULL DEFAULT NULL,
  `description` varchar(400) CHARACTER SET utf8mb4 COLLATE utf8mb4_unicode_ci DEFAULT NULL,
  PRIMARY KEY (`id`)
) ENGINE=InnoDB AUTO_INCREMENT=6 DEFAULT CHARSET=utf8mb4 COLLATE=utf8mb4_unicode_ci;

--
-- Dumping data for table `careers`
--

INSERT INTO `careers` VALUES (1,'Sales Manager (Up to 2600$)','Ho Chi Minh, Viet Nam','1300$ - 2600$','<p><span style=\"font-size:16px;\"><span style=\"font-family:Arial,Helvetica,sans-serif;\"><strong>BENEFITS FOR YOU</strong></span></span></p>\r\n\r\n<p><span style=\"font-size:14px;\"><span style=\"font-family:Arial,Helvetica,sans-serif;\">- Applicants receive a salary from 1300 USD to 2600 USD<br />\r\n- Fully enjoy the regimes according to Vietnam&#39;s Labor Law: Social insurance, health insurance, unemployment insurance<br />\r\n- Trained to improve expertise and capacity in suitable positions.</span></span></p>\r\n\r\n<p>&nbsp;</p>\r\n\r\n<p><span style=\"font-size:16px;\"><span style=\"font-family:Arial,Helvetica,sans-serif;\"><strong>JOB DESCRIPTION</strong></span></span></p>\r\n\r\n<p><span style=\"font-size:14px;\"><span style=\"font-family:Arial,Helvetica,sans-serif;\">- Coordinate with the Investment Department in organizing the collection, analysis, evaluation of market information and submitting proposals for planning the project&#39;s products and investment cooperation plans (if any);<br />\r\n- Acting as a focal point of exploitation and trading with customers, managing trading floors and distributors;<br />\r\n- Checking and approving the selection of sales units, management units for exploitation, operation and investment cooperation;<br />\r\n- Leading the negotiation and management of contracts with customers, sales units, management of exploitation, operation and investment cooperation;<br />\r\n- Prepare and submit a price approval for the sale, lease, and cooperation prices of all real estate projects;<br />\r\n- Develop sales plans, sales policies, support and promotions;<br />\r\n- Coordinate with member companies (Project Management Board) to collect and hand over product records (technical documents, red books, sales contracts ...) to hand over customers;<br />\r\n- Deploy customer support activities;</span></span></p>\r\n\r\n<p>&nbsp;</p>\r\n\r\n<p><span style=\"font-size:16px;\"><span style=\"font-family:Arial,Helvetica,sans-serif;\"><strong>JOB REQUIREMENTS</strong></span></span></p>\r\n\r\n<p><span style=\"font-size:14px;\"><span style=\"font-family:Arial,Helvetica,sans-serif;\">- Preferred age: 30-35<br />\r\n- University degree in Business Administration, Economics, or related industries.<br />\r\n- Over 03 years of experience in assuming the position of Real Estate Business City<br />\r\n- Priority with a certificate of real estate broker, certificate of real estate trading floor management<br />\r\n- Good planning, operating, and control skills<br />\r\n- Good communication, negotiation and problem-solving skills</span></span></p>','published','2019-11-30 19:43:10','2019-11-30 19:46:53',NULL),(3,'Senior Real Estate Consultant Demo','Ho Chi Minh, Viet Nam','From 1500$','<p><span style=\"font-size:16px;\"><span style=\"font-family:Arial,Helvetica,sans-serif;\"><strong>BENEFITS FOR YOU</strong></span></span></p>\r\n\r\n<p><span style=\"font-size:14px;\"><span style=\"font-family:Arial,Helvetica,sans-serif;\">- Basic salary 500$&nbsp;/ month.<br />\r\n- Access to diverse sources of goods and opportunities from reputable investors.<br />\r\n- Retrospective salary policy up to 2400$-7000$&nbsp;/ year.<br />\r\n- Commission of 22-50% and a commission 1000$ / successful transaction in the month.<br />\r\n- Effective bonus 0.6-3% of annual revenue.<br />\r\n- A place to build your personal brand in a standard and different way.<br />\r\n- Attend seminars on real estate every 6 months.<br />\r\n- Participate in the course on negotiation skills (Win - Win), language of sales (Language of Sales), customer mind marketing (SOI), customer conversion from social networks (Go Social)<br />\r\n- Unlimited promotion opportunities.<br />\r\n- Working with professional space and modern open office design.<br />\r\n- Welfare policy, domestic and foreign tourism ...<br />\r\n- Decentralized, democratic, financial transparency, considering brokerage is a business partner.<br />\r\n- Environmentally friendly, is the place where brokers are connected with regular activities</span></span></p>\r\n\r\n<p>&nbsp;</p>\r\n\r\n<p><span style=\"font-size:16px;\"><span style=\"font-family:Arial,Helvetica,sans-serif;\"><strong>JOB DESCRIPTION</strong></span></span></p>\r\n\r\n<p><span style=\"font-size:14px;\"><span style=\"font-family:Arial,Helvetica,sans-serif;\">- Quantity: 30 employees<br />\r\n- Find and exploit potential customers for real estate products valued from 2000 USD / m2 in the high-end and luxury segment;<br />\r\n- Deploying activities to find customers, coordinate with teams to realize sales targets<br />\r\n- Advise customers on information related to products and projects of the Company;</span></span></p>\r\n\r\n<p>&nbsp;</p>\r\n\r\n<p><span style=\"font-size:16px;\"><span style=\"font-family:Arial,Helvetica,sans-serif;\"><strong>JOB REQUIREMENTS</strong></span></span></p>\r\n\r\n<p><span style=\"font-size:14px;\"><span style=\"font-family:Arial,Helvetica,sans-serif;\">- Graduating from college or higher<br />\r\n- Good appearance, male height from 1.68m, female from 1.58m. Age from 22-35 years old<br />\r\n- Priority to candidates who know foreign languages ​​and have 1 year or more experience in the field of real estate, banking and finance.<br />\r\n- Have financial goals, work and life.<br />\r\n- Desire to achieve big goals.<br />\r\n- Diligent, persistent, honest.</span></span></p>','published','2019-11-30 19:52:42','2021-01-03 17:26:17',NULL);

--
-- Table structure for table `careers_translations`
--

CREATE TABLE `careers_translations` (
  `lang_code` varchar(191) CHARACTER SET utf8mb4 COLLATE utf8mb4_unicode_ci NOT NULL,
  `careers_id` int NOT NULL,
  `name` varchar(255) CHARACTER SET utf8mb4 COLLATE utf8mb4_unicode_ci DEFAULT NULL,
  `location` varchar(255) CHARACTER SET utf8mb4 COLLATE utf8mb4_unicode_ci DEFAULT NULL,
  `salary` varchar(255) CHARACTER SET utf8mb4 COLLATE utf8mb4_unicode_ci DEFAULT NULL,
  `description` longtext CHARACTER SET utf8mb4 COLLATE utf8mb4_unicode_ci,
  `content` longtext CHARACTER SET utf8mb4 COLLATE utf8mb4_unicode_ci,
  PRIMARY KEY (`lang_code`,`careers_id`)
) ENGINE=InnoDB DEFAULT CHARSET=utf8mb4 COLLATE=utf8mb4_unicode_ci;

--
-- Dumping data for table `careers_translations`
--


--
-- Table structure for table `categories`
--

CREATE TABLE `categories` (
  `id` int unsigned NOT NULL AUTO_INCREMENT,
  `name` varchar(120) CHARACTER SET utf8mb4 COLLATE utf8mb4_unicode_ci NOT NULL,
  `parent_id` int unsigned NOT NULL DEFAULT '0',
  `description` varchar(400) CHARACTER SET utf8mb4 COLLATE utf8mb4_unicode_ci DEFAULT NULL,
  `status` varchar(60) CHARACTER SET utf8mb4 COLLATE utf8mb4_unicode_ci NOT NULL DEFAULT 'published',
  `author_id` bigint unsigned DEFAULT NULL,
  `author_type` varchar(255) CHARACTER SET utf8mb4 COLLATE utf8mb4_unicode_ci NOT NULL DEFAULT 'Botble\\ACL\\Models\\User',
  `icon` varchar(60) CHARACTER SET utf8mb4 COLLATE utf8mb4_unicode_ci DEFAULT NULL,
  `order` tinyint NOT NULL DEFAULT '0',
  `is_featured` tinyint NOT NULL DEFAULT '0',
  `is_default` tinyint unsigned NOT NULL DEFAULT '0',
  `created_at` timestamp NULL DEFAULT NULL,
  `updated_at` timestamp NULL DEFAULT NULL,
  PRIMARY KEY (`id`),
  KEY `categories_parent_id_status_created_at_index` (`parent_id`,`status`,`created_at`)
) ENGINE=InnoDB AUTO_INCREMENT=9 DEFAULT CHARSET=utf8mb4 COLLATE=utf8mb4_unicode_ci;

--
-- Dumping data for table `categories`
--

INSERT INTO `categories` VALUES (1,'News',0,NULL,'published',1,'Botble\\ACL\\Models\\User',NULL,0,0,1,'2019-11-18 02:33:35','2019-11-18 02:33:35'),(2,'House architecture',0,NULL,'published',1,'Botble\\ACL\\Models\\User',NULL,0,0,0,'2019-11-21 07:49:25','2019-11-21 07:49:25'),(3,'Kiến trúc nhà',0,NULL,'published',1,'Botble\\ACL\\Models\\User',NULL,0,0,0,'2019-11-21 07:49:35','2019-11-21 07:49:35'),(4,'House design',0,NULL,'published',1,'Botble\\ACL\\Models\\User',NULL,0,0,0,'2019-11-21 07:50:02','2019-11-21 07:50:02'),(5,'Thiết kế nhà',0,NULL,'published',1,'Botble\\ACL\\Models\\User',NULL,0,0,0,'2019-11-21 07:50:17','2019-11-21 07:50:17'),(6,'Building materials',0,NULL,'published',1,'Botble\\ACL\\Models\\User',NULL,0,0,0,'2019-11-21 07:50:36','2019-11-21 07:50:36'),(7,'Vật liệu xây dựng',0,NULL,'published',1,'Botble\\ACL\\Models\\User',NULL,0,0,0,'2019-11-21 07:50:58','2019-11-21 07:50:58'),(8,'Tin tức',0,NULL,'published',1,'Botble\\ACL\\Models\\User',NULL,0,0,1,'2019-11-22 01:26:08','2019-11-22 01:26:08');

--
-- Table structure for table `categories_translations`
--

CREATE TABLE `categories_translations` (
  `lang_code` varchar(191) CHARACTER SET utf8mb4 COLLATE utf8mb4_unicode_ci NOT NULL,
  `categories_id` int NOT NULL,
  `name` varchar(255) CHARACTER SET utf8mb4 COLLATE utf8mb4_unicode_ci DEFAULT NULL,
  `description` varchar(400) CHARACTER SET utf8mb4 COLLATE utf8mb4_unicode_ci DEFAULT NULL,
  PRIMARY KEY (`lang_code`,`categories_id`)
) ENGINE=InnoDB DEFAULT CHARSET=utf8mb4 COLLATE=utf8mb4_unicode_ci;

--
-- Dumping data for table `categories_translations`
--


--
-- Table structure for table `cities`
--

CREATE TABLE `cities` (
  `id` int unsigned NOT NULL AUTO_INCREMENT,
  `name` varchar(120) CHARACTER SET utf8mb4 COLLATE utf8mb4_unicode_ci NOT NULL,
  `state_id` bigint unsigned DEFAULT NULL,
  `country_id` int unsigned NOT NULL,
  `order` tinyint NOT NULL DEFAULT '0',
  `is_default` tinyint unsigned NOT NULL DEFAULT '0',
  `image` varchar(255) CHARACTER SET utf8mb4 COLLATE utf8mb4_unicode_ci DEFAULT NULL,
  `status` varchar(60) CHARACTER SET utf8mb4 COLLATE utf8mb4_unicode_ci NOT NULL DEFAULT 'published',
  `created_at` timestamp NULL DEFAULT NULL,
  `updated_at` timestamp NULL DEFAULT NULL,
  `slug` varchar(120) CHARACTER SET utf8mb4 COLLATE utf8mb4_unicode_ci DEFAULT NULL,
  `record_id` varchar(40) CHARACTER SET utf8mb4 COLLATE utf8mb4_unicode_ci DEFAULT NULL,
  PRIMARY KEY (`id`),
  UNIQUE KEY `cities_slug_unique` (`slug`)
) ENGINE=InnoDB AUTO_INCREMENT=6 DEFAULT CHARSET=utf8mb4 COLLATE=utf8mb4_unicode_ci;

--
-- Dumping data for table `cities`
--

INSERT INTO `cities` VALUES (1,'Alhambra',1,1,0,0,'cities/los-angeles-winter-2016.jpg','published','2019-11-18 08:18:42','2019-12-03 05:55:52','alhambra',NULL),(2,'Oakland',1,1,0,0,'cities/oaklandnightskylineandlakemerritt.jpg','published','2019-11-18 08:23:14','2019-12-03 05:55:52','oakland',NULL),(3,'Bakersfield',1,1,0,0,'cities/2009-0726-ca-bakersfield-truxtontower.jpg','published','2019-11-18 08:26:54','2019-12-03 05:55:52','bakersfield',NULL),(4,'Anaheim',1,1,0,0,'cities/castillo-de-disneyland.jpg','published','2019-11-18 08:27:57','2019-12-03 05:55:52','anaheim',NULL),(5,'San Francisco',1,1,0,0,'cities/goldengatebridge-001.jpg','published','2019-11-18 08:29:18','2019-12-03 05:55:52','san-francisco',NULL);

--
-- Table structure for table `cities_translations`
--

CREATE TABLE `cities_translations` (
  `lang_code` varchar(191) CHARACTER SET utf8mb4 COLLATE utf8mb4_unicode_ci NOT NULL,
  `cities_id` int NOT NULL,
  `name` varchar(120) CHARACTER SET utf8mb4 COLLATE utf8mb4_unicode_ci DEFAULT NULL,
  `slug` varchar(120) CHARACTER SET utf8mb4 COLLATE utf8mb4_unicode_ci DEFAULT NULL,
  PRIMARY KEY (`lang_code`,`cities_id`)
) ENGINE=InnoDB DEFAULT CHARSET=utf8mb4 COLLATE=utf8mb4_unicode_ci;

--
-- Dumping data for table `cities_translations`
--


--
-- Table structure for table `contact_replies`
--

CREATE TABLE `contact_replies` (
  `id` int unsigned NOT NULL AUTO_INCREMENT,
  `message` text CHARACTER SET utf8mb4 COLLATE utf8mb4_unicode_ci NOT NULL,
  `contact_id` int NOT NULL,
  `created_at` timestamp NULL DEFAULT NULL,
  `updated_at` timestamp NULL DEFAULT NULL,
  PRIMARY KEY (`id`)
) ENGINE=InnoDB DEFAULT CHARSET=utf8mb4 COLLATE=utf8mb4_unicode_ci;

--
-- Dumping data for table `contact_replies`
--


--
-- Table structure for table `contacts`
--

CREATE TABLE `contacts` (
  `id` int unsigned NOT NULL AUTO_INCREMENT,
  `name` varchar(60) CHARACTER SET utf8mb4 COLLATE utf8mb4_unicode_ci NOT NULL,
  `email` varchar(60) CHARACTER SET utf8mb4 COLLATE utf8mb4_unicode_ci NOT NULL,
  `phone` varchar(60) CHARACTER SET utf8mb4 COLLATE utf8mb4_unicode_ci DEFAULT NULL,
  `address` varchar(120) CHARACTER SET utf8mb4 COLLATE utf8mb4_unicode_ci DEFAULT NULL,
  `subject` varchar(120) CHARACTER SET utf8mb4 COLLATE utf8mb4_unicode_ci DEFAULT NULL,
  `content` text CHARACTER SET utf8mb4 COLLATE utf8mb4_unicode_ci NOT NULL,
  `status` varchar(60) CHARACTER SET utf8mb4 COLLATE utf8mb4_unicode_ci NOT NULL DEFAULT 'unread',
  `created_at` timestamp NULL DEFAULT NULL,
  `updated_at` timestamp NULL DEFAULT NULL,
  PRIMARY KEY (`id`)
) ENGINE=InnoDB DEFAULT CHARSET=utf8mb4 COLLATE=utf8mb4_unicode_ci;

--
-- Dumping data for table `contacts`
--


--
-- Table structure for table `countries`
--

CREATE TABLE `countries` (
  `id` int unsigned NOT NULL AUTO_INCREMENT,
  `name` varchar(120) CHARACTER SET utf8mb4 COLLATE utf8mb4_unicode_ci NOT NULL,
  `nationality` varchar(120) CHARACTER SET utf8mb4 COLLATE utf8mb4_unicode_ci DEFAULT NULL,
  `order` tinyint NOT NULL DEFAULT '0',
  `is_default` tinyint unsigned NOT NULL DEFAULT '0',
  `status` varchar(60) CHARACTER SET utf8mb4 COLLATE utf8mb4_unicode_ci NOT NULL DEFAULT 'published',
  `created_at` timestamp NULL DEFAULT NULL,
  `updated_at` timestamp NULL DEFAULT NULL,
  `code` varchar(10) CHARACTER SET utf8mb4 COLLATE utf8mb4_unicode_ci DEFAULT NULL,
  PRIMARY KEY (`id`)
) ENGINE=InnoDB AUTO_INCREMENT=2 DEFAULT CHARSET=utf8mb4 COLLATE=utf8mb4_unicode_ci;

--
-- Dumping data for table `countries`
--

INSERT INTO `countries` VALUES (1,'United States','United States of America',0,0,'published','2019-11-18 08:17:29','2019-11-18 08:17:29',NULL);

--
-- Table structure for table `countries_translations`
--

CREATE TABLE `countries_translations` (
  `lang_code` varchar(191) CHARACTER SET utf8mb4 COLLATE utf8mb4_unicode_ci NOT NULL,
  `countries_id` int NOT NULL,
  `name` varchar(120) CHARACTER SET utf8mb4 COLLATE utf8mb4_unicode_ci DEFAULT NULL,
  `nationality` varchar(120) CHARACTER SET utf8mb4 COLLATE utf8mb4_unicode_ci DEFAULT NULL,
  PRIMARY KEY (`lang_code`,`countries_id`)
) ENGINE=InnoDB DEFAULT CHARSET=utf8mb4 COLLATE=utf8mb4_unicode_ci;

--
-- Dumping data for table `countries_translations`
--


--
-- Table structure for table `dashboard_widget_settings`
--

CREATE TABLE `dashboard_widget_settings` (
  `id` int unsigned NOT NULL AUTO_INCREMENT,
  `settings` text CHARACTER SET utf8mb4 COLLATE utf8mb4_unicode_ci,
  `user_id` int unsigned NOT NULL,
  `widget_id` int unsigned NOT NULL,
  `order` tinyint unsigned NOT NULL DEFAULT '0',
  `status` tinyint unsigned NOT NULL DEFAULT '1',
  `created_at` timestamp NULL DEFAULT NULL,
  `updated_at` timestamp NULL DEFAULT NULL,
  PRIMARY KEY (`id`),
  KEY `dashboard_widget_settings_user_id_index` (`user_id`),
  KEY `dashboard_widget_settings_widget_id_index` (`widget_id`)
) ENGINE=InnoDB AUTO_INCREMENT=7 DEFAULT CHARSET=utf8mb4 COLLATE=utf8mb4_unicode_ci;

--
-- Dumping data for table `dashboard_widget_settings`
--

INSERT INTO `dashboard_widget_settings` VALUES (1,NULL,1,7,0,1,'2019-11-26 02:40:58','2019-11-26 02:40:58'),(2,NULL,1,5,1,1,'2019-11-26 02:40:58','2019-11-26 02:40:58'),(3,NULL,1,6,2,1,'2019-11-26 02:40:58','2019-11-26 02:40:58'),(4,NULL,1,8,3,1,'2019-11-26 02:40:58','2019-11-26 02:40:58'),(5,NULL,1,9,4,1,'2019-11-26 02:40:58','2019-11-26 02:40:58'),(6,NULL,1,10,5,1,'2019-11-26 02:40:58','2019-11-26 02:40:58');

--
-- Table structure for table `dashboard_widgets`
--

CREATE TABLE `dashboard_widgets` (
  `id` int unsigned NOT NULL AUTO_INCREMENT,
  `name` varchar(120) CHARACTER SET utf8mb4 COLLATE utf8mb4_unicode_ci NOT NULL,
  `created_at` timestamp NULL DEFAULT NULL,
  `updated_at` timestamp NULL DEFAULT NULL,
  PRIMARY KEY (`id`)
) ENGINE=InnoDB AUTO_INCREMENT=15 DEFAULT CHARSET=utf8mb4 COLLATE=utf8mb4_unicode_ci;

--
-- Dumping data for table `dashboard_widgets`
--

INSERT INTO `dashboard_widgets` VALUES (1,'widget_total_pages','2019-11-15 04:57:40','2019-11-15 04:57:40'),(2,'widget_total_users','2019-11-15 04:57:40','2019-11-15 04:57:40'),(3,'widget_total_plugins','2019-11-15 04:57:40','2019-11-15 04:57:40'),(4,'widget_total_themes','2019-11-15 04:57:40','2019-11-15 04:57:40'),(5,'widget_audit_logs','2019-11-15 18:54:50','2019-11-15 18:54:50'),(6,'widget_posts_recent','2019-11-15 18:54:50','2019-11-15 18:54:50'),(7,'widget_analytics_general','2019-11-15 18:54:50','2019-11-15 18:54:50'),(8,'widget_analytics_page','2019-11-15 18:54:50','2019-11-15 18:54:50'),(9,'widget_analytics_browser','2019-11-15 18:54:50','2019-11-15 18:54:50'),(10,'widget_analytics_referrer','2019-11-15 18:54:50','2019-11-15 18:54:50'),(11,'widget_total_1','2022-11-05 23:58:22','2022-11-05 23:58:22'),(12,'widget_total_2','2022-11-05 23:58:22','2022-11-05 23:58:22'),(13,'widget_total_3','2022-11-05 23:58:22','2022-11-05 23:58:22'),(14,'widget_total_4','2022-11-05 23:58:22','2022-11-05 23:58:22');

--
-- Table structure for table `failed_jobs`
--

CREATE TABLE `failed_jobs` (
  `id` bigint unsigned NOT NULL AUTO_INCREMENT,
  `connection` text CHARACTER SET utf8mb4 COLLATE utf8mb4_unicode_ci NOT NULL,
  `queue` text CHARACTER SET utf8mb4 COLLATE utf8mb4_unicode_ci NOT NULL,
  `payload` longtext CHARACTER SET utf8mb4 COLLATE utf8mb4_unicode_ci NOT NULL,
  `exception` longtext CHARACTER SET utf8mb4 COLLATE utf8mb4_unicode_ci NOT NULL,
  `failed_at` timestamp NOT NULL DEFAULT CURRENT_TIMESTAMP,
  PRIMARY KEY (`id`)
) ENGINE=InnoDB DEFAULT CHARSET=utf8mb4 COLLATE=utf8mb4_unicode_ci;

--
-- Dumping data for table `failed_jobs`
--


--
-- Table structure for table `jobs`
--

CREATE TABLE `jobs` (
  `id` bigint unsigned NOT NULL AUTO_INCREMENT,
  `queue` varchar(191) CHARACTER SET utf8mb4 COLLATE utf8mb4_unicode_ci NOT NULL,
  `payload` longtext CHARACTER SET utf8mb4 COLLATE utf8mb4_unicode_ci NOT NULL,
  `attempts` tinyint unsigned NOT NULL,
  `reserved_at` int unsigned DEFAULT NULL,
  `available_at` int unsigned NOT NULL,
  `created_at` int unsigned NOT NULL,
  PRIMARY KEY (`id`),
  KEY `jobs_queue_index` (`queue`)
) ENGINE=InnoDB DEFAULT CHARSET=utf8mb4 COLLATE=utf8mb4_unicode_ci;

--
-- Dumping data for table `jobs`
--


--
-- Table structure for table `language_meta`
--

CREATE TABLE `language_meta` (
  `lang_meta_id` int unsigned NOT NULL AUTO_INCREMENT,
  `reference_id` int unsigned NOT NULL,
  `lang_meta_code` varchar(20) CHARACTER SET utf8mb4 COLLATE utf8mb4_unicode_ci DEFAULT NULL,
  `reference_type` varchar(120) CHARACTER SET utf8mb4 COLLATE utf8mb4_unicode_ci NOT NULL,
  `lang_meta_origin` varchar(32) CHARACTER SET utf8mb4 COLLATE utf8mb4_unicode_ci NOT NULL,
  PRIMARY KEY (`lang_meta_id`),
  KEY `language_meta_lang_meta_content_id_index` (`reference_id`),
  KEY `meta_code_index` (`lang_meta_code`),
  KEY `meta_origin_index` (`lang_meta_origin`),
  KEY `meta_reference_type_index` (`reference_type`)
) ENGINE=InnoDB AUTO_INCREMENT=6 DEFAULT CHARSET=utf8mb4 COLLATE=utf8mb4_unicode_ci;

--
-- Dumping data for table `language_meta`
--

INSERT INTO `language_meta` VALUES (1,1,'en_US','Botble\\Menu\\Models\\MenuLocation','6392327c9d91ee33fdb3bab1ee43e626'),(2,1,'en_US','Botble\\Menu\\Models\\Menu','020c46616b6afaa86839219757ae3300'),(3,2,'en_US','Botble\\Menu\\Models\\Menu','fdeacc15e50d339840f0a8946c56cb8e'),(4,3,'en_US','Botble\\Menu\\Models\\Menu','ea45bc90b0382307baad03a776988e7e'),(5,4,'en_US','Botble\\Menu\\Models\\Menu','5ae63966fdeefba07cc73c83cdf9e349');

--
-- Table structure for table `languages`
--

CREATE TABLE `languages` (
  `lang_id` int unsigned NOT NULL AUTO_INCREMENT,
  `lang_name` varchar(120) CHARACTER SET utf8mb4 COLLATE utf8mb4_unicode_ci NOT NULL,
  `lang_locale` varchar(20) CHARACTER SET utf8mb4 COLLATE utf8mb4_unicode_ci NOT NULL,
  `lang_code` varchar(20) CHARACTER SET utf8mb4 COLLATE utf8mb4_unicode_ci NOT NULL,
  `lang_flag` varchar(20) CHARACTER SET utf8mb4 COLLATE utf8mb4_unicode_ci DEFAULT NULL,
  `lang_is_default` tinyint unsigned NOT NULL DEFAULT '0',
  `lang_order` int NOT NULL DEFAULT '0',
  `lang_is_rtl` tinyint unsigned NOT NULL DEFAULT '0',
  PRIMARY KEY (`lang_id`),
  KEY `lang_locale_index` (`lang_locale`),
  KEY `lang_code_index` (`lang_code`),
  KEY `lang_is_default_index` (`lang_is_default`)
) ENGINE=InnoDB AUTO_INCREMENT=2 DEFAULT CHARSET=utf8mb4 COLLATE=utf8mb4_unicode_ci;

--
-- Dumping data for table `languages`
--

INSERT INTO `languages` VALUES (1,'English','en','en_US','us',1,0,0);

--
-- Table structure for table `media_files`
--

CREATE TABLE `media_files` (
  `id` int unsigned NOT NULL AUTO_INCREMENT,
  `user_id` int unsigned NOT NULL,
  `name` varchar(255) CHARACTER SET utf8mb4 COLLATE utf8mb4_unicode_ci NOT NULL,
  `alt` varchar(191) CHARACTER SET utf8mb4 COLLATE utf8mb4_unicode_ci DEFAULT NULL,
  `folder_id` int unsigned NOT NULL DEFAULT '0',
  `mime_type` varchar(120) CHARACTER SET utf8mb4 COLLATE utf8mb4_unicode_ci NOT NULL,
  `size` int NOT NULL,
  `url` varchar(255) CHARACTER SET utf8mb4 COLLATE utf8mb4_unicode_ci NOT NULL,
  `options` text CHARACTER SET utf8mb4 COLLATE utf8mb4_unicode_ci,
  `created_at` timestamp NULL DEFAULT NULL,
  `updated_at` timestamp NULL DEFAULT NULL,
  `deleted_at` timestamp NULL DEFAULT NULL,
  PRIMARY KEY (`id`),
  KEY `media_files_user_id_index` (`user_id`),
  KEY `media_files_folder_id_user_id_created_at_index` (`folder_id`,`user_id`,`created_at`)
) ENGINE=InnoDB AUTO_INCREMENT=24091 DEFAULT CHARSET=utf8mb4 COLLATE=utf8mb4_unicode_ci;

--
-- Dumping data for table `media_files`
--

INSERT INTO `media_files` VALUES (22702,0,'avatar','avatar',1129,'image/jpeg',151486,'users/avatar.jpg','[]','2023-10-25 00:12:49','2023-10-25 00:12:49',NULL),(23919,0,'1','1',1180,'image/jpeg',9730,'accounts/1.jpg','[]','2023-11-19 23:02:00','2023-11-19 23:02:00',NULL),(23920,0,'10','10',1180,'image/jpeg',9730,'accounts/10.jpg','[]','2023-11-19 23:02:00','2023-11-19 23:02:00',NULL),(23921,0,'2','2',1180,'image/jpeg',9730,'accounts/2.jpg','[]','2023-11-19 23:02:00','2023-11-19 23:02:00',NULL),(23922,0,'3','3',1180,'image/jpeg',9730,'accounts/3.jpg','[]','2023-11-19 23:02:00','2023-11-19 23:02:00',NULL),(23923,0,'4','4',1180,'image/jpeg',9730,'accounts/4.jpg','[]','2023-11-19 23:02:00','2023-11-19 23:02:00',NULL),(23924,0,'5','5',1180,'image/jpeg',9730,'accounts/5.jpg','[]','2023-11-19 23:02:00','2023-11-19 23:02:00',NULL),(23925,0,'6','6',1180,'image/jpeg',9730,'accounts/6.jpg','[]','2023-11-19 23:02:00','2023-11-19 23:02:00',NULL),(23926,0,'7','7',1180,'image/jpeg',9730,'accounts/7.jpg','[]','2023-11-19 23:02:00','2023-11-19 23:02:00',NULL),(23927,0,'8','8',1180,'image/jpeg',9730,'accounts/8.jpg','[]','2023-11-19 23:02:00','2023-11-19 23:02:00',NULL),(23928,0,'9','9',1180,'image/jpeg',9730,'accounts/9.jpg','[]','2023-11-19 23:02:00','2023-11-19 23:02:00',NULL),(23931,0,'asset-3-at-3x','asset-3-at-3x',1181,'image/png',76833,'general/asset-3-at-3x.png','[]','2023-11-19 23:02:04','2023-11-19 23:02:04',NULL),(23932,0,'asset-4-at-3x','asset-4-at-3x',1181,'image/png',84067,'general/asset-4-at-3x.png','[]','2023-11-19 23:02:04','2023-11-19 23:02:04',NULL),(23933,0,'breadcrumb-background','breadcrumb-background',1181,'image/jpeg',504692,'general/breadcrumb-background.jpg','[]','2023-11-19 23:02:04','2023-11-19 23:02:04',NULL),(23934,0,'copyright','copyright',1181,'image/jpeg',128544,'general/copyright.jpg','[]','2023-11-19 23:02:04','2023-11-19 23:02:04',NULL),(23935,0,'home-banner','home-banner',1181,'image/jpeg',892011,'general/home-banner.jpg','[]','2023-11-19 23:02:04','2023-11-19 23:02:04',NULL),(23936,0,'termsconditions-pagedesktop','termsconditions-pagedesktop',1181,'image/jpeg',185151,'general/termsconditions-pagedesktop.jpg','[]','2023-11-19 23:02:05','2023-11-19 23:02:05',NULL),(23937,0,'video-vi-pham-ban-quyen-bi-youtube-thang-tay-trung-tri','video-vi-pham-ban-quyen-bi-youtube-thang-tay-trung-tri',1181,'image/jpeg',63143,'general/video-vi-pham-ban-quyen-bi-youtube-thang-tay-trung-tri.jpg','[]','2023-11-19 23:02:05','2023-11-19 23:02:05',NULL),(23938,0,'vietnam-office-4','vietnam-office-4',1181,'image/jpeg',214366,'general/vietnam-office-4.jpg','[]','2023-11-19 23:02:05','2023-11-19 23:02:05',NULL),(23939,0,'1','1',1182,'image/jpeg',66997,'news/1.jpg','[]','2023-11-19 23:02:05','2023-11-19 23:02:05',NULL),(23940,0,'10','10',1182,'image/jpeg',66858,'news/10.jpg','[]','2023-11-19 23:02:05','2023-11-19 23:02:05',NULL),(23941,0,'11','11',1182,'image/jpeg',86492,'news/11.jpg','[]','2023-11-19 23:02:05','2023-11-19 23:02:05',NULL),(23942,0,'12','12',1182,'image/jpeg',91376,'news/12.jpg','[]','2023-11-19 23:02:05','2023-11-19 23:02:05',NULL),(23943,0,'13','13',1182,'image/jpeg',82991,'news/13.jpg','[]','2023-11-19 23:02:05','2023-11-19 23:02:05',NULL),(23944,0,'14','14',1182,'image/jpeg',66997,'news/14.jpg','[]','2023-11-19 23:02:05','2023-11-19 23:02:05',NULL),(23945,0,'15','15',1182,'image/jpeg',111450,'news/15.jpg','[]','2023-11-19 23:02:05','2023-11-19 23:02:05',NULL),(23946,0,'16','16',1182,'image/jpeg',464807,'news/16.jpg','[]','2023-11-19 23:02:05','2023-11-19 23:02:05',NULL),(23947,0,'2','2',1182,'image/jpeg',51884,'news/2.jpg','[]','2023-11-19 23:02:05','2023-11-19 23:02:05',NULL),(23948,0,'3','3',1182,'image/jpeg',132835,'news/3.jpg','[]','2023-11-19 23:02:05','2023-11-19 23:02:05',NULL),(23949,0,'4','4',1182,'image/jpeg',948302,'news/4.jpg','[]','2023-11-19 23:02:05','2023-11-19 23:02:05',NULL),(23950,0,'5','5',1182,'image/jpeg',66858,'news/5.jpg','[]','2023-11-19 23:02:05','2023-11-19 23:02:05',NULL),(23951,0,'6','6',1182,'image/jpeg',328317,'news/6.jpg','[]','2023-11-19 23:02:05','2023-11-19 23:02:05',NULL),(23952,0,'7','7',1182,'image/jpeg',249538,'news/7.jpg','[]','2023-11-19 23:02:05','2023-11-19 23:02:05',NULL),(23953,0,'8','8',1182,'image/jpeg',147871,'news/8.jpg','[]','2023-11-19 23:02:05','2023-11-19 23:02:05',NULL),(23954,0,'9','9',1182,'image/jpeg',194815,'news/9.jpg','[]','2023-11-19 23:02:05','2023-11-19 23:02:05',NULL),(23955,0,'1','1',1183,'image/jpeg',9730,'projects/1.jpg','[]','2023-11-19 23:02:06','2023-11-19 23:02:06',NULL),(23956,0,'11','11',1183,'image/jpeg',9730,'projects/11.jpg','[]','2023-11-19 23:02:06','2023-11-19 23:02:06',NULL),(23957,0,'12','12',1183,'image/jpeg',9730,'projects/12.jpg','[]','2023-11-19 23:02:06','2023-11-19 23:02:06',NULL),(23958,0,'13','13',1183,'image/jpeg',9730,'projects/13.jpg','[]','2023-11-19 23:02:06','2023-11-19 23:02:06',NULL),(23959,0,'14','14',1183,'image/jpeg',9730,'projects/14.jpg','[]','2023-11-19 23:02:06','2023-11-19 23:02:06',NULL),(23960,0,'2','2',1183,'image/jpeg',9730,'projects/2.jpg','[]','2023-11-19 23:02:06','2023-11-19 23:02:06',NULL),(23961,0,'21','21',1183,'image/jpeg',9730,'projects/21.jpg','[]','2023-11-19 23:02:06','2023-11-19 23:02:06',NULL),(23962,0,'22','22',1183,'image/jpeg',9730,'projects/22.jpg','[]','2023-11-19 23:02:06','2023-11-19 23:02:06',NULL),(23963,0,'23','23',1183,'image/jpeg',9730,'projects/23.jpg','[]','2023-11-19 23:02:06','2023-11-19 23:02:06',NULL),(23964,0,'24','24',1183,'image/jpeg',9730,'projects/24.jpg','[]','2023-11-19 23:02:06','2023-11-19 23:02:06',NULL),(23965,0,'25','25',1183,'image/jpeg',9730,'projects/25.jpg','[]','2023-11-19 23:02:06','2023-11-19 23:02:06',NULL),(23966,0,'26','26',1183,'image/jpeg',9730,'projects/26.jpg','[]','2023-11-19 23:02:06','2023-11-19 23:02:06',NULL),(23967,0,'3','3',1183,'image/jpeg',9730,'projects/3.jpg','[]','2023-11-19 23:02:06','2023-11-19 23:02:06',NULL),(23968,0,'5','5',1183,'image/jpeg',9730,'projects/5.jpg','[]','2023-11-19 23:02:06','2023-11-19 23:02:06',NULL),(23969,0,'1-1','1-1',1184,'image/jpeg',9730,'properties/1-1.jpg','[]','2023-11-19 23:02:06','2023-11-19 23:02:06',NULL),(23970,0,'1-2','1-2',1184,'image/jpeg',9730,'properties/1-2.jpg','[]','2023-11-19 23:02:06','2023-11-19 23:02:06',NULL),(23971,0,'1-3','1-3',1184,'image/jpeg',9730,'properties/1-3.jpg','[]','2023-11-19 23:02:06','2023-11-19 23:02:06',NULL),(23972,0,'1','1',1184,'image/jpeg',9730,'properties/1.jpg','[]','2023-11-19 23:02:06','2023-11-19 23:02:06',NULL),(23973,0,'10-1','10-1',1184,'image/jpeg',9730,'properties/10-1.jpg','[]','2023-11-19 23:02:06','2023-11-19 23:02:06',NULL),(23974,0,'10','10',1184,'image/jpeg',9730,'properties/10.jpg','[]','2023-11-19 23:02:06','2023-11-19 23:02:06',NULL),(23975,0,'11-1','11-1',1184,'image/jpeg',9730,'properties/11-1.jpg','[]','2023-11-19 23:02:06','2023-11-19 23:02:06',NULL),(23976,0,'11','11',1184,'image/jpeg',9730,'properties/11.jpg','[]','2023-11-19 23:02:06','2023-11-19 23:02:06',NULL),(23977,0,'12','12',1184,'image/jpeg',9730,'properties/12.jpg','[]','2023-11-19 23:02:06','2023-11-19 23:02:06',NULL),(23978,0,'13','13',1184,'image/jpeg',9730,'properties/13.jpg','[]','2023-11-19 23:02:06','2023-11-19 23:02:06',NULL),(23979,0,'14','14',1184,'image/jpeg',9730,'properties/14.jpg','[]','2023-11-19 23:02:06','2023-11-19 23:02:06',NULL),(23980,0,'15','15',1184,'image/jpeg',9730,'properties/15.jpg','[]','2023-11-19 23:02:06','2023-11-19 23:02:06',NULL),(23981,0,'2-1','2-1',1184,'image/jpeg',9730,'properties/2-1.jpg','[]','2023-11-19 23:02:06','2023-11-19 23:02:06',NULL),(23982,0,'2-2','2-2',1184,'image/jpeg',9730,'properties/2-2.jpg','[]','2023-11-19 23:02:06','2023-11-19 23:02:06',NULL),(23983,0,'2-3','2-3',1184,'image/jpeg',9730,'properties/2-3.jpg','[]','2023-11-19 23:02:06','2023-11-19 23:02:06',NULL),(23984,0,'2','2',1184,'image/jpeg',9730,'properties/2.jpg','[]','2023-11-19 23:02:06','2023-11-19 23:02:06',NULL),(23985,0,'21','21',1184,'image/jpeg',9730,'properties/21.jpg','[]','2023-11-19 23:02:06','2023-11-19 23:02:06',NULL),(23986,0,'22-1','22-1',1184,'image/jpeg',9730,'properties/22-1.jpg','[]','2023-11-19 23:02:06','2023-11-19 23:02:06',NULL),(23987,0,'22','22',1184,'image/jpeg',9730,'properties/22.jpg','[]','2023-11-19 23:02:06','2023-11-19 23:02:06',NULL),(23988,0,'23','23',1184,'image/jpeg',9730,'properties/23.jpg','[]','2023-11-19 23:02:07','2023-11-19 23:02:07',NULL),(23989,0,'24-1','24-1',1184,'image/jpeg',9730,'properties/24-1.jpg','[]','2023-11-19 23:02:07','2023-11-19 23:02:07',NULL),(23990,0,'24','24',1184,'image/jpeg',9730,'properties/24.jpg','[]','2023-11-19 23:02:07','2023-11-19 23:02:07',NULL),(23991,0,'3-1','3-1',1184,'image/jpeg',9730,'properties/3-1.jpg','[]','2023-11-19 23:02:07','2023-11-19 23:02:07',NULL),(23992,0,'3-2','3-2',1184,'image/jpeg',9730,'properties/3-2.jpg','[]','2023-11-19 23:02:07','2023-11-19 23:02:07',NULL),(23993,0,'3-3','3-3',1184,'image/jpeg',9730,'properties/3-3.jpg','[]','2023-11-19 23:02:07','2023-11-19 23:02:07',NULL),(23994,0,'3','3',1184,'image/jpeg',9730,'properties/3.jpg','[]','2023-11-19 23:02:07','2023-11-19 23:02:07',NULL),(23995,0,'31','31',1184,'image/jpeg',9730,'properties/31.jpg','[]','2023-11-19 23:02:07','2023-11-19 23:02:07',NULL),(23996,0,'311','311',1184,'image/jpeg',9730,'properties/311.jpg','[]','2023-11-19 23:02:07','2023-11-19 23:02:07',NULL),(23997,0,'32','32',1184,'image/jpeg',9730,'properties/32.jpg','[]','2023-11-19 23:02:07','2023-11-19 23:02:07',NULL),(23998,0,'32223-43914-378','32223-43914-378',1184,'image/jpeg',9730,'properties/32223-43914-378.jpg','[]','2023-11-19 23:02:07','2023-11-19 23:02:07',NULL),(23999,0,'33','33',1184,'image/jpeg',9730,'properties/33.jpg','[]','2023-11-19 23:02:07','2023-11-19 23:02:07',NULL),(24000,0,'34','34',1184,'image/jpeg',9730,'properties/34.jpg','[]','2023-11-19 23:02:07','2023-11-19 23:02:07',NULL),(24001,0,'35','35',1184,'image/jpeg',9730,'properties/35.jpg','[]','2023-11-19 23:02:07','2023-11-19 23:02:07',NULL),(24002,0,'4-1','4-1',1184,'image/jpeg',9730,'properties/4-1.jpg','[]','2023-11-19 23:02:07','2023-11-19 23:02:07',NULL),(24003,0,'4-2','4-2',1184,'image/jpeg',9730,'properties/4-2.jpg','[]','2023-11-19 23:02:07','2023-11-19 23:02:07',NULL),(24004,0,'4','4',1184,'image/jpeg',9730,'properties/4.jpg','[]','2023-11-19 23:02:07','2023-11-19 23:02:07',NULL),(24005,0,'411','411',1184,'image/jpeg',9730,'properties/411.jpg','[]','2023-11-19 23:02:07','2023-11-19 23:02:07',NULL),(24006,0,'42','42',1184,'image/jpeg',9730,'properties/42.jpg','[]','2023-11-19 23:02:07','2023-11-19 23:02:07',NULL),(24007,0,'421834935dbc9ef3aaa42','421834935dbc9ef3aaa42',1184,'image/jpeg',9730,'properties/421834935dbc9ef3aaa42.jpg','[]','2023-11-19 23:02:07','2023-11-19 23:02:07',NULL),(24008,0,'43','43',1184,'image/jpeg',9730,'properties/43.jpg','[]','2023-11-19 23:02:07','2023-11-19 23:02:07',NULL),(24009,0,'44','44',1184,'image/jpeg',9730,'properties/44.jpg','[]','2023-11-19 23:02:07','2023-11-19 23:02:07',NULL),(24010,0,'5-1','5-1',1184,'image/jpeg',9730,'properties/5-1.jpg','[]','2023-11-19 23:02:07','2023-11-19 23:02:07',NULL),(24011,0,'5-2','5-2',1184,'image/jpeg',9730,'properties/5-2.jpg','[]','2023-11-19 23:02:07','2023-11-19 23:02:07',NULL),(24012,0,'5','5',1184,'image/jpeg',9730,'properties/5.jpg','[]','2023-11-19 23:02:07','2023-11-19 23:02:07',NULL),(24013,0,'6-1','6-1',1184,'image/jpeg',9730,'properties/6-1.jpg','[]','2023-11-19 23:02:07','2023-11-19 23:02:07',NULL),(24014,0,'6-2','6-2',1184,'image/jpeg',9730,'properties/6-2.jpg','[]','2023-11-19 23:02:07','2023-11-19 23:02:07',NULL),(24015,0,'6','6',1184,'image/jpeg',9730,'properties/6.jpg','[]','2023-11-19 23:02:07','2023-11-19 23:02:07',NULL),(24016,0,'7-1','7-1',1184,'image/jpeg',9730,'properties/7-1.jpg','[]','2023-11-19 23:02:07','2023-11-19 23:02:07',NULL),(24017,0,'7-2','7-2',1184,'image/jpeg',9730,'properties/7-2.jpg','[]','2023-11-19 23:02:07','2023-11-19 23:02:07',NULL),(24018,0,'7','7',1184,'image/jpeg',9730,'properties/7.jpg','[]','2023-11-19 23:02:07','2023-11-19 23:02:07',NULL),(24019,0,'71','71',1184,'image/jpeg',9730,'properties/71.jpg','[]','2023-11-19 23:02:07','2023-11-19 23:02:07',NULL),(24020,0,'72','72',1184,'image/jpeg',9730,'properties/72.jpg','[]','2023-11-19 23:02:07','2023-11-19 23:02:07',NULL),(24021,0,'73','73',1184,'image/jpeg',9730,'properties/73.jpg','[]','2023-11-19 23:02:07','2023-11-19 23:02:07',NULL),(24022,0,'74','74',1184,'image/jpeg',9730,'properties/74.jpg','[]','2023-11-19 23:02:07','2023-11-19 23:02:07',NULL),(24023,0,'75','75',1184,'image/jpeg',9730,'properties/75.jpg','[]','2023-11-19 23:02:07','2023-11-19 23:02:07',NULL),(24024,0,'78','78',1184,'image/jpeg',9730,'properties/78.jpg','[]','2023-11-19 23:02:07','2023-11-19 23:02:07',NULL),(24025,0,'79','79',1184,'image/jpeg',9730,'properties/79.jpg','[]','2023-11-19 23:02:07','2023-11-19 23:02:07',NULL),(24026,0,'8-1','8-1',1184,'image/jpeg',9730,'properties/8-1.jpg','[]','2023-11-19 23:02:08','2023-11-19 23:02:08',NULL),(24027,0,'8-2','8-2',1184,'image/jpeg',9730,'properties/8-2.jpg','[]','2023-11-19 23:02:08','2023-11-19 23:02:08',NULL),(24028,0,'8','8',1184,'image/jpeg',9730,'properties/8.jpg','[]','2023-11-19 23:02:08','2023-11-19 23:02:08',NULL),(24029,0,'9-1','9-1',1184,'image/jpeg',9730,'properties/9-1.jpg','[]','2023-11-19 23:02:08','2023-11-19 23:02:08',NULL),(24030,0,'9','9',1184,'image/jpeg',9730,'properties/9.jpg','[]','2023-11-19 23:02:08','2023-11-19 23:02:08',NULL),(24031,0,'a1-1','a1-1',1184,'image/jpeg',9730,'properties/a1-1.jpg','[]','2023-11-19 23:02:08','2023-11-19 23:02:08',NULL),(24032,0,'a1-2','a1-2',1184,'image/jpeg',9730,'properties/a1-2.jpg','[]','2023-11-19 23:02:08','2023-11-19 23:02:08',NULL),(24033,0,'a1','a1',1184,'image/jpeg',9730,'properties/a1.jpg','[]','2023-11-19 23:02:08','2023-11-19 23:02:08',NULL),(24034,0,'a10','a10',1184,'image/jpeg',9730,'properties/a10.jpg','[]','2023-11-19 23:02:08','2023-11-19 23:02:08',NULL),(24035,0,'a2-1','a2-1',1184,'image/jpeg',9730,'properties/a2-1.jpg','[]','2023-11-19 23:02:08','2023-11-19 23:02:08',NULL),(24036,0,'a2-2','a2-2',1184,'image/jpeg',9730,'properties/a2-2.jpg','[]','2023-11-19 23:02:08','2023-11-19 23:02:08',NULL),(24037,0,'a2','a2',1184,'image/jpeg',9730,'properties/a2.jpg','[]','2023-11-19 23:02:08','2023-11-19 23:02:08',NULL),(24038,0,'a3-1','a3-1',1184,'image/jpeg',9730,'properties/a3-1.jpg','[]','2023-11-19 23:02:08','2023-11-19 23:02:08',NULL),(24039,0,'a3-2','a3-2',1184,'image/jpeg',9730,'properties/a3-2.jpg','[]','2023-11-19 23:02:08','2023-11-19 23:02:08',NULL),(24040,0,'a3','a3',1184,'image/jpeg',9730,'properties/a3.jpg','[]','2023-11-19 23:02:08','2023-11-19 23:02:08',NULL),(24041,0,'a4-1','a4-1',1184,'image/jpeg',9730,'properties/a4-1.jpg','[]','2023-11-19 23:02:08','2023-11-19 23:02:08',NULL),(24042,0,'a4-2','a4-2',1184,'image/jpeg',9730,'properties/a4-2.jpg','[]','2023-11-19 23:02:08','2023-11-19 23:02:08',NULL),(24043,0,'a4','a4',1184,'image/jpeg',9730,'properties/a4.jpg','[]','2023-11-19 23:02:08','2023-11-19 23:02:08',NULL),(24044,0,'a5-1','a5-1',1184,'image/jpeg',9730,'properties/a5-1.jpg','[]','2023-11-19 23:02:08','2023-11-19 23:02:08',NULL),(24045,0,'a5','a5',1184,'image/jpeg',9730,'properties/a5.jpg','[]','2023-11-19 23:02:08','2023-11-19 23:02:08',NULL),(24046,0,'a6-1','a6-1',1184,'image/jpeg',9730,'properties/a6-1.jpg','[]','2023-11-19 23:02:08','2023-11-19 23:02:08',NULL),(24047,0,'a6','a6',1184,'image/jpeg',9730,'properties/a6.jpg','[]','2023-11-19 23:02:08','2023-11-19 23:02:08',NULL),(24048,0,'a7','a7',1184,'image/jpeg',9730,'properties/a7.jpg','[]','2023-11-19 23:02:08','2023-11-19 23:02:08',NULL),(24049,0,'a8','a8',1184,'image/jpeg',9730,'properties/a8.jpg','[]','2023-11-19 23:02:08','2023-11-19 23:02:08',NULL),(24050,0,'a9','a9',1184,'image/jpeg',9730,'properties/a9.jpg','[]','2023-11-19 23:02:08','2023-11-19 23:02:08',NULL),(24051,0,'b1','b1',1184,'image/jpeg',9730,'properties/b1.jpg','[]','2023-11-19 23:02:08','2023-11-19 23:02:08',NULL),(24052,0,'b2','b2',1184,'image/jpeg',9730,'properties/b2.jpg','[]','2023-11-19 23:02:08','2023-11-19 23:02:08',NULL),(24053,0,'b3','b3',1184,'image/jpeg',9730,'properties/b3.jpg','[]','2023-11-19 23:02:08','2023-11-19 23:02:08',NULL),(24054,0,'b4-1','b4-1',1184,'image/jpeg',9730,'properties/b4-1.jpg','[]','2023-11-19 23:02:08','2023-11-19 23:02:08',NULL),(24055,0,'b4','b4',1184,'image/jpeg',9730,'properties/b4.jpg','[]','2023-11-19 23:02:08','2023-11-19 23:02:08',NULL),(24056,0,'b5-1','b5-1',1184,'image/jpeg',9730,'properties/b5-1.jpg','[]','2023-11-19 23:02:08','2023-11-19 23:02:08',NULL),(24057,0,'b5','b5',1184,'image/jpeg',9730,'properties/b5.jpg','[]','2023-11-19 23:02:08','2023-11-19 23:02:08',NULL),(24058,0,'b6','b6',1184,'image/jpeg',9730,'properties/b6.jpg','[]','2023-11-19 23:02:08','2023-11-19 23:02:08',NULL),(24059,0,'download','download',1184,'image/jpeg',9730,'properties/download.jpg','[]','2023-11-19 23:02:08','2023-11-19 23:02:08',NULL),(24060,0,'e1','e1',1184,'image/jpeg',9730,'properties/e1.jpg','[]','2023-11-19 23:02:08','2023-11-19 23:02:08',NULL),(24061,0,'e2','e2',1184,'image/jpeg',9730,'properties/e2.jpg','[]','2023-11-19 23:02:08','2023-11-19 23:02:08',NULL),(24062,0,'e3','e3',1184,'image/jpeg',9730,'properties/e3.jpg','[]','2023-11-19 23:02:08','2023-11-19 23:02:08',NULL),(24063,0,'e4','e4',1184,'image/jpeg',9730,'properties/e4.jpg','[]','2023-11-19 23:02:08','2023-11-19 23:02:08',NULL),(24064,0,'e5','e5',1184,'image/jpeg',9730,'properties/e5.jpg','[]','2023-11-19 23:02:08','2023-11-19 23:02:08',NULL),(24065,0,'e7','e7',1184,'image/jpeg',9730,'properties/e7.jpg','[]','2023-11-19 23:02:08','2023-11-19 23:02:08',NULL),(24066,0,'e8','e8',1184,'image/jpeg',9730,'properties/e8.jpg','[]','2023-11-19 23:02:08','2023-11-19 23:02:08',NULL),(24067,0,'p1','p1',1184,'image/jpeg',9730,'properties/p1.jpg','[]','2023-11-19 23:02:09','2023-11-19 23:02:09',NULL),(24068,0,'p2','p2',1184,'image/jpeg',9730,'properties/p2.jpg','[]','2023-11-19 23:02:09','2023-11-19 23:02:09',NULL),(24069,0,'property-video-thumb','property-video-thumb',1184,'image/jpeg',9730,'properties/property-video-thumb.jpg','[]','2023-11-19 23:02:09','2023-11-19 23:02:09',NULL),(24070,0,'q1','q1',1184,'image/jpeg',9730,'properties/q1.jpg','[]','2023-11-19 23:02:09','2023-11-19 23:02:09',NULL),(24071,0,'q2','q2',1184,'image/jpeg',9730,'properties/q2.jpg','[]','2023-11-19 23:02:09','2023-11-19 23:02:09',NULL),(24072,0,'q3','q3',1184,'image/jpeg',9730,'properties/q3.jpg','[]','2023-11-19 23:02:09','2023-11-19 23:02:09',NULL),(24073,0,'q6','q6',1184,'image/jpeg',9730,'properties/q6.jpg','[]','2023-11-19 23:02:09','2023-11-19 23:02:09',NULL),(24074,0,'q7','q7',1184,'image/jpeg',9730,'properties/q7.jpg','[]','2023-11-19 23:02:09','2023-11-19 23:02:09',NULL),(24075,0,'q8','q8',1184,'image/jpeg',9730,'properties/q8.jpg','[]','2023-11-19 23:02:09','2023-11-19 23:02:09',NULL),(24076,0,'t1','t1',1184,'image/jpeg',9730,'properties/t1.jpg','[]','2023-11-19 23:02:09','2023-11-19 23:02:09',NULL),(24077,0,'t2','t2',1184,'image/jpeg',9730,'properties/t2.jpg','[]','2023-11-19 23:02:09','2023-11-19 23:02:09',NULL),(24078,0,'t3','t3',1184,'image/jpeg',9730,'properties/t3.jpg','[]','2023-11-19 23:02:09','2023-11-19 23:02:09',NULL),(24079,0,'t4','t4',1184,'image/jpeg',9730,'properties/t4.jpg','[]','2023-11-19 23:02:09','2023-11-19 23:02:09',NULL),(24080,0,'t5','t5',1184,'image/jpeg',9730,'properties/t5.jpg','[]','2023-11-19 23:02:09','2023-11-19 23:02:09',NULL),(24081,0,'wp1a','wp1a',1184,'image/jpeg',9730,'properties/wp1a.jpg','[]','2023-11-19 23:02:09','2023-11-19 23:02:09',NULL),(24082,0,'banner','banner',1,'image/jpeg',17651,'banner/banner.jpg','[]','2023-11-19 23:02:09','2023-11-19 23:02:09',NULL),(24083,0,'2009-0726-ca-bakersfield-truxtontower','2009-0726-ca-bakersfield-truxtontower',1185,'image/jpeg',9730,'cities/2009-0726-ca-bakersfield-truxtontower.jpg','[]','2023-11-19 23:02:09','2023-11-19 23:02:09',NULL),(24084,0,'castillo-de-disneyland','castillo-de-disneyland',1185,'image/jpeg',9730,'cities/castillo-de-disneyland.jpg','[]','2023-11-19 23:02:09','2023-11-19 23:02:09',NULL),(24085,0,'goldengatebridge-001','goldengatebridge-001',1185,'image/jpeg',9730,'cities/goldengatebridge-001.jpg','[]','2023-11-19 23:02:09','2023-11-19 23:02:09',NULL),(24086,0,'los-angeles-winter-2016','los-angeles-winter-2016',1185,'image/jpeg',9730,'cities/los-angeles-winter-2016.jpg','[]','2023-11-19 23:02:09','2023-11-19 23:02:09',NULL),(24087,0,'oaklandnightskylineandlakemerritt','oaklandnightskylineandlakemerritt',1185,'image/jpeg',9730,'cities/oaklandnightskylineandlakemerritt.jpg','[]','2023-11-19 23:02:09','2023-11-19 23:02:09',NULL),(24088,0,'favicon','favicon',1186,'image/png',3110,'logo/favicon.png','[]','2023-11-19 23:02:09','2023-11-19 23:02:09',NULL),(24089,0,'logo-white','logo-white',1186,'image/png',18120,'logo/logo-white.png','[]','2023-11-19 23:02:09','2023-11-19 23:02:09',NULL),(24090,0,'logo','logo',1186,'image/png',23910,'logo/logo.png','[]','2023-11-19 23:02:09','2023-11-19 23:02:09',NULL);

--
-- Table structure for table `media_folders`
--

CREATE TABLE `media_folders` (
  `id` int unsigned NOT NULL AUTO_INCREMENT,
  `user_id` int unsigned NOT NULL,
  `name` varchar(255) CHARACTER SET utf8mb4 COLLATE utf8mb4_unicode_ci DEFAULT NULL,
  `slug` varchar(255) CHARACTER SET utf8mb4 COLLATE utf8mb4_unicode_ci DEFAULT NULL,
  `parent_id` int NOT NULL DEFAULT '0',
  `created_at` timestamp NULL DEFAULT NULL,
  `updated_at` timestamp NULL DEFAULT NULL,
  `deleted_at` timestamp NULL DEFAULT NULL,
  PRIMARY KEY (`id`),
  KEY `media_folders_user_id_index` (`user_id`),
  KEY `media_folders_parent_id_user_id_created_at_index` (`parent_id`,`user_id`,`created_at`)
) ENGINE=InnoDB AUTO_INCREMENT=1187 DEFAULT CHARSET=utf8mb4 COLLATE=utf8mb4_unicode_ci;

--
-- Dumping data for table `media_folders`
--

INSERT INTO `media_folders` VALUES (1,1,'Banners','banner',0,'2019-11-16 02:00:43','2019-11-16 02:00:50',NULL),(1129,0,'users','users',0,'2023-10-25 00:12:49','2023-10-25 00:12:49',NULL),(1180,0,'accounts','accounts',0,'2023-11-19 23:02:00','2023-11-19 23:02:00',NULL),(1181,0,'general','general',0,'2023-11-19 23:02:04','2023-11-19 23:02:04',NULL),(1182,0,'news','news',0,'2023-11-19 23:02:05','2023-11-19 23:02:05',NULL),(1183,0,'projects','projects',0,'2023-11-19 23:02:06','2023-11-19 23:02:06',NULL),(1184,0,'properties','properties',0,'2023-11-19 23:02:06','2023-11-19 23:02:06',NULL),(1185,0,'cities','cities',0,'2023-11-19 23:02:09','2023-11-19 23:02:09',NULL),(1186,0,'logo','logo',0,'2023-11-19 23:02:09','2023-11-19 23:02:09',NULL);

--
-- Table structure for table `media_settings`
--

CREATE TABLE `media_settings` (
  `id` int unsigned NOT NULL AUTO_INCREMENT,
  `key` varchar(120) CHARACTER SET utf8mb4 COLLATE utf8mb4_unicode_ci NOT NULL,
  `value` text CHARACTER SET utf8mb4 COLLATE utf8mb4_unicode_ci,
  `media_id` int DEFAULT NULL,
  `user_id` int DEFAULT NULL,
  `created_at` timestamp NULL DEFAULT NULL,
  `updated_at` timestamp NULL DEFAULT NULL,
  PRIMARY KEY (`id`)
) ENGINE=InnoDB DEFAULT CHARSET=utf8mb4 COLLATE=utf8mb4_unicode_ci;

--
-- Dumping data for table `media_settings`
--


--
-- Table structure for table `menu_locations`
--

CREATE TABLE `menu_locations` (
  `id` int unsigned NOT NULL AUTO_INCREMENT,
  `menu_id` int unsigned NOT NULL,
  `location` varchar(120) CHARACTER SET utf8mb4 COLLATE utf8mb4_unicode_ci NOT NULL,
  `created_at` timestamp NULL DEFAULT NULL,
  `updated_at` timestamp NULL DEFAULT NULL,
  PRIMARY KEY (`id`),
  KEY `menu_locations_menu_id_created_at_index` (`menu_id`,`created_at`)
) ENGINE=InnoDB AUTO_INCREMENT=2 DEFAULT CHARSET=utf8mb4 COLLATE=utf8mb4_unicode_ci;

--
-- Dumping data for table `menu_locations`
--

INSERT INTO `menu_locations` VALUES (1,1,'main-menu','2023-11-19 23:02:04','2023-11-19 23:02:04');

--
-- Table structure for table `menu_nodes`
--

CREATE TABLE `menu_nodes` (
  `id` int unsigned NOT NULL AUTO_INCREMENT,
  `menu_id` int unsigned NOT NULL,
  `parent_id` int unsigned NOT NULL DEFAULT '0',
  `reference_id` int unsigned DEFAULT '0',
  `reference_type` varchar(255) CHARACTER SET utf8mb4 COLLATE utf8mb4_unicode_ci DEFAULT NULL,
  `url` varchar(120) CHARACTER SET utf8mb4 COLLATE utf8mb4_unicode_ci DEFAULT NULL,
  `icon_font` varchar(50) CHARACTER SET utf8mb4 COLLATE utf8mb4_unicode_ci DEFAULT NULL,
  `position` tinyint unsigned NOT NULL DEFAULT '0',
  `title` varchar(120) CHARACTER SET utf8mb4 COLLATE utf8mb4_unicode_ci DEFAULT NULL,
  `css_class` varchar(120) CHARACTER SET utf8mb4 COLLATE utf8mb4_unicode_ci DEFAULT NULL,
  `target` varchar(20) CHARACTER SET utf8mb4 COLLATE utf8mb4_unicode_ci NOT NULL DEFAULT '_self',
  `has_child` tinyint unsigned NOT NULL DEFAULT '0',
  `created_at` timestamp NULL DEFAULT NULL,
  `updated_at` timestamp NULL DEFAULT NULL,
  PRIMARY KEY (`id`),
  KEY `menu_nodes_menu_id_index` (`menu_id`),
  KEY `menu_nodes_parent_id_index` (`parent_id`),
  KEY `menu_nodes_related_id_index` (`reference_id`),
  KEY `menu_nodes_index` (`parent_id`,`reference_id`,`reference_type`,`has_child`,`created_at`)
) ENGINE=InnoDB AUTO_INCREMENT=19 DEFAULT CHARSET=utf8mb4 COLLATE=utf8mb4_unicode_ci;

--
-- Dumping data for table `menu_nodes`
--

INSERT INTO `menu_nodes` VALUES (1,1,0,0,NULL,'/projects',NULL,0,'Projects',NULL,'_self',0,'2023-11-19 23:02:04','2023-11-19 23:02:04'),(2,1,0,0,NULL,'/properties',NULL,0,'Properties',NULL,'_self',0,'2023-11-19 23:02:04','2023-11-19 23:02:04'),(3,1,0,0,NULL,'/agents',NULL,0,'Agents',NULL,'_self',0,'2023-11-19 23:02:04','2023-11-19 23:02:04'),(4,1,0,2,'Botble\\Page\\Models\\Page','/news',NULL,0,'News',NULL,'_self',0,'2023-11-19 23:02:04','2023-11-19 23:02:04'),(5,1,0,0,NULL,'/careers',NULL,0,'Careers',NULL,'_self',0,'2023-11-19 23:02:04','2023-11-19 23:02:04'),(6,1,0,4,'Botble\\Page\\Models\\Page','/contact',NULL,0,'Contact',NULL,'_self',0,'2023-11-19 23:02:04','2023-11-19 23:02:04'),(7,2,0,3,'Botble\\Page\\Models\\Page','/about-us',NULL,0,'About us',NULL,'_self',0,'2023-11-19 23:02:04','2023-11-19 23:02:04'),(8,2,0,4,'Botble\\Page\\Models\\Page','/contact',NULL,0,'Contact us',NULL,'_self',0,'2023-11-19 23:02:04','2023-11-19 23:02:04'),(9,2,0,0,NULL,'/careers',NULL,0,'Careers',NULL,'_self',0,'2023-11-19 23:02:04','2023-11-19 23:02:04'),(10,2,0,5,'Botble\\Page\\Models\\Page','/terms-conditions',NULL,0,'Terms & Conditions',NULL,'_self',0,'2023-11-19 23:02:04','2023-11-19 23:02:04'),(11,3,0,0,NULL,'/projects',NULL,0,'All projects',NULL,'_self',0,'2023-11-19 23:02:04','2023-11-19 23:02:04'),(12,3,0,0,NULL,'/properties',NULL,0,'All properties',NULL,'_self',0,'2023-11-19 23:02:04','2023-11-19 23:02:04'),(13,3,0,0,NULL,'/properties?type=sale',NULL,0,'Houses for sale',NULL,'_self',0,'2023-11-19 23:02:04','2023-11-19 23:02:04'),(14,3,0,0,NULL,'/properties?type=rent',NULL,0,'Houses for rent',NULL,'_self',0,'2023-11-19 23:02:04','2023-11-19 23:02:04'),(15,4,0,2,'Botble\\Page\\Models\\Page','/news',NULL,0,'Latest news',NULL,'_self',0,'2023-11-19 23:02:04','2023-11-19 23:02:04'),(16,4,0,2,'Botble\\Blog\\Models\\Category','/news/house-architecture',NULL,0,'House architecture',NULL,'_self',0,'2023-11-19 23:02:04','2023-11-19 23:02:04'),(17,4,0,4,'Botble\\Blog\\Models\\Category','/news/house-design',NULL,0,'House design',NULL,'_self',0,'2023-11-19 23:02:04','2023-11-19 23:02:04'),(18,4,0,6,'Botble\\Blog\\Models\\Category','/news/building-materials',NULL,0,'Building materials',NULL,'_self',0,'2023-11-19 23:02:04','2023-11-19 23:02:04');

--
-- Table structure for table `menus`
--

CREATE TABLE `menus` (
  `id` int unsigned NOT NULL AUTO_INCREMENT,
  `name` varchar(120) CHARACTER SET utf8mb4 COLLATE utf8mb4_unicode_ci NOT NULL,
  `slug` varchar(120) CHARACTER SET utf8mb4 COLLATE utf8mb4_unicode_ci DEFAULT NULL,
  `status` varchar(60) CHARACTER SET utf8mb4 COLLATE utf8mb4_unicode_ci NOT NULL DEFAULT 'published',
  `created_at` timestamp NULL DEFAULT NULL,
  `updated_at` timestamp NULL DEFAULT NULL,
  PRIMARY KEY (`id`),
  UNIQUE KEY `menus_slug_unique` (`slug`)
) ENGINE=InnoDB AUTO_INCREMENT=5 DEFAULT CHARSET=utf8mb4 COLLATE=utf8mb4_unicode_ci;

--
-- Dumping data for table `menus`
--

INSERT INTO `menus` VALUES (1,'Main menu','main-menu','published','2023-11-19 23:02:04','2023-11-19 23:02:04'),(2,'About','about','published','2023-11-19 23:02:04','2023-11-19 23:02:04'),(3,'More information','more-information','published','2023-11-19 23:02:04','2023-11-19 23:02:04'),(4,'News','news','published','2023-11-19 23:02:04','2023-11-19 23:02:04');

--
-- Table structure for table `meta_boxes`
--

CREATE TABLE `meta_boxes` (
  `id` int unsigned NOT NULL AUTO_INCREMENT,
  `reference_id` int unsigned NOT NULL,
  `meta_key` varchar(255) CHARACTER SET utf8mb4 COLLATE utf8mb4_unicode_ci NOT NULL,
  `meta_value` text CHARACTER SET utf8mb4 COLLATE utf8mb4_unicode_ci,
  `reference_type` varchar(120) CHARACTER SET utf8mb4 COLLATE utf8mb4_unicode_ci NOT NULL,
  `created_at` timestamp NULL DEFAULT NULL,
  `updated_at` timestamp NULL DEFAULT NULL,
  PRIMARY KEY (`id`),
  KEY `meta_boxes_content_id_index` (`reference_id`)
) ENGINE=InnoDB AUTO_INCREMENT=104 DEFAULT CHARSET=utf8mb4 COLLATE=utf8mb4_unicode_ci;

--
-- Dumping data for table `meta_boxes`
--

INSERT INTO `meta_boxes` VALUES (1,1,'seo_meta','[{\"seo_title\":null,\"seo_description\":null}]','Botble\\RealEstate\\Models\\Property','2019-11-17 20:34:59','2019-11-17 20:34:59'),(2,2,'seo_meta','[{\"seo_title\":null,\"seo_description\":null}]','Botble\\RealEstate\\Models\\Property','2019-11-17 20:53:34','2019-11-17 20:53:34'),(3,3,'seo_meta','[{\"seo_title\":null,\"seo_description\":null}]','Botble\\RealEstate\\Models\\Property','2019-11-17 21:09:55','2019-11-17 21:09:55'),(4,4,'seo_meta','[{\"seo_title\":null,\"seo_description\":null}]','Botble\\RealEstate\\Models\\Property','2019-11-17 21:18:11','2019-11-17 21:18:11'),(5,1,'seo_meta','[{\"seo_title\":null,\"seo_description\":null}]','Botble\\RealEstate\\Models\\PropertyFeature','2019-11-17 21:40:58','2019-11-17 21:40:58'),(6,2,'seo_meta','[{\"seo_title\":null,\"seo_description\":null}]','Botble\\RealEstate\\Models\\PropertyFeature','2019-11-17 21:41:43','2019-11-17 21:41:43'),(7,1,'seo_meta','[{\"seo_title\":null,\"seo_description\":null}]','Botble\\RealEstate\\Models\\Project','2019-11-18 00:34:49','2019-11-18 00:34:49'),(8,5,'seo_meta','[{\"seo_title\":null,\"seo_description\":null}]','Botble\\RealEstate\\Models\\Property','2019-11-18 00:47:52','2019-11-18 00:47:52'),(9,6,'seo_meta','[{\"seo_title\":null,\"seo_description\":null}]','Botble\\RealEstate\\Models\\Property','2019-11-18 01:05:58','2019-11-18 01:05:58'),(10,7,'seo_meta','[{\"seo_title\":null,\"seo_description\":null}]','Botble\\RealEstate\\Models\\Property','2019-11-18 01:12:07','2019-11-18 01:12:07'),(11,2,'seo_meta','[{\"seo_title\":null,\"seo_description\":null}]','Botble\\RealEstate\\Models\\Project','2019-11-18 01:28:45','2019-11-18 01:28:45'),(12,8,'seo_meta','[{\"seo_title\":null,\"seo_description\":null}]','Botble\\RealEstate\\Models\\Property','2019-11-18 01:49:36','2019-11-18 01:49:36'),(13,9,'seo_meta','[{\"seo_title\":null,\"seo_description\":null}]','Botble\\RealEstate\\Models\\Property','2019-11-18 02:02:19','2019-11-18 02:02:19'),(14,10,'seo_meta','[{\"seo_title\":null,\"seo_description\":null}]','Botble\\RealEstate\\Models\\Property','2019-11-18 02:16:53','2019-11-18 02:16:53'),(15,11,'seo_meta','[{\"seo_title\":null,\"seo_description\":null}]','Botble\\RealEstate\\Models\\Property','2019-11-18 02:22:48','2019-11-18 02:22:48'),(16,1,'seo_meta','[{\"seo_title\":null,\"seo_description\":null}]','Botble\\Blog\\Models\\Category','2019-11-18 02:33:35','2019-11-18 02:33:35'),(17,12,'seo_meta','[{\"seo_title\":null,\"seo_description\":null}]','Botble\\RealEstate\\Models\\Property','2019-11-18 02:47:05','2019-11-18 02:47:05'),(18,1,'seo_meta','[{\"seo_title\":null,\"seo_description\":null}]','Botble\\Blog\\Models\\Post','2019-11-18 02:51:35','2019-11-18 02:51:35'),(19,1,'seo_meta','[{\"seo_title\":null,\"seo_description\":null}]','Botble\\Blog\\Models\\Tag','2019-11-18 02:51:35','2019-11-18 02:51:35'),(20,2,'seo_meta','[{\"seo_title\":null,\"seo_description\":null}]','Botble\\Blog\\Models\\Post','2019-11-18 02:55:53','2019-11-18 02:55:53'),(21,2,'seo_meta','[{\"seo_title\":null,\"seo_description\":null}]','Botble\\Blog\\Models\\Tag','2019-11-18 02:55:53','2019-11-18 02:55:53'),(22,3,'seo_meta','[{\"seo_title\":null,\"seo_description\":null}]','Botble\\Blog\\Models\\Post','2019-11-18 02:59:01','2019-11-18 02:59:01'),(23,4,'seo_meta','[{\"seo_title\":null,\"seo_description\":null}]','Botble\\Blog\\Models\\Post','2019-11-18 03:07:27','2019-11-18 03:07:27'),(24,3,'seo_meta','[{\"seo_title\":null,\"seo_description\":null}]','Botble\\Blog\\Models\\Tag','2019-11-18 03:07:27','2019-11-18 03:07:27'),(25,3,'seo_meta','[{\"seo_title\":null,\"seo_description\":null}]','Botble\\RealEstate\\Models\\Project','2019-11-18 03:30:34','2019-11-18 03:30:34'),(26,4,'seo_meta','[{\"seo_title\":null,\"seo_description\":null}]','Botble\\RealEstate\\Models\\Project','2019-11-18 03:38:13','2019-11-18 03:38:13'),(27,5,'seo_meta','[{\"seo_title\":null,\"seo_description\":null}]','Botble\\RealEstate\\Models\\Project','2019-11-18 03:45:06','2019-11-18 03:45:06'),(28,6,'seo_meta','[{\"seo_title\":null,\"seo_description\":null}]','Botble\\RealEstate\\Models\\Project','2019-11-18 03:53:20','2019-11-18 03:53:20'),(29,13,'seo_meta','[{\"seo_title\":null,\"seo_description\":null}]','Botble\\RealEstate\\Models\\Property','2019-11-18 07:23:02','2019-11-18 07:23:02'),(30,14,'seo_meta','[{\"seo_title\":null,\"seo_description\":null}]','Botble\\RealEstate\\Models\\Property','2019-11-18 07:36:29','2019-11-18 07:36:29'),(31,15,'seo_meta','[{\"seo_title\":null,\"seo_description\":null}]','Botble\\RealEstate\\Models\\Property','2019-11-18 07:44:44','2019-11-18 07:44:44'),(32,16,'seo_meta','[{\"seo_title\":null,\"seo_description\":null}]','Botble\\RealEstate\\Models\\Property','2019-11-18 07:59:14','2019-11-18 07:59:14'),(33,17,'seo_meta','[{\"seo_title\":null,\"seo_description\":null}]','Botble\\RealEstate\\Models\\Property','2019-11-18 08:13:07','2019-11-18 08:13:07'),(34,7,'seo_meta','[{\"seo_title\":null,\"seo_description\":null}]','Botble\\RealEstate\\Models\\Project','2019-11-21 01:54:36','2019-11-21 01:54:36'),(35,8,'seo_meta','[{\"seo_title\":null,\"seo_description\":null}]','Botble\\RealEstate\\Models\\Project','2019-11-21 02:28:09','2019-11-21 02:28:09'),(36,9,'seo_meta','[{\"seo_title\":null,\"seo_description\":null}]','Botble\\RealEstate\\Models\\Project','2019-11-21 02:40:25','2019-11-21 02:40:25'),(37,10,'seo_meta','[{\"seo_title\":null,\"seo_description\":null}]','Botble\\RealEstate\\Models\\Project','2019-11-21 02:58:55','2019-11-21 02:58:55'),(38,11,'seo_meta','[{\"seo_title\":null,\"seo_description\":null}]','Botble\\RealEstate\\Models\\Project','2019-11-21 03:16:25','2019-11-21 03:16:25'),(39,12,'seo_meta','[{\"seo_title\":null,\"seo_description\":null}]','Botble\\RealEstate\\Models\\Project','2019-11-21 03:25:22','2019-11-21 03:25:22'),(40,18,'seo_meta','[{\"seo_title\":null,\"seo_description\":null}]','Botble\\RealEstate\\Models\\Property','2019-11-21 05:51:54','2019-11-21 05:51:54'),(41,19,'seo_meta','[{\"seo_title\":null,\"seo_description\":null}]','Botble\\RealEstate\\Models\\Property','2019-11-21 06:03:11','2019-11-21 06:03:11'),(42,20,'seo_meta','[{\"seo_title\":null,\"seo_description\":null}]','Botble\\RealEstate\\Models\\Property','2019-11-21 06:12:15','2019-11-21 06:12:15'),(43,21,'seo_meta','[{\"seo_title\":null,\"seo_description\":null}]','Botble\\RealEstate\\Models\\Property','2019-11-21 06:26:59','2019-11-21 06:26:59'),(44,22,'seo_meta','[{\"seo_title\":null,\"seo_description\":null}]','Botble\\RealEstate\\Models\\Property','2019-11-21 06:56:50','2019-11-21 06:56:50'),(45,23,'seo_meta','[{\"seo_title\":null,\"seo_description\":null}]','Botble\\RealEstate\\Models\\Property','2019-11-21 07:18:36','2019-11-21 07:18:36'),(46,24,'seo_meta','[{\"seo_title\":null,\"seo_description\":null}]','Botble\\RealEstate\\Models\\Property','2019-11-21 07:26:48','2019-11-21 07:26:48'),(47,25,'seo_meta','[{\"seo_title\":null,\"seo_description\":null}]','Botble\\RealEstate\\Models\\Property','2019-11-21 07:34:38','2019-11-21 07:34:38'),(48,26,'seo_meta','[{\"seo_title\":null,\"seo_description\":null}]','Botble\\RealEstate\\Models\\Property','2019-11-21 07:40:46','2019-11-21 07:40:46'),(49,27,'seo_meta','[{\"seo_title\":null,\"seo_description\":null}]','Botble\\RealEstate\\Models\\Property','2019-11-21 07:45:34','2019-11-21 07:45:34'),(52,2,'seo_meta','[{\"seo_title\":null,\"seo_description\":null}]','Botble\\Blog\\Models\\Category','2019-11-21 07:49:25','2019-11-21 07:49:25'),(53,3,'seo_meta','[{\"seo_title\":null,\"seo_description\":null}]','Botble\\Blog\\Models\\Category','2019-11-21 07:49:35','2019-11-21 07:49:35'),(54,4,'seo_meta','[{\"seo_title\":null,\"seo_description\":null}]','Botble\\Blog\\Models\\Category','2019-11-21 07:50:02','2019-11-21 07:50:02'),(55,5,'seo_meta','[{\"seo_title\":null,\"seo_description\":null}]','Botble\\Blog\\Models\\Category','2019-11-21 07:50:17','2019-11-21 07:50:17'),(56,6,'seo_meta','[{\"seo_title\":null,\"seo_description\":null}]','Botble\\Blog\\Models\\Category','2019-11-21 07:50:36','2019-11-21 07:50:36'),(57,7,'seo_meta','[{\"seo_title\":null,\"seo_description\":null}]','Botble\\Blog\\Models\\Category','2019-11-21 07:50:58','2019-11-21 07:50:58'),(58,28,'seo_meta','[{\"seo_title\":null,\"seo_description\":null}]','Botble\\RealEstate\\Models\\Property','2019-11-21 19:53:17','2019-11-21 19:53:17'),(59,29,'seo_meta','[{\"seo_title\":null,\"seo_description\":null}]','Botble\\RealEstate\\Models\\Property','2019-11-21 19:59:16','2019-11-21 19:59:16'),(60,30,'seo_meta','[{\"seo_title\":null,\"seo_description\":null}]','Botble\\RealEstate\\Models\\Property','2019-11-22 00:29:01','2019-11-22 00:29:01'),(61,31,'seo_meta','[{\"seo_title\":null,\"seo_description\":null}]','Botble\\RealEstate\\Models\\Property','2019-11-22 00:42:28','2019-11-22 00:42:28'),(62,32,'seo_meta','[{\"seo_title\":null,\"seo_description\":null}]','Botble\\RealEstate\\Models\\Property','2019-11-22 00:47:18','2019-11-22 00:47:18'),(63,33,'seo_meta','[{\"seo_title\":null,\"seo_description\":null}]','Botble\\RealEstate\\Models\\Property','2019-11-22 00:57:15','2019-11-22 00:57:15'),(64,34,'seo_meta','[{\"seo_title\":null,\"seo_description\":null}]','Botble\\RealEstate\\Models\\Property','2019-11-22 01:06:09','2019-11-22 01:06:09'),(65,8,'seo_meta','[{\"seo_title\":null,\"seo_description\":null}]','Botble\\Blog\\Models\\Category','2019-11-22 01:26:08','2019-11-22 01:26:08'),(74,1,'seo_meta','[{\"seo_title\":null,\"seo_description\":null}]','Botble\\Career\\Models\\Career','2019-11-30 19:43:10','2019-11-30 19:43:10'),(75,2,'seo_meta','[{\"seo_title\":null,\"seo_description\":null}]','Botble\\Career\\Models\\Career','2019-11-30 19:49:07','2019-11-30 19:49:07'),(76,3,'seo_meta','[{\"seo_title\":null,\"seo_description\":null}]','Botble\\Career\\Models\\Career','2019-11-30 19:52:42','2019-11-30 19:52:42'),(77,4,'seo_meta','[{\"seo_title\":null,\"seo_description\":null}]','Botble\\Career\\Models\\Career','2019-11-30 19:56:50','2019-11-30 19:56:50'),(80,2,'video','[{\"thumbnail\":\"\",\"url\":\"https:\\/\\/www.youtube.com\\/watch?v=UfEiKK-iX70\"}]','Botble\\RealEstate\\Models\\Property','2021-04-29 20:46:36','2021-04-29 20:46:36'),(81,4,'video','[{\"thumbnail\":\"properties\\/property-video-thumb.jpg\",\"url\":\"https:\\/\\/www.youtube.com\\/watch?v=UfEiKK-iX70\"}]','Botble\\RealEstate\\Models\\Property','2021-04-29 20:46:36','2021-04-29 20:46:36'),(82,6,'video','[{\"thumbnail\":\"\",\"url\":\"https:\\/\\/www.youtube.com\\/watch?v=UfEiKK-iX70\"}]','Botble\\RealEstate\\Models\\Property','2021-04-29 20:46:36','2021-04-29 20:46:36'),(83,8,'video','[{\"thumbnail\":\"properties\\/property-video-thumb.jpg\",\"url\":\"https:\\/\\/www.youtube.com\\/watch?v=UfEiKK-iX70\"}]','Botble\\RealEstate\\Models\\Property','2021-04-29 20:46:36','2021-04-29 20:46:36'),(84,10,'video','[{\"thumbnail\":\"\",\"url\":\"https:\\/\\/www.youtube.com\\/watch?v=UfEiKK-iX70\"}]','Botble\\RealEstate\\Models\\Property','2021-04-29 20:46:36','2021-04-29 20:46:36'),(85,12,'video','[{\"thumbnail\":\"properties\\/property-video-thumb.jpg\",\"url\":\"https:\\/\\/www.youtube.com\\/watch?v=UfEiKK-iX70\"}]','Botble\\RealEstate\\Models\\Property','2021-04-29 20:46:36','2021-04-29 20:46:36'),(86,14,'video','[{\"thumbnail\":\"\",\"url\":\"https:\\/\\/www.youtube.com\\/watch?v=UfEiKK-iX70\"}]','Botble\\RealEstate\\Models\\Property','2021-04-29 20:46:36','2021-04-29 20:46:36'),(87,16,'video','[{\"thumbnail\":\"properties\\/property-video-thumb.jpg\",\"url\":\"https:\\/\\/www.youtube.com\\/watch?v=UfEiKK-iX70\"}]','Botble\\RealEstate\\Models\\Property','2021-04-29 20:46:36','2021-04-29 20:46:36'),(88,18,'video','[{\"thumbnail\":\"\",\"url\":\"https:\\/\\/www.youtube.com\\/watch?v=UfEiKK-iX70\"}]','Botble\\RealEstate\\Models\\Property','2021-04-29 20:46:36','2021-04-29 20:46:36'),(89,20,'video','[{\"thumbnail\":\"properties\\/property-video-thumb.jpg\",\"url\":\"https:\\/\\/www.youtube.com\\/watch?v=UfEiKK-iX70\"}]','Botble\\RealEstate\\Models\\Property','2021-04-29 20:46:36','2021-04-29 20:46:36'),(90,22,'video','[{\"thumbnail\":\"\",\"url\":\"https:\\/\\/www.youtube.com\\/watch?v=UfEiKK-iX70\"}]','Botble\\RealEstate\\Models\\Property','2021-04-29 20:46:36','2021-04-29 20:46:36'),(91,24,'video','[{\"thumbnail\":\"properties\\/property-video-thumb.jpg\",\"url\":\"https:\\/\\/www.youtube.com\\/watch?v=UfEiKK-iX70\"}]','Botble\\RealEstate\\Models\\Property','2021-04-29 20:46:36','2021-04-29 20:46:36'),(92,26,'video','[{\"thumbnail\":\"\",\"url\":\"https:\\/\\/www.youtube.com\\/watch?v=UfEiKK-iX70\"}]','Botble\\RealEstate\\Models\\Property','2021-04-29 20:46:36','2021-04-29 20:46:36'),(93,28,'video','[{\"thumbnail\":\"properties\\/property-video-thumb.jpg\",\"url\":\"https:\\/\\/www.youtube.com\\/watch?v=UfEiKK-iX70\"}]','Botble\\RealEstate\\Models\\Property','2021-04-29 20:46:36','2021-04-29 20:46:36'),(94,30,'video','[{\"thumbnail\":\"\",\"url\":\"https:\\/\\/www.youtube.com\\/watch?v=UfEiKK-iX70\"}]','Botble\\RealEstate\\Models\\Property','2021-04-29 20:46:36','2021-04-29 20:46:36'),(95,32,'video','[{\"thumbnail\":\"properties\\/property-video-thumb.jpg\",\"url\":\"https:\\/\\/www.youtube.com\\/watch?v=UfEiKK-iX70\"}]','Botble\\RealEstate\\Models\\Property','2021-04-29 20:46:36','2021-04-29 20:46:36'),(96,34,'video','[{\"thumbnail\":\"\",\"url\":\"https:\\/\\/www.youtube.com\\/watch?v=UfEiKK-iX70\"}]','Botble\\RealEstate\\Models\\Property','2021-04-29 20:46:36','2021-04-29 20:46:36'),(97,2,'video','[{\"thumbnail\":\"\",\"url\":\"https:\\/\\/www.youtube.com\\/watch?v=UfEiKK-iX70\"}]','Botble\\RealEstate\\Models\\Project','2021-04-29 20:46:36','2021-04-29 20:46:36'),(98,4,'video','[{\"thumbnail\":\"properties\\/property-video-thumb.jpg\",\"url\":\"https:\\/\\/www.youtube.com\\/watch?v=UfEiKK-iX70\"}]','Botble\\RealEstate\\Models\\Project','2021-04-29 20:46:36','2021-04-29 20:46:36'),(99,6,'video','[{\"thumbnail\":\"\",\"url\":\"https:\\/\\/www.youtube.com\\/watch?v=UfEiKK-iX70\"}]','Botble\\RealEstate\\Models\\Project','2021-04-29 20:46:36','2021-04-29 20:46:36'),(100,8,'video','[{\"thumbnail\":\"properties\\/property-video-thumb.jpg\",\"url\":\"https:\\/\\/www.youtube.com\\/watch?v=UfEiKK-iX70\"}]','Botble\\RealEstate\\Models\\Project','2021-04-29 20:46:36','2021-04-29 20:46:36'),(101,10,'video','[{\"thumbnail\":\"\",\"url\":\"https:\\/\\/www.youtube.com\\/watch?v=UfEiKK-iX70\"}]','Botble\\RealEstate\\Models\\Project','2021-04-29 20:46:36','2021-04-29 20:46:36'),(102,12,'video','[{\"thumbnail\":\"properties\\/property-video-thumb.jpg\",\"url\":\"https:\\/\\/www.youtube.com\\/watch?v=UfEiKK-iX70\"}]','Botble\\RealEstate\\Models\\Project','2021-04-29 20:46:36','2021-04-29 20:46:36'),(103,1,'subscribed_packaged_id','[2]','Botble\\Payment\\Models\\Payment','2022-12-27 20:03:55','2022-12-27 20:03:55');

--
-- Table structure for table `migrations`
--

CREATE TABLE `migrations` (
  `id` int unsigned NOT NULL AUTO_INCREMENT,
  `migration` varchar(255) CHARACTER SET utf8mb4 COLLATE utf8mb4_unicode_ci NOT NULL,
  `batch` int NOT NULL,
  PRIMARY KEY (`id`)
) ENGINE=InnoDB AUTO_INCREMENT=183 DEFAULT CHARSET=utf8mb4 COLLATE=utf8mb4_unicode_ci;

--
-- Dumping data for table `migrations`
--

INSERT INTO `migrations` VALUES (1,'2013_04_09_032329_create_base_tables',1),(2,'2013_04_09_062329_create_revisions_table',1),(3,'2014_10_12_000000_create_users_table',1),(4,'2014_10_12_100000_create_password_resets_table',1),(5,'2016_06_01_000001_create_oauth_auth_codes_table',1),(6,'2016_06_01_000002_create_oauth_access_tokens_table',1),(7,'2016_06_01_000003_create_oauth_refresh_tokens_table',1),(8,'2016_06_01_000004_create_oauth_clients_table',1),(9,'2016_06_01_000005_create_oauth_personal_access_clients_table',1),(10,'2016_06_10_230148_create_acl_tables',1),(11,'2016_06_14_230857_create_menus_table',1),(12,'2016_06_28_221418_create_pages_table',1),(13,'2016_10_05_074239_create_setting_table',1),(14,'2016_11_28_032840_create_dashboard_widget_tables',1),(15,'2016_12_16_084601_create_widgets_table',1),(16,'2017_05_09_070343_create_media_tables',1),(17,'2017_11_03_070450_create_slug_table',1),(18,'2019_07_15_042406_change_site_title_from_settings_to_theme_options',1),(19,'2019_08_13_033145_remove_unused_columns_in_users_table',1),(20,'2019_08_19_000000_create_failed_jobs_table',1),(21,'2019_09_07_030654_update_menu_nodes_table',1),(22,'2019_09_07_045041_update_slugs_table',1),(23,'2019_09_07_050405_update_slug_reference_for_page',1),(24,'2019_09_08_014859_update_meta_boxes_table',1),(25,'2019_09_08_015629_update_meta_box_data_for_page',1),(26,'2019_09_12_073711_update_media_url',1),(27,'2019_09_12_073711_update_media_url_for_current_data',1),(28,'2019_10_20_002256_remove_parent_id_in_pages_table',1),(31,'2018_06_22_032304_create_real_estate_table',2),(32,'2015_06_29_025744_create_audit_history',3),(33,'2015_06_18_033822_create_blog_table',4),(34,'2019_09_07_035526_update_menu_node_reference_type_for_category',4),(35,'2019_09_07_050058_update_slug_reference_for_blog',4),(36,'2019_09_07_155716_update_language_meta_for_blog',4),(37,'2019_09_08_015552_update_meta_box_data_for_blog',4),(38,'2019_10_20_002342_remove_parent_id_in_tags_table',4),(39,'2016_10_03_032336_create_languages_table',5),(40,'2019_09_07_154718_update_lang_meta_table',5),(42,'2016_06_17_091537_create_contacts_table',7),(43,'2015_08_15_122343_create_notes_table',8),(44,'2019_11_18_035125_add_column_type_into_re_properties_table',9),(45,'2019_11_18_035712_create_investor_table',9),(46,'2019_11_18_040153_update_real_estates_table',9),(47,'2019_11_18_041228_drop_table_re_property_categories',10),(48,'2019_11_18_082146_create_currencies_table',11),(49,'2019_11_18_061011_create_country_table',12),(50,'2019_11_18_061730_create_state_table',12),(51,'2019_11_18_062515_create_city_table',12),(52,'2019_11_19_063851_create_project_features_table',13),(53,'2019_11_21_090830_update_project_and_property_table',14),(54,'2019_11_21_130139_add_price_to_projects_table',15),(55,'2019_11_14_210650_create_consults_table',16),(56,'2019_11_26_024326_update_property_type',17),(57,'2019_06_24_211801_create_career_table',18),(58,'2019_12_03_123314_add_column_slug_into_cities_table',19),(59,'2019_12_03_124417_add_column_city_id_into_table_properties_and_projects',19),(60,'2017_05_18_080441_create_payment_tables',20),(61,'2019_12_10_140938_create_vendor_table',20),(62,'2019_12_15_025938_update_column_images_in_real_estate_tables',20),(63,'2019_12_17_064316_add_column_period_to_table_re_properties',20),(64,'2019_12_24_033049_add_column_author_into_re_properties_table',20),(65,'2019_12_24_083810_vendor_create_package_table',20),(66,'2019_12_27_004653_update_vendors_table_with_package_data',20),(68,'2020_01_08_002704_real_estate_create_type_table',21),(69,'2020_01_10_133700_change_re_types_to_re_categories',22),(70,'2016_10_07_193005_create_translations_table',23),(71,'2020_01_23_133752_update_account_tables',24),(72,'2020_02_03_144309_update_column_payment_channel',25),(73,'2020_02_06_143217_update_vendor_table',26),(74,'2020_02_11_133026_add_description_to_table_payments',27),(75,'2020_02_11_140823_create_transactions_table',27),(76,'2020_02_23_111922_fix_column_number_block_in_re_properties_table',27),(77,'2020_03_24_151004_add_moderation_status_into_properties_table',28),(78,'2020_03_25_030953_create_table_vendor_packages',29),(79,'2020_03_25_083610_add_column_expire_date_into_re_properties_table',30),(80,'2020_03_26_081108_add_column_auto_renew_to_re_properties_table',31),(81,'2020_03_16_072752_add_column_abbreviation_to_states_table',32),(82,'2020_03_28_020724_make_column_user_id_nullable_table_revisions',33),(83,'2020_03_23_093053_update_payments_table',34),(84,'2020_04_22_074304_add_column_never_expired_to_re_properties_table',35),(85,'2020_05_26_014304_add_column_provider_to_oauth_clients_table',36),(86,'2020_07_27_085437_add_icon_to_re_features',37),(90,'2020_08_21_102728_real_estate_create_facility_table',38),(91,'2020_08_22_024455_rename_table_for_accounts',39),(92,'2020_08_26_130439_add_column_username_into_table_re_accounts',40),(93,'2020_09_09_110653_update_table_careers',41),(94,'2020_09_15_111419_fix_old_data_for_re_properties',42),(95,'2020_10_05_030817_make_column_charge_id_nullable',43),(96,'2020_10_18_134416_fix_audit_logs_table',44),(97,'2020_10_24_133432_change_column_distance_to_string',45),(99,'2020_10_31_053746_add_column_description_into_re_categories_table',46),(100,'2019_01_05_053554_create_jobs_table',47),(101,'2020_12_05_112556_change_contact_page_to_a_page',48),(102,'2021_02_11_031126_update_price_column_in_projects_and_properties',49),(103,'2021_02_16_092633_remove_default_value_for_author_type',50),(104,'2021_03_08_024049_add_lat_long_into_real_estate_tables',51),(105,'2021_03_27_144913_add_customer_type_into_table_payments',52),(106,'2021_05_24_034720_make_column_currency_nullable',53),(107,'2021_06_10_091950_add_column_is_featured_to_table_re_accounts',54),(108,'2021_07_07_021757_update_table_account_activity_logs',55),(109,'2021_07_18_101839_fix_old_theme_options',56),(110,'2021_08_05_134214_fix_social_link_theme_options',57),(111,'2021_08_09_161302_add_metadata_column_to_payments_table',58),(112,'2021_09_29_042758_create_re_categories_multilevel_table',59),(113,'2021_10_19_020859_update_metadata_field',60),(114,'2021_10_31_031254_add_company_to_accounts_table',61),(115,'2021_10_25_021023_fix-priority-load-for-language-advanced',62),(116,'2021_12_03_030600_create_blog_translations',62),(117,'2021_12_03_075608_create_page_translations',62),(118,'2021_12_03_084118_create_location_translations',62),(119,'2021_12_03_094518_migrate_old_location_data',62),(120,'2021_12_04_095357_create_careers_translations_table',62),(121,'2021_12_10_034440_switch_plugin_location_to_use_language_advanced',63),(122,'2021_12_10_034807_create_real_estate_translation_tables',64),(123,'2021_12_18_081636_add_property_project_views_count',65),(124,'2022_01_16_085908_improve_plugin_location',66),(125,'2022_04_19_113923_add_index_to_table_posts',67),(126,'2022_04_20_100851_add_index_to_media_table',67),(127,'2022_04_20_101046_add_index_to_menu_table',67),(128,'2022_05_03_033044_update_column_images_in_real_estate_tables',68),(129,'2022_05_04_033044_update_column_images_in_real_estate_tables',69),(130,'2022_06_04_033634_improve_homepage_content',70),(131,'2022_06_28_151901_activate_paypal_stripe_plugin',71),(132,'2022_07_02_081723_fix_expired_date_column',71),(133,'2019_12_14_000001_create_personal_access_tokens_table',72),(134,'2022_07_07_153354_update_charge_id_in_table_payments',72),(135,'2022_07_10_034813_move_lang_folder_to_root',72),(136,'2022_08_01_090213_update_table_properties_and_projects',72),(137,'2022_08_04_051940_add_missing_column_expires_at',72),(138,'2022_08_04_052122_delete_location_backup_tables',72),(139,'2022_10_14_024629_drop_column_is_featured',73),(140,'2022_10_29_065232_increase_states_abbreviation_column',74),(141,'2022_11_06_061847_increase_state_translations_abbreviation_column',75),(142,'2022_11_06_070405_improve_homepage_search_box',75),(143,'2022_11_18_063357_add_missing_timestamp_in_table_settings',76),(144,'2022_12_02_093615_update_slug_index_columns',76),(145,'2022_09_01_000001_create_admin_notifications_tables',77),(146,'2023_01_30_024431_add_alt_to_media_table',78),(147,'2023_01_31_023233_create_re_custom_fields_table',79),(148,'2023_02_06_000000_add_location_to_re_accounts_table',79),(149,'2023_02_06_024257_add_package_translations',79),(150,'2023_02_08_062457_add_custom_fields_translation_table',80),(151,'2014_10_12_100000_create_password_reset_tokens_table',81),(152,'2023_02_15_024644_create_re_reviews_table',81),(153,'2023_02_16_042611_drop_table_password_resets',81),(154,'2023_02_20_072604_create_re_invoices_table',82),(155,'2023_02_20_081251_create_re_account_packages_table',82),(156,'2023_04_04_030709_add_unique_id_to_properties_and_projects_table',83),(157,'2023_04_14_164811_make_phone_and_email_in_table_re_consults_nullable',84),(158,'2023_04_23_005903_add_column_permissions_to_admin_notifications',84),(159,'2023_04_23_061847_increase_state_translations_abbreviation_column',84),(160,'2023_05_08_114004_improve_properties_and_projects_page',85),(161,'2023_05_09_062031_unique_reviews_table',85),(162,'2023_05_10_075124_drop_column_id_in_role_users_table',85),(163,'2023_05_26_034353_fix_properties_projects_image',86),(164,'2023_05_27_004215_add_column_ip_into_table_re_consults',86),(165,'2023_07_06_011444_create_slug_translations_table',87),(166,'2023_07_18_040500_convert_cities_is_featured_to_selecting_locations_from_shortcode',87),(167,'2023_07_25_034513_create_re_coupons_table',87),(168,'2023_07_25_034672_add_coupon_code_column_to_jb_invoices_table',87),(169,'2023_07_26_041451_add_more_columns_to_location_table',87),(170,'2023_07_27_041451_add_more_columns_to_location_translation_table',87),(171,'2023_07_28_073307_drop_unique_in_states_cities_translations',87),(172,'2023_08_02_074208_change_square_column_to_float',87),(173,'2023_08_07_000001_add_is_public_profile_column_to_re_accounts_table',87),(174,'2023_08_09_004607_make_column_project_id_nullable',87),(175,'2023_08_15_073307_drop_unique_in_states_cities_translations',88),(176,'2023_08_21_090810_make_page_content_nullable',89),(177,'2023_08_29_074620_make_column_author_id_nullable',90),(178,'2023_09_11_084630_update_mandatory_fields_in_consult_form_table',91),(179,'2023_09_14_021936_update_index_for_slugs_table',92),(180,'2023_09_14_022423_add_index_for_language_table',92),(181,'2023_09_20_050420_add_missing_translation_column',93),(182,'2023_10_21_065016_make_state_id_in_table_cities_nullable',94);

--
-- Table structure for table `notes`
--

CREATE TABLE `notes` (
  `id` int unsigned NOT NULL AUTO_INCREMENT,
  `user_id` int unsigned NOT NULL,
  `reference_id` int unsigned NOT NULL,
  `reference_type` varchar(120) CHARACTER SET utf8mb4 COLLATE utf8mb4_unicode_ci NOT NULL,
  `created_by` int unsigned NOT NULL,
  `note` text CHARACTER SET utf8mb4 COLLATE utf8mb4_unicode_ci NOT NULL,
  `created_at` timestamp NULL DEFAULT NULL,
  `updated_at` timestamp NULL DEFAULT NULL,
  PRIMARY KEY (`id`),
  KEY `notes_user_id_index` (`user_id`),
  KEY `notes_reference_id_index` (`reference_id`),
  KEY `notes_created_by_index` (`created_by`)
) ENGINE=InnoDB DEFAULT CHARSET=utf8mb4 COLLATE=utf8mb4_unicode_ci;

--
-- Dumping data for table `notes`
--


--
-- Table structure for table `oauth_access_tokens`
--

CREATE TABLE `oauth_access_tokens` (
  `id` varchar(100) CHARACTER SET utf8mb4 COLLATE utf8mb4_unicode_ci NOT NULL,
  `user_id` bigint DEFAULT NULL,
  `client_id` int unsigned NOT NULL,
  `name` varchar(255) CHARACTER SET utf8mb4 COLLATE utf8mb4_unicode_ci DEFAULT NULL,
  `scopes` text CHARACTER SET utf8mb4 COLLATE utf8mb4_unicode_ci,
  `revoked` tinyint(1) NOT NULL,
  `created_at` timestamp NULL DEFAULT NULL,
  `updated_at` timestamp NULL DEFAULT NULL,
  `expires_at` datetime DEFAULT NULL,
  PRIMARY KEY (`id`),
  KEY `oauth_access_tokens_user_id_index` (`user_id`)
) ENGINE=InnoDB DEFAULT CHARSET=utf8mb4 COLLATE=utf8mb4_unicode_ci;

--
-- Dumping data for table `oauth_access_tokens`
--


--
-- Table structure for table `oauth_auth_codes`
--

CREATE TABLE `oauth_auth_codes` (
  `id` varchar(100) CHARACTER SET utf8mb4 COLLATE utf8mb4_unicode_ci NOT NULL,
  `user_id` bigint NOT NULL,
  `client_id` int unsigned NOT NULL,
  `scopes` text CHARACTER SET utf8mb4 COLLATE utf8mb4_unicode_ci,
  `revoked` tinyint(1) NOT NULL,
  `expires_at` datetime DEFAULT NULL,
  PRIMARY KEY (`id`)
) ENGINE=InnoDB DEFAULT CHARSET=utf8mb4 COLLATE=utf8mb4_unicode_ci;

--
-- Dumping data for table `oauth_auth_codes`
--


--
-- Table structure for table `oauth_clients`
--

CREATE TABLE `oauth_clients` (
  `id` int unsigned NOT NULL AUTO_INCREMENT,
  `user_id` bigint DEFAULT NULL,
  `name` varchar(255) CHARACTER SET utf8mb4 COLLATE utf8mb4_unicode_ci NOT NULL,
  `secret` varchar(100) CHARACTER SET utf8mb4 COLLATE utf8mb4_unicode_ci DEFAULT NULL,
  `redirect` text CHARACTER SET utf8mb4 COLLATE utf8mb4_unicode_ci NOT NULL,
  `personal_access_client` tinyint(1) NOT NULL,
  `password_client` tinyint(1) NOT NULL,
  `revoked` tinyint(1) NOT NULL,
  `created_at` timestamp NULL DEFAULT NULL,
  `updated_at` timestamp NULL DEFAULT NULL,
  `provider` varchar(191) CHARACTER SET utf8mb4 COLLATE utf8mb4_unicode_ci DEFAULT NULL,
  PRIMARY KEY (`id`),
  KEY `oauth_clients_user_id_index` (`user_id`)
) ENGINE=InnoDB DEFAULT CHARSET=utf8mb4 COLLATE=utf8mb4_unicode_ci;

--
-- Dumping data for table `oauth_clients`
--


--
-- Table structure for table `oauth_personal_access_clients`
--

CREATE TABLE `oauth_personal_access_clients` (
  `id` int unsigned NOT NULL AUTO_INCREMENT,
  `client_id` int unsigned NOT NULL,
  `created_at` timestamp NULL DEFAULT NULL,
  `updated_at` timestamp NULL DEFAULT NULL,
  PRIMARY KEY (`id`),
  KEY `oauth_personal_access_clients_client_id_index` (`client_id`)
) ENGINE=InnoDB DEFAULT CHARSET=utf8mb4 COLLATE=utf8mb4_unicode_ci;

--
-- Dumping data for table `oauth_personal_access_clients`
--


--
-- Table structure for table `oauth_refresh_tokens`
--

CREATE TABLE `oauth_refresh_tokens` (
  `id` varchar(100) CHARACTER SET utf8mb4 COLLATE utf8mb4_unicode_ci NOT NULL,
  `access_token_id` varchar(100) CHARACTER SET utf8mb4 COLLATE utf8mb4_unicode_ci NOT NULL,
  `revoked` tinyint(1) NOT NULL,
  `expires_at` datetime DEFAULT NULL,
  PRIMARY KEY (`id`),
  KEY `oauth_refresh_tokens_access_token_id_index` (`access_token_id`)
) ENGINE=InnoDB DEFAULT CHARSET=utf8mb4 COLLATE=utf8mb4_unicode_ci;

--
-- Dumping data for table `oauth_refresh_tokens`
--


--
-- Table structure for table `pages`
--

CREATE TABLE `pages` (
  `id` int unsigned NOT NULL AUTO_INCREMENT,
  `name` varchar(120) CHARACTER SET utf8mb4 COLLATE utf8mb4_unicode_ci NOT NULL,
  `content` longtext CHARACTER SET utf8mb4 COLLATE utf8mb4_unicode_ci,
  `user_id` int NOT NULL,
  `image` varchar(255) CHARACTER SET utf8mb4 COLLATE utf8mb4_unicode_ci DEFAULT NULL,
  `template` varchar(60) CHARACTER SET utf8mb4 COLLATE utf8mb4_unicode_ci DEFAULT NULL,
  `description` varchar(400) CHARACTER SET utf8mb4 COLLATE utf8mb4_unicode_ci DEFAULT NULL,
  `status` varchar(60) CHARACTER SET utf8mb4 COLLATE utf8mb4_unicode_ci NOT NULL DEFAULT 'published',
  `created_at` timestamp NULL DEFAULT NULL,
  `updated_at` timestamp NULL DEFAULT NULL,
  PRIMARY KEY (`id`)
) ENGINE=InnoDB AUTO_INCREMENT=73 DEFAULT CHARSET=utf8mb4 COLLATE=utf8mb4_unicode_ci;

--
-- Dumping data for table `pages`
--

INSERT INTO `pages` VALUES (1,'Home','<div>[search-box title=\"Find your favorite homes at Flex Home\" background_image=\"general/home-banner.jpg\" enable_search_projects_on_homepage_search=\"yes\" default_home_search_type=\"project\"][/search-box]</div><div>[featured-projects title=\"Featured projects\" subtitle=\"We make the best choices with the hottest and most prestigious projects, please visit the details below to find out more.\" limit=\"4\"][/featured-projects]</div><div>[properties-by-locations title=\"Properties by locations\" subtitle=\"Each place is a good choice, it will help you make the right decision, do not miss the opportunity to discover our wonderful properties.\" city=\"1,2,3,4,5\"][/properties-by-locations]</div><div>[properties-for-sale title=\"Properties For Sale\" subtitle=\"Below is a list of properties that are currently up for sale\" limit=\"8\"][/properties-for-sale]</div><div>[properties-for-rent title=\"Properties For Rent\" subtitle=\"Below is a detailed price list of each property for rent\" limit=\"8\"][/properties-for-rent]</div><div>[featured-agents title=\"Featured Agents\"][/featured-agents]</div><div>[recently-viewed-properties title=\"Recently Viewed Properties\" subtitle=\"Your currently viewed properties.\" limit=\"8\"][/recently-viewed-properties]</div><div>[latest-news title=\"News\" subtitle=\"Below is the latest real estate news we get regularly updated from reliable sources.\" limit=\"4\"][/latest-news]</div>',1,NULL,'homepage',NULL,'published','2023-10-25 00:12:44','2023-10-25 00:12:44'),(2,'News','---',1,NULL,'default',NULL,'published','2023-10-25 00:12:44','2023-10-25 00:12:44'),(3,'About us','<h4><span style=\"font-size:18px;\"><b>1. COMPANY</b><span style=\"font-family:Arial,Helvetica,sans-serif;\"><strong> PROFILE</strong></span></span></h4>\n\n<p><span style=\"font-size:16px;\"><span style=\"font-family:Arial,Helvetica,sans-serif;\">Founded on August 28, 1993 (formerly known as Truong Thinh Phat Construction Co., Ltd.), Flex Home operates in the field of real estate business, building villas for rent.<br />\nWith the slogan &quot;Breaking time, through space&quot; with a sustainable development strategy, taking Real Estate as a focus area, Flex Home is constantly connecting between buyers and sellers in the field. Real estate, bringing people closer together, over the distance of time and space, is a reliable place for real estate investment - an area that is constantly evolving over time.</span></span></p>\n\n<blockquote>\n<h2 style=\"font-style: italic; text-align: center;\"><span style=\"font-size:24px;\"><strong><span style=\"font-family:Arial,Helvetica,sans-serif;\"><span style=\"color:#16a085;\">&quot;Breaking time, through space&quot;</span></span></strong></span></h2>\n</blockquote>\n\n<h4 style=\"text-align: center;\"><img alt=\"\" src=\"https://flex-home.test/storage/general/asset-3-at-3x.png\" style=\"width: 90%;\" /></h4>\n\n<h4><span style=\"font-size:18px;\"><b><font face=\"Arial, Helvetica, sans-serif\">2. VISION&nbsp;</font></b></span></h4>\n\n<p><span style=\"font-size:16px;\"><span style=\"font-family:Arial,Helvetica,sans-serif;\">- Acquiring domestic areas.<br />\n- Reaching far across continents.</span></span></p>\n\n<h4><span style=\"font-size:18px;\"><b>3. MISSION</b></span></h4>\n\n<p><span style=\"font-size:16px;\"><span style=\"font-family:Arial,Helvetica,sans-serif;\">- Creating the community<br />\n- Building destinations<br />\n- Nurture happiness</span></span></p>\n\n<p><img alt=\"\" src=\"https://flex-home.test/storage/general/vietnam-office-4.jpg\" /></p>\n',1,NULL,'default','Founded on August 28, 1993 (formerly known as Truong Thinh Phat Construction Co., Ltd.), Flex Home operates in the field of real estate business, building villas for rent.\nWith the slogan \"Breaking time, through space\" with a sustainable development strategy, taking Real Estate as a focus area, Flex Home is constantly connecting between buyers and sellers in the field.','published','2023-10-25 00:12:44','2023-10-25 00:12:44'),(4,'Contact','<p>[contact-form][/contact-form]<br />\n&nbsp;</p>\n\n<h3>Directions</h3>\n\n<p>[google-map]North Link Building, 10 Admiralty Street, 757695 Singapore[/google-map]</p>\n\n<p>&nbsp;</p>',1,NULL,'default',NULL,'published','2023-10-25 00:12:44','2023-10-25 00:12:44'),(5,'Terms &amp; Conditions','<p style=\"text-align: justify;\"><span style=\"font-size:16px;\"><span style=\"font-family:Arial,Helvetica,sans-serif;\">Access to and use of the Flex Home website is subject to the following terms, conditions, and relevant laws of Vietnam.</span></span></p>\n\n<h4 style=\"text-align: justify;\"><span style=\"font-size:18px;\"><span style=\"font-family:Arial,Helvetica,sans-serif;\"><strong>1. Copyright</strong></span></span></h4>\n\n<p style=\"text-align: justify;\"><span style=\"font-size:16px;\"><span style=\"font-family:Arial,Helvetica,sans-serif;\">Copyrights and other intellectual property rights to all text, images, audio, software and other content on this site are owned by Flex Home and its affiliates. Users are allowed to view the contents of the website, cite the contents by printing, downloading the hard disk and distributing it to others for non-commercial purposes, providing information or personal purposes. </span></span><span style=\"font-size:16px;\"><span style=\"font-family:Arial,Helvetica,sans-serif;\">Any content from this site may not be used for sale or distribution for profit, nor may it be edited or included in any other publication or website.</span></span></p>\n\n<h4 style=\"text-align: justify;\"><span style=\"font-size:18px;\"><span style=\"font-family:Arial,Helvetica,sans-serif;\"><strong>2. Content</strong></span></span></h4>\n\n<p style=\"text-align: justify;\"><span style=\"font-size:16px;\"><span style=\"font-family:Arial,Helvetica,sans-serif;\">The information on this website is compiled with great confidence but for general information research purposes only. While we endeavor to maintain updated and accurate information, we make no representations or warranties in any manner regarding completeness, accuracy, reliability, appropriateness or availability in relation to web site, or related information, product, service, or image within the website for any purpose. </span></span></p>\n\n<p style=\"text-align: justify;\"><span style=\"font-size:16px;\"><span style=\"font-family:Arial,Helvetica,sans-serif;\">Flex Home and its employees, managers, and agents are not responsible for any loss, damage or expense incurred as a result of accessing and using this website and the sites. </span></span><span style=\"font-size:16px;\"><span style=\"font-family:Arial,Helvetica,sans-serif;\">The web is connected to it, including but not limited to, loss of profits, direct or indirect losses. We are also not responsible, or jointly responsible, if the site is temporarily inaccessible due to technical issues beyond our control. Any comments, suggestions, images, ideas and other information or materials that users submit to us through this site will become our exclusive property, including the right to may arise in the future associated with us.</span></span></p>\n\n<p style=\"text-align: center;\"><span style=\"font-size:16px;\"><span style=\"font-family:Arial,Helvetica,sans-serif;\"><img alt=\"\" src=\"https://flex-home.test/storage/general/copyright.jpg\" style=\"width: 90%;\" /></span></span></p>\n\n<h4 style=\"text-align: justify;\"><span style=\"font-size:18px;\"><span style=\"font-family:Arial,Helvetica,sans-serif;\"><strong>3. Note on&nbsp;connected sites</strong></span></span></h4>\n\n<p style=\"text-align: justify;\"><span style=\"font-size:16px;\"><span style=\"font-family:Arial,Helvetica,sans-serif;\">At many points in the website, users can get links to other websites related to a specific aspect. This does not mean that we are related to the websites or companies that own these websites. Although we intend to connect users to sites of interest, we are not responsible or jointly responsible for our employees, managers, or representatives. with other websites and information contained therein.</span></span></p>\n',1,NULL,'default','Copyrights and other intellectual property rights to all text, images, audio, software and other content on this site are owned by Flex Home and its affiliates. Users are allowed to view the contents of the website, cite the contents by printing, downloading the hard disk and distributing it to others for non-commercial purposes.','published','2023-10-25 00:12:44','2023-10-25 00:12:44'),(6,'Cookie Policy','<h3>EU Cookie Consent</h3><p>To use this website we are using Cookies and collecting some Data. To be compliant with the EU GDPR we give you to choose if you allow us to use certain Cookies and to collect some Data.</p><h4>Essential Data</h4><p>The Essential Data is needed to run the Site you are visiting technically. You can not deactivate them.</p><p>- Session Cookie: PHP uses a Cookie to identify user sessions. Without this Cookie the Website is not working.</p><p>- XSRF-Token Cookie: Laravel automatically generates a CSRF \"token\" for each active user session managed by the application. This token is used to verify that the authenticated user is the one actually making the requests to the application.</p>',1,NULL,'default',NULL,'published','2023-10-25 00:12:44','2023-10-25 00:12:44'),(7,'Properties','<div>[properties-list title=\"Discover our properties\" description=\"Discover our properties\" description=\"Each place is a good choice, it will help you make the right decision, do not miss the opportunity to discover our wonderful properties.\" number_of_properties_per_page=\"12\"][/properties-list]</div>',1,NULL,'homepage',NULL,'published','2023-10-25 00:12:44','2023-10-25 00:12:44'),(8,'Projects','<div>[projects-list  title=\"Discover our projects\" description=\"We make the best choices with the hottest and most prestigious projects, please visit the details below to find out more\" number_of_projects_per_page=\"12\"][/projects-list]</div>',1,NULL,'homepage',NULL,'published','2023-10-25 00:12:44','2023-10-25 00:12:44'),(9,'Home','<div>[search-box title=\"Find your favorite homes at Flex Home\" background_image=\"general/home-banner.jpg\" enable_search_projects_on_homepage_search=\"yes\" default_home_search_type=\"project\"][/search-box]</div><div>[featured-projects title=\"Featured projects\" subtitle=\"We make the best choices with the hottest and most prestigious projects, please visit the details below to find out more.\" limit=\"4\"][/featured-projects]</div><div>[properties-by-locations title=\"Properties by locations\" subtitle=\"Each place is a good choice, it will help you make the right decision, do not miss the opportunity to discover our wonderful properties.\" city=\"1,2,3,4,5\"][/properties-by-locations]</div><div>[properties-for-sale title=\"Properties For Sale\" subtitle=\"Below is a list of properties that are currently up for sale\" limit=\"8\"][/properties-for-sale]</div><div>[properties-for-rent title=\"Properties For Rent\" subtitle=\"Below is a detailed price list of each property for rent\" limit=\"8\"][/properties-for-rent]</div><div>[featured-agents title=\"Featured Agents\"][/featured-agents]</div><div>[recently-viewed-properties title=\"Recently Viewed Properties\" subtitle=\"Your currently viewed properties.\" limit=\"8\"][/recently-viewed-properties]</div><div>[latest-news title=\"News\" subtitle=\"Below is the latest real estate news we get regularly updated from reliable sources.\" limit=\"4\"][/latest-news]</div>',0,NULL,'homepage',NULL,'published','2023-11-09 00:52:41','2023-11-09 00:52:41'),(10,'News','---',0,NULL,'default',NULL,'published','2023-11-09 00:52:41','2023-11-09 00:52:41'),(11,'About us','<h4><span style=\"font-size:18px;\"><b>1. COMPANY</b><span style=\"font-family:Arial,Helvetica,sans-serif;\"><strong> PROFILE</strong></span></span></h4>\n\n<p><span style=\"font-size:16px;\"><span style=\"font-family:Arial,Helvetica,sans-serif;\">Founded on August 28, 1993 (formerly known as Truong Thinh Phat Construction Co., Ltd.), Flex Home operates in the field of real estate business, building villas for rent.<br />\nWith the slogan &quot;Breaking time, through space&quot; with a sustainable development strategy, taking Real Estate as a focus area, Flex Home is constantly connecting between buyers and sellers in the field. Real estate, bringing people closer together, over the distance of time and space, is a reliable place for real estate investment - an area that is constantly evolving over time.</span></span></p>\n\n<blockquote>\n<h2 style=\"font-style: italic; text-align: center;\"><span style=\"font-size:24px;\"><strong><span style=\"font-family:Arial,Helvetica,sans-serif;\"><span style=\"color:#16a085;\">&quot;Breaking time, through space&quot;</span></span></strong></span></h2>\n</blockquote>\n\n<h4 style=\"text-align: center;\"><img alt=\"\" src=\"https://flex-home.test/storage/general/asset-3-at-3x.png\" style=\"width: 90%;\" /></h4>\n\n<h4><span style=\"font-size:18px;\"><b><font face=\"Arial, Helvetica, sans-serif\">2. VISION&nbsp;</font></b></span></h4>\n\n<p><span style=\"font-size:16px;\"><span style=\"font-family:Arial,Helvetica,sans-serif;\">- Acquiring domestic areas.<br />\n- Reaching far across continents.</span></span></p>\n\n<h4><span style=\"font-size:18px;\"><b>3. MISSION</b></span></h4>\n\n<p><span style=\"font-size:16px;\"><span style=\"font-family:Arial,Helvetica,sans-serif;\">- Creating the community<br />\n- Building destinations<br />\n- Nurture happiness</span></span></p>\n\n<p><img alt=\"\" src=\"https://flex-home.test/storage/general/vietnam-office-4.jpg\" /></p>\n',0,NULL,'default','Founded on August 28, 1993 (formerly known as Truong Thinh Phat Construction Co., Ltd.), Flex Home operates in the field of real estate business, building villas for rent.\nWith the slogan \"Breaking time, through space\" with a sustainable development strategy, taking Real Estate as a focus area, Flex Home is constantly connecting between buyers and sellers in the field.','published','2023-11-09 00:52:41','2023-11-09 00:52:41'),(12,'Contact','<p>[contact-form][/contact-form]<br />\n&nbsp;</p>\n\n<h3>Directions</h3>\n\n<p>[google-map]North Link Building, 10 Admiralty Street, 757695 Singapore[/google-map]</p>\n\n<p>&nbsp;</p>',0,NULL,'default',NULL,'published','2023-11-09 00:52:41','2023-11-09 00:52:41'),(13,'Terms &amp; Conditions','<p style=\"text-align: justify;\"><span style=\"font-size:16px;\"><span style=\"font-family:Arial,Helvetica,sans-serif;\">Access to and use of the Flex Home website is subject to the following terms, conditions, and relevant laws of Vietnam.</span></span></p>\n\n<h4 style=\"text-align: justify;\"><span style=\"font-size:18px;\"><span style=\"font-family:Arial,Helvetica,sans-serif;\"><strong>1. Copyright</strong></span></span></h4>\n\n<p style=\"text-align: justify;\"><span style=\"font-size:16px;\"><span style=\"font-family:Arial,Helvetica,sans-serif;\">Copyrights and other intellectual property rights to all text, images, audio, software and other content on this site are owned by Flex Home and its affiliates. Users are allowed to view the contents of the website, cite the contents by printing, downloading the hard disk and distributing it to others for non-commercial purposes, providing information or personal purposes. </span></span><span style=\"font-size:16px;\"><span style=\"font-family:Arial,Helvetica,sans-serif;\">Any content from this site may not be used for sale or distribution for profit, nor may it be edited or included in any other publication or website.</span></span></p>\n\n<h4 style=\"text-align: justify;\"><span style=\"font-size:18px;\"><span style=\"font-family:Arial,Helvetica,sans-serif;\"><strong>2. Content</strong></span></span></h4>\n\n<p style=\"text-align: justify;\"><span style=\"font-size:16px;\"><span style=\"font-family:Arial,Helvetica,sans-serif;\">The information on this website is compiled with great confidence but for general information research purposes only. While we endeavor to maintain updated and accurate information, we make no representations or warranties in any manner regarding completeness, accuracy, reliability, appropriateness or availability in relation to web site, or related information, product, service, or image within the website for any purpose. </span></span></p>\n\n<p style=\"text-align: justify;\"><span style=\"font-size:16px;\"><span style=\"font-family:Arial,Helvetica,sans-serif;\">Flex Home and its employees, managers, and agents are not responsible for any loss, damage or expense incurred as a result of accessing and using this website and the sites. </span></span><span style=\"font-size:16px;\"><span style=\"font-family:Arial,Helvetica,sans-serif;\">The web is connected to it, including but not limited to, loss of profits, direct or indirect losses. We are also not responsible, or jointly responsible, if the site is temporarily inaccessible due to technical issues beyond our control. Any comments, suggestions, images, ideas and other information or materials that users submit to us through this site will become our exclusive property, including the right to may arise in the future associated with us.</span></span></p>\n\n<p style=\"text-align: center;\"><span style=\"font-size:16px;\"><span style=\"font-family:Arial,Helvetica,sans-serif;\"><img alt=\"\" src=\"https://flex-home.test/storage/general/copyright.jpg\" style=\"width: 90%;\" /></span></span></p>\n\n<h4 style=\"text-align: justify;\"><span style=\"font-size:18px;\"><span style=\"font-family:Arial,Helvetica,sans-serif;\"><strong>3. Note on&nbsp;connected sites</strong></span></span></h4>\n\n<p style=\"text-align: justify;\"><span style=\"font-size:16px;\"><span style=\"font-family:Arial,Helvetica,sans-serif;\">At many points in the website, users can get links to other websites related to a specific aspect. This does not mean that we are related to the websites or companies that own these websites. Although we intend to connect users to sites of interest, we are not responsible or jointly responsible for our employees, managers, or representatives. with other websites and information contained therein.</span></span></p>\n',0,NULL,'default','Copyrights and other intellectual property rights to all text, images, audio, software and other content on this site are owned by Flex Home and its affiliates. Users are allowed to view the contents of the website, cite the contents by printing, downloading the hard disk and distributing it to others for non-commercial purposes.','published','2023-11-09 00:52:41','2023-11-09 00:52:41'),(14,'Cookie Policy','<h3>EU Cookie Consent</h3><p>To use this website we are using Cookies and collecting some Data. To be compliant with the EU GDPR we give you to choose if you allow us to use certain Cookies and to collect some Data.</p><h4>Essential Data</h4><p>The Essential Data is needed to run the Site you are visiting technically. You can not deactivate them.</p><p>- Session Cookie: PHP uses a Cookie to identify user sessions. Without this Cookie the Website is not working.</p><p>- XSRF-Token Cookie: Laravel automatically generates a CSRF \"token\" for each active user session managed by the application. This token is used to verify that the authenticated user is the one actually making the requests to the application.</p>',0,NULL,'default',NULL,'published','2023-11-09 00:52:41','2023-11-09 00:52:41'),(15,'Properties','<div>[properties-list title=\"Discover our properties\" description=\"Discover our properties\" description=\"Each place is a good choice, it will help you make the right decision, do not miss the opportunity to discover our wonderful properties.\" number_of_properties_per_page=\"12\"][/properties-list]</div>',0,NULL,'homepage',NULL,'published','2023-11-09 00:52:41','2023-11-09 00:52:41'),(16,'Projects','<div>[projects-list  title=\"Discover our projects\" description=\"We make the best choices with the hottest and most prestigious projects, please visit the details below to find out more\" number_of_projects_per_page=\"12\"][/projects-list]</div>',0,NULL,'homepage',NULL,'published','2023-11-09 00:52:41','2023-11-09 00:52:41'),(17,'Home','<div>[search-box title=\"Find your favorite homes at Flex Home\" background_image=\"general/home-banner.jpg\" enable_search_projects_on_homepage_search=\"yes\" default_home_search_type=\"project\"][/search-box]</div><div>[featured-projects title=\"Featured projects\" subtitle=\"We make the best choices with the hottest and most prestigious projects, please visit the details below to find out more.\" limit=\"4\"][/featured-projects]</div><div>[properties-by-locations title=\"Properties by locations\" subtitle=\"Each place is a good choice, it will help you make the right decision, do not miss the opportunity to discover our wonderful properties.\" city=\"1,2,3,4,5\"][/properties-by-locations]</div><div>[properties-for-sale title=\"Properties For Sale\" subtitle=\"Below is a list of properties that are currently up for sale\" limit=\"8\"][/properties-for-sale]</div><div>[properties-for-rent title=\"Properties For Rent\" subtitle=\"Below is a detailed price list of each property for rent\" limit=\"8\"][/properties-for-rent]</div><div>[featured-agents title=\"Featured Agents\"][/featured-agents]</div><div>[recently-viewed-properties title=\"Recently Viewed Properties\" subtitle=\"Your currently viewed properties.\" limit=\"8\"][/recently-viewed-properties]</div><div>[latest-news title=\"News\" subtitle=\"Below is the latest real estate news we get regularly updated from reliable sources.\" limit=\"4\"][/latest-news]</div>',1,NULL,'homepage',NULL,'published','2023-11-14 00:50:20','2023-11-14 00:50:20'),(18,'News','---',1,NULL,'default',NULL,'published','2023-11-14 00:50:20','2023-11-14 00:50:20'),(19,'About us','<h4><span style=\"font-size:18px;\"><b>1. COMPANY</b><span style=\"font-family:Arial,Helvetica,sans-serif;\"><strong> PROFILE</strong></span></span></h4>\n\n<p><span style=\"font-size:16px;\"><span style=\"font-family:Arial,Helvetica,sans-serif;\">Founded on August 28, 1993 (formerly known as Truong Thinh Phat Construction Co., Ltd.), Flex Home operates in the field of real estate business, building villas for rent.<br />\nWith the slogan &quot;Breaking time, through space&quot; with a sustainable development strategy, taking Real Estate as a focus area, Flex Home is constantly connecting between buyers and sellers in the field. Real estate, bringing people closer together, over the distance of time and space, is a reliable place for real estate investment - an area that is constantly evolving over time.</span></span></p>\n\n<blockquote>\n<h2 style=\"font-style: italic; text-align: center;\"><span style=\"font-size:24px;\"><strong><span style=\"font-family:Arial,Helvetica,sans-serif;\"><span style=\"color:#16a085;\">&quot;Breaking time, through space&quot;</span></span></strong></span></h2>\n</blockquote>\n\n<h4 style=\"text-align: center;\"><img alt=\"\" src=\"https://flex-home.test/storage/general/asset-3-at-3x.png\" style=\"width: 90%;\" /></h4>\n\n<h4><span style=\"font-size:18px;\"><b><font face=\"Arial, Helvetica, sans-serif\">2. VISION&nbsp;</font></b></span></h4>\n\n<p><span style=\"font-size:16px;\"><span style=\"font-family:Arial,Helvetica,sans-serif;\">- Acquiring domestic areas.<br />\n- Reaching far across continents.</span></span></p>\n\n<h4><span style=\"font-size:18px;\"><b>3. MISSION</b></span></h4>\n\n<p><span style=\"font-size:16px;\"><span style=\"font-family:Arial,Helvetica,sans-serif;\">- Creating the community<br />\n- Building destinations<br />\n- Nurture happiness</span></span></p>\n\n<p><img alt=\"\" src=\"https://flex-home.test/storage/general/vietnam-office-4.jpg\" /></p>\n',1,NULL,'default','Founded on August 28, 1993 (formerly known as Truong Thinh Phat Construction Co., Ltd.), Flex Home operates in the field of real estate business, building villas for rent.\nWith the slogan \"Breaking time, through space\" with a sustainable development strategy, taking Real Estate as a focus area, Flex Home is constantly connecting between buyers and sellers in the field.','published','2023-11-14 00:50:20','2023-11-14 00:50:20'),(20,'Contact','<p>[contact-form][/contact-form]<br />\n&nbsp;</p>\n\n<h3>Directions</h3>\n\n<p>[google-map]North Link Building, 10 Admiralty Street, 757695 Singapore[/google-map]</p>\n\n<p>&nbsp;</p>',1,NULL,'default',NULL,'published','2023-11-14 00:50:20','2023-11-14 00:50:20'),(21,'Terms &amp; Conditions','<p style=\"text-align: justify;\"><span style=\"font-size:16px;\"><span style=\"font-family:Arial,Helvetica,sans-serif;\">Access to and use of the Flex Home website is subject to the following terms, conditions, and relevant laws of Vietnam.</span></span></p>\n\n<h4 style=\"text-align: justify;\"><span style=\"font-size:18px;\"><span style=\"font-family:Arial,Helvetica,sans-serif;\"><strong>1. Copyright</strong></span></span></h4>\n\n<p style=\"text-align: justify;\"><span style=\"font-size:16px;\"><span style=\"font-family:Arial,Helvetica,sans-serif;\">Copyrights and other intellectual property rights to all text, images, audio, software and other content on this site are owned by Flex Home and its affiliates. Users are allowed to view the contents of the website, cite the contents by printing, downloading the hard disk and distributing it to others for non-commercial purposes, providing information or personal purposes. </span></span><span style=\"font-size:16px;\"><span style=\"font-family:Arial,Helvetica,sans-serif;\">Any content from this site may not be used for sale or distribution for profit, nor may it be edited or included in any other publication or website.</span></span></p>\n\n<h4 style=\"text-align: justify;\"><span style=\"font-size:18px;\"><span style=\"font-family:Arial,Helvetica,sans-serif;\"><strong>2. Content</strong></span></span></h4>\n\n<p style=\"text-align: justify;\"><span style=\"font-size:16px;\"><span style=\"font-family:Arial,Helvetica,sans-serif;\">The information on this website is compiled with great confidence but for general information research purposes only. While we endeavor to maintain updated and accurate information, we make no representations or warranties in any manner regarding completeness, accuracy, reliability, appropriateness or availability in relation to web site, or related information, product, service, or image within the website for any purpose. </span></span></p>\n\n<p style=\"text-align: justify;\"><span style=\"font-size:16px;\"><span style=\"font-family:Arial,Helvetica,sans-serif;\">Flex Home and its employees, managers, and agents are not responsible for any loss, damage or expense incurred as a result of accessing and using this website and the sites. </span></span><span style=\"font-size:16px;\"><span style=\"font-family:Arial,Helvetica,sans-serif;\">The web is connected to it, including but not limited to, loss of profits, direct or indirect losses. We are also not responsible, or jointly responsible, if the site is temporarily inaccessible due to technical issues beyond our control. Any comments, suggestions, images, ideas and other information or materials that users submit to us through this site will become our exclusive property, including the right to may arise in the future associated with us.</span></span></p>\n\n<p style=\"text-align: center;\"><span style=\"font-size:16px;\"><span style=\"font-family:Arial,Helvetica,sans-serif;\"><img alt=\"\" src=\"https://flex-home.test/storage/general/copyright.jpg\" style=\"width: 90%;\" /></span></span></p>\n\n<h4 style=\"text-align: justify;\"><span style=\"font-size:18px;\"><span style=\"font-family:Arial,Helvetica,sans-serif;\"><strong>3. Note on&nbsp;connected sites</strong></span></span></h4>\n\n<p style=\"text-align: justify;\"><span style=\"font-size:16px;\"><span style=\"font-family:Arial,Helvetica,sans-serif;\">At many points in the website, users can get links to other websites related to a specific aspect. This does not mean that we are related to the websites or companies that own these websites. Although we intend to connect users to sites of interest, we are not responsible or jointly responsible for our employees, managers, or representatives. with other websites and information contained therein.</span></span></p>\n',1,NULL,'default','Copyrights and other intellectual property rights to all text, images, audio, software and other content on this site are owned by Flex Home and its affiliates. Users are allowed to view the contents of the website, cite the contents by printing, downloading the hard disk and distributing it to others for non-commercial purposes.','published','2023-11-14 00:50:20','2023-11-14 00:50:20'),(22,'Cookie Policy','<h3>EU Cookie Consent</h3><p>To use this website we are using Cookies and collecting some Data. To be compliant with the EU GDPR we give you to choose if you allow us to use certain Cookies and to collect some Data.</p><h4>Essential Data</h4><p>The Essential Data is needed to run the Site you are visiting technically. You can not deactivate them.</p><p>- Session Cookie: PHP uses a Cookie to identify user sessions. Without this Cookie the Website is not working.</p><p>- XSRF-Token Cookie: Laravel automatically generates a CSRF \"token\" for each active user session managed by the application. This token is used to verify that the authenticated user is the one actually making the requests to the application.</p>',1,NULL,'default',NULL,'published','2023-11-14 00:50:20','2023-11-14 00:50:20'),(23,'Properties','<div>[properties-list title=\"Discover our properties\" description=\"Discover our properties\" description=\"Each place is a good choice, it will help you make the right decision, do not miss the opportunity to discover our wonderful properties.\" number_of_properties_per_page=\"12\"][/properties-list]</div>',1,NULL,'homepage',NULL,'published','2023-11-14 00:50:20','2023-11-14 00:50:20'),(24,'Projects','<div>[projects-list  title=\"Discover our projects\" description=\"We make the best choices with the hottest and most prestigious projects, please visit the details below to find out more\" number_of_projects_per_page=\"12\"][/projects-list]</div>',1,NULL,'homepage',NULL,'published','2023-11-14 00:50:20','2023-11-14 00:50:20'),(25,'Home','<div>[search-box title=\"Find your favorite homes at Flex Home\" background_image=\"general/home-banner.jpg\" enable_search_projects_on_homepage_search=\"yes\" default_home_search_type=\"project\"][/search-box]</div><div>[featured-projects title=\"Featured projects\" subtitle=\"We make the best choices with the hottest and most prestigious projects, please visit the details below to find out more.\" limit=\"4\"][/featured-projects]</div><div>[properties-by-locations title=\"Properties by locations\" subtitle=\"Each place is a good choice, it will help you make the right decision, do not miss the opportunity to discover our wonderful properties.\" city=\"1,2,3,4,5\"][/properties-by-locations]</div><div>[properties-for-sale title=\"Properties For Sale\" subtitle=\"Below is a list of properties that are currently up for sale\" limit=\"8\"][/properties-for-sale]</div><div>[properties-for-rent title=\"Properties For Rent\" subtitle=\"Below is a detailed price list of each property for rent\" limit=\"8\"][/properties-for-rent]</div><div>[featured-agents title=\"Featured Agents\"][/featured-agents]</div><div>[recently-viewed-properties title=\"Recently Viewed Properties\" subtitle=\"Your currently viewed properties.\" limit=\"8\"][/recently-viewed-properties]</div><div>[latest-news title=\"News\" subtitle=\"Below is the latest real estate news we get regularly updated from reliable sources.\" limit=\"4\"][/latest-news]</div>',1,NULL,'homepage',NULL,'published','2023-11-14 20:53:25','2023-11-14 20:53:25'),(26,'News','---',1,NULL,'default',NULL,'published','2023-11-14 20:53:25','2023-11-14 20:53:25'),(27,'About us','<h4><span style=\"font-size:18px;\"><b>1. COMPANY</b><span style=\"font-family:Arial,Helvetica,sans-serif;\"><strong> PROFILE</strong></span></span></h4>\n\n<p><span style=\"font-size:16px;\"><span style=\"font-family:Arial,Helvetica,sans-serif;\">Founded on August 28, 1993 (formerly known as Truong Thinh Phat Construction Co., Ltd.), Flex Home operates in the field of real estate business, building villas for rent.<br />\nWith the slogan &quot;Breaking time, through space&quot; with a sustainable development strategy, taking Real Estate as a focus area, Flex Home is constantly connecting between buyers and sellers in the field. Real estate, bringing people closer together, over the distance of time and space, is a reliable place for real estate investment - an area that is constantly evolving over time.</span></span></p>\n\n<blockquote>\n<h2 style=\"font-style: italic; text-align: center;\"><span style=\"font-size:24px;\"><strong><span style=\"font-family:Arial,Helvetica,sans-serif;\"><span style=\"color:#16a085;\">&quot;Breaking time, through space&quot;</span></span></strong></span></h2>\n</blockquote>\n\n<h4 style=\"text-align: center;\"><img alt=\"\" src=\"https://flex-home.test/storage/general/asset-3-at-3x.png\" style=\"width: 90%;\" /></h4>\n\n<h4><span style=\"font-size:18px;\"><b><font face=\"Arial, Helvetica, sans-serif\">2. VISION&nbsp;</font></b></span></h4>\n\n<p><span style=\"font-size:16px;\"><span style=\"font-family:Arial,Helvetica,sans-serif;\">- Acquiring domestic areas.<br />\n- Reaching far across continents.</span></span></p>\n\n<h4><span style=\"font-size:18px;\"><b>3. MISSION</b></span></h4>\n\n<p><span style=\"font-size:16px;\"><span style=\"font-family:Arial,Helvetica,sans-serif;\">- Creating the community<br />\n- Building destinations<br />\n- Nurture happiness</span></span></p>\n\n<p><img alt=\"\" src=\"https://flex-home.test/storage/general/vietnam-office-4.jpg\" /></p>\n',1,NULL,'default','Founded on August 28, 1993 (formerly known as Truong Thinh Phat Construction Co., Ltd.), Flex Home operates in the field of real estate business, building villas for rent.\nWith the slogan \"Breaking time, through space\" with a sustainable development strategy, taking Real Estate as a focus area, Flex Home is constantly connecting between buyers and sellers in the field.','published','2023-11-14 20:53:25','2023-11-14 20:53:25'),(28,'Contact','<p>[contact-form][/contact-form]<br />\n&nbsp;</p>\n\n<h3>Directions</h3>\n\n<p>[google-map]North Link Building, 10 Admiralty Street, 757695 Singapore[/google-map]</p>\n\n<p>&nbsp;</p>',1,NULL,'default',NULL,'published','2023-11-14 20:53:25','2023-11-14 20:53:25'),(29,'Terms &amp; Conditions','<p style=\"text-align: justify;\"><span style=\"font-size:16px;\"><span style=\"font-family:Arial,Helvetica,sans-serif;\">Access to and use of the Flex Home website is subject to the following terms, conditions, and relevant laws of Vietnam.</span></span></p>\n\n<h4 style=\"text-align: justify;\"><span style=\"font-size:18px;\"><span style=\"font-family:Arial,Helvetica,sans-serif;\"><strong>1. Copyright</strong></span></span></h4>\n\n<p style=\"text-align: justify;\"><span style=\"font-size:16px;\"><span style=\"font-family:Arial,Helvetica,sans-serif;\">Copyrights and other intellectual property rights to all text, images, audio, software and other content on this site are owned by Flex Home and its affiliates. Users are allowed to view the contents of the website, cite the contents by printing, downloading the hard disk and distributing it to others for non-commercial purposes, providing information or personal purposes. </span></span><span style=\"font-size:16px;\"><span style=\"font-family:Arial,Helvetica,sans-serif;\">Any content from this site may not be used for sale or distribution for profit, nor may it be edited or included in any other publication or website.</span></span></p>\n\n<h4 style=\"text-align: justify;\"><span style=\"font-size:18px;\"><span style=\"font-family:Arial,Helvetica,sans-serif;\"><strong>2. Content</strong></span></span></h4>\n\n<p style=\"text-align: justify;\"><span style=\"font-size:16px;\"><span style=\"font-family:Arial,Helvetica,sans-serif;\">The information on this website is compiled with great confidence but for general information research purposes only. While we endeavor to maintain updated and accurate information, we make no representations or warranties in any manner regarding completeness, accuracy, reliability, appropriateness or availability in relation to web site, or related information, product, service, or image within the website for any purpose. </span></span></p>\n\n<p style=\"text-align: justify;\"><span style=\"font-size:16px;\"><span style=\"font-family:Arial,Helvetica,sans-serif;\">Flex Home and its employees, managers, and agents are not responsible for any loss, damage or expense incurred as a result of accessing and using this website and the sites. </span></span><span style=\"font-size:16px;\"><span style=\"font-family:Arial,Helvetica,sans-serif;\">The web is connected to it, including but not limited to, loss of profits, direct or indirect losses. We are also not responsible, or jointly responsible, if the site is temporarily inaccessible due to technical issues beyond our control. Any comments, suggestions, images, ideas and other information or materials that users submit to us through this site will become our exclusive property, including the right to may arise in the future associated with us.</span></span></p>\n\n<p style=\"text-align: center;\"><span style=\"font-size:16px;\"><span style=\"font-family:Arial,Helvetica,sans-serif;\"><img alt=\"\" src=\"https://flex-home.test/storage/general/copyright.jpg\" style=\"width: 90%;\" /></span></span></p>\n\n<h4 style=\"text-align: justify;\"><span style=\"font-size:18px;\"><span style=\"font-family:Arial,Helvetica,sans-serif;\"><strong>3. Note on&nbsp;connected sites</strong></span></span></h4>\n\n<p style=\"text-align: justify;\"><span style=\"font-size:16px;\"><span style=\"font-family:Arial,Helvetica,sans-serif;\">At many points in the website, users can get links to other websites related to a specific aspect. This does not mean that we are related to the websites or companies that own these websites. Although we intend to connect users to sites of interest, we are not responsible or jointly responsible for our employees, managers, or representatives. with other websites and information contained therein.</span></span></p>\n',1,NULL,'default','Copyrights and other intellectual property rights to all text, images, audio, software and other content on this site are owned by Flex Home and its affiliates. Users are allowed to view the contents of the website, cite the contents by printing, downloading the hard disk and distributing it to others for non-commercial purposes.','published','2023-11-14 20:53:25','2023-11-14 20:53:25'),(30,'Cookie Policy','<h3>EU Cookie Consent</h3><p>To use this website we are using Cookies and collecting some Data. To be compliant with the EU GDPR we give you to choose if you allow us to use certain Cookies and to collect some Data.</p><h4>Essential Data</h4><p>The Essential Data is needed to run the Site you are visiting technically. You can not deactivate them.</p><p>- Session Cookie: PHP uses a Cookie to identify user sessions. Without this Cookie the Website is not working.</p><p>- XSRF-Token Cookie: Laravel automatically generates a CSRF \"token\" for each active user session managed by the application. This token is used to verify that the authenticated user is the one actually making the requests to the application.</p>',1,NULL,'default',NULL,'published','2023-11-14 20:53:25','2023-11-14 20:53:25'),(31,'Properties','<div>[properties-list title=\"Discover our properties\" description=\"Discover our properties\" description=\"Each place is a good choice, it will help you make the right decision, do not miss the opportunity to discover our wonderful properties.\" number_of_properties_per_page=\"12\"][/properties-list]</div>',1,NULL,'homepage',NULL,'published','2023-11-14 20:53:25','2023-11-14 20:53:25'),(32,'Projects','<div>[projects-list  title=\"Discover our projects\" description=\"We make the best choices with the hottest and most prestigious projects, please visit the details below to find out more\" number_of_projects_per_page=\"12\"][/projects-list]</div>',1,NULL,'homepage',NULL,'published','2023-11-14 20:53:25','2023-11-14 20:53:25'),(33,'Home','<div>[search-box title=\"Find your favorite homes at Flex Home\" background_image=\"general/home-banner.jpg\" enable_search_projects_on_homepage_search=\"yes\" default_home_search_type=\"project\"][/search-box]</div><div>[featured-projects title=\"Featured projects\" subtitle=\"We make the best choices with the hottest and most prestigious projects, please visit the details below to find out more.\" limit=\"4\"][/featured-projects]</div><div>[properties-by-locations title=\"Properties by locations\" subtitle=\"Each place is a good choice, it will help you make the right decision, do not miss the opportunity to discover our wonderful properties.\" city=\"1,2,3,4,5\"][/properties-by-locations]</div><div>[properties-for-sale title=\"Properties For Sale\" subtitle=\"Below is a list of properties that are currently up for sale\" limit=\"8\"][/properties-for-sale]</div><div>[properties-for-rent title=\"Properties For Rent\" subtitle=\"Below is a detailed price list of each property for rent\" limit=\"8\"][/properties-for-rent]</div><div>[featured-agents title=\"Featured Agents\"][/featured-agents]</div><div>[recently-viewed-properties title=\"Recently Viewed Properties\" subtitle=\"Your currently viewed properties.\" limit=\"8\"][/recently-viewed-properties]</div><div>[latest-news title=\"News\" subtitle=\"Below is the latest real estate news we get regularly updated from reliable sources.\" limit=\"4\"][/latest-news]</div>',1,NULL,'homepage',NULL,'published','2023-11-14 21:03:01','2023-11-14 21:03:01'),(34,'News','---',1,NULL,'default',NULL,'published','2023-11-14 21:03:01','2023-11-14 21:03:01'),(35,'About us','<h4><span style=\"font-size:18px;\"><b>1. COMPANY</b><span style=\"font-family:Arial,Helvetica,sans-serif;\"><strong> PROFILE</strong></span></span></h4>\n\n<p><span style=\"font-size:16px;\"><span style=\"font-family:Arial,Helvetica,sans-serif;\">Founded on August 28, 1993 (formerly known as Truong Thinh Phat Construction Co., Ltd.), Flex Home operates in the field of real estate business, building villas for rent.<br />\nWith the slogan &quot;Breaking time, through space&quot; with a sustainable development strategy, taking Real Estate as a focus area, Flex Home is constantly connecting between buyers and sellers in the field. Real estate, bringing people closer together, over the distance of time and space, is a reliable place for real estate investment - an area that is constantly evolving over time.</span></span></p>\n\n<blockquote>\n<h2 style=\"font-style: italic; text-align: center;\"><span style=\"font-size:24px;\"><strong><span style=\"font-family:Arial,Helvetica,sans-serif;\"><span style=\"color:#16a085;\">&quot;Breaking time, through space&quot;</span></span></strong></span></h2>\n</blockquote>\n\n<h4 style=\"text-align: center;\"><img alt=\"\" src=\"https://flex-home.test/storage/general/asset-3-at-3x.png\" style=\"width: 90%;\" /></h4>\n\n<h4><span style=\"font-size:18px;\"><b><font face=\"Arial, Helvetica, sans-serif\">2. VISION&nbsp;</font></b></span></h4>\n\n<p><span style=\"font-size:16px;\"><span style=\"font-family:Arial,Helvetica,sans-serif;\">- Acquiring domestic areas.<br />\n- Reaching far across continents.</span></span></p>\n\n<h4><span style=\"font-size:18px;\"><b>3. MISSION</b></span></h4>\n\n<p><span style=\"font-size:16px;\"><span style=\"font-family:Arial,Helvetica,sans-serif;\">- Creating the community<br />\n- Building destinations<br />\n- Nurture happiness</span></span></p>\n\n<p><img alt=\"\" src=\"https://flex-home.test/storage/general/vietnam-office-4.jpg\" /></p>\n',1,NULL,'default','Founded on August 28, 1993 (formerly known as Truong Thinh Phat Construction Co., Ltd.), Flex Home operates in the field of real estate business, building villas for rent.\nWith the slogan \"Breaking time, through space\" with a sustainable development strategy, taking Real Estate as a focus area, Flex Home is constantly connecting between buyers and sellers in the field.','published','2023-11-14 21:03:01','2023-11-14 21:03:01'),(36,'Contact','<p>[contact-form][/contact-form]<br />\n&nbsp;</p>\n\n<h3>Directions</h3>\n\n<p>[google-map]North Link Building, 10 Admiralty Street, 757695 Singapore[/google-map]</p>\n\n<p>&nbsp;</p>',1,NULL,'default',NULL,'published','2023-11-14 21:03:01','2023-11-14 21:03:01'),(37,'Terms &amp; Conditions','<p style=\"text-align: justify;\"><span style=\"font-size:16px;\"><span style=\"font-family:Arial,Helvetica,sans-serif;\">Access to and use of the Flex Home website is subject to the following terms, conditions, and relevant laws of Vietnam.</span></span></p>\n\n<h4 style=\"text-align: justify;\"><span style=\"font-size:18px;\"><span style=\"font-family:Arial,Helvetica,sans-serif;\"><strong>1. Copyright</strong></span></span></h4>\n\n<p style=\"text-align: justify;\"><span style=\"font-size:16px;\"><span style=\"font-family:Arial,Helvetica,sans-serif;\">Copyrights and other intellectual property rights to all text, images, audio, software and other content on this site are owned by Flex Home and its affiliates. Users are allowed to view the contents of the website, cite the contents by printing, downloading the hard disk and distributing it to others for non-commercial purposes, providing information or personal purposes. </span></span><span style=\"font-size:16px;\"><span style=\"font-family:Arial,Helvetica,sans-serif;\">Any content from this site may not be used for sale or distribution for profit, nor may it be edited or included in any other publication or website.</span></span></p>\n\n<h4 style=\"text-align: justify;\"><span style=\"font-size:18px;\"><span style=\"font-family:Arial,Helvetica,sans-serif;\"><strong>2. Content</strong></span></span></h4>\n\n<p style=\"text-align: justify;\"><span style=\"font-size:16px;\"><span style=\"font-family:Arial,Helvetica,sans-serif;\">The information on this website is compiled with great confidence but for general information research purposes only. While we endeavor to maintain updated and accurate information, we make no representations or warranties in any manner regarding completeness, accuracy, reliability, appropriateness or availability in relation to web site, or related information, product, service, or image within the website for any purpose. </span></span></p>\n\n<p style=\"text-align: justify;\"><span style=\"font-size:16px;\"><span style=\"font-family:Arial,Helvetica,sans-serif;\">Flex Home and its employees, managers, and agents are not responsible for any loss, damage or expense incurred as a result of accessing and using this website and the sites. </span></span><span style=\"font-size:16px;\"><span style=\"font-family:Arial,Helvetica,sans-serif;\">The web is connected to it, including but not limited to, loss of profits, direct or indirect losses. We are also not responsible, or jointly responsible, if the site is temporarily inaccessible due to technical issues beyond our control. Any comments, suggestions, images, ideas and other information or materials that users submit to us through this site will become our exclusive property, including the right to may arise in the future associated with us.</span></span></p>\n\n<p style=\"text-align: center;\"><span style=\"font-size:16px;\"><span style=\"font-family:Arial,Helvetica,sans-serif;\"><img alt=\"\" src=\"https://flex-home.test/storage/general/copyright.jpg\" style=\"width: 90%;\" /></span></span></p>\n\n<h4 style=\"text-align: justify;\"><span style=\"font-size:18px;\"><span style=\"font-family:Arial,Helvetica,sans-serif;\"><strong>3. Note on&nbsp;connected sites</strong></span></span></h4>\n\n<p style=\"text-align: justify;\"><span style=\"font-size:16px;\"><span style=\"font-family:Arial,Helvetica,sans-serif;\">At many points in the website, users can get links to other websites related to a specific aspect. This does not mean that we are related to the websites or companies that own these websites. Although we intend to connect users to sites of interest, we are not responsible or jointly responsible for our employees, managers, or representatives. with other websites and information contained therein.</span></span></p>\n',1,NULL,'default','Copyrights and other intellectual property rights to all text, images, audio, software and other content on this site are owned by Flex Home and its affiliates. Users are allowed to view the contents of the website, cite the contents by printing, downloading the hard disk and distributing it to others for non-commercial purposes.','published','2023-11-14 21:03:01','2023-11-14 21:03:01'),(38,'Cookie Policy','<h3>EU Cookie Consent</h3><p>To use this website we are using Cookies and collecting some Data. To be compliant with the EU GDPR we give you to choose if you allow us to use certain Cookies and to collect some Data.</p><h4>Essential Data</h4><p>The Essential Data is needed to run the Site you are visiting technically. You can not deactivate them.</p><p>- Session Cookie: PHP uses a Cookie to identify user sessions. Without this Cookie the Website is not working.</p><p>- XSRF-Token Cookie: Laravel automatically generates a CSRF \"token\" for each active user session managed by the application. This token is used to verify that the authenticated user is the one actually making the requests to the application.</p>',1,NULL,'default',NULL,'published','2023-11-14 21:03:01','2023-11-14 21:03:01'),(39,'Properties','<div>[properties-list title=\"Discover our properties\" description=\"Discover our properties\" description=\"Each place is a good choice, it will help you make the right decision, do not miss the opportunity to discover our wonderful properties.\" number_of_properties_per_page=\"12\"][/properties-list]</div>',1,NULL,'homepage',NULL,'published','2023-11-14 21:03:01','2023-11-14 21:03:01'),(40,'Projects','<div>[projects-list  title=\"Discover our projects\" description=\"We make the best choices with the hottest and most prestigious projects, please visit the details below to find out more\" number_of_projects_per_page=\"12\"][/projects-list]</div>',1,NULL,'homepage',NULL,'published','2023-11-14 21:03:01','2023-11-14 21:03:01'),(41,'Home','<div>[search-box title=\"Find your favorite homes at Flex Home\" background_image=\"general/home-banner.jpg\" enable_search_projects_on_homepage_search=\"yes\" default_home_search_type=\"project\"][/search-box]</div><div>[featured-projects title=\"Featured projects\" subtitle=\"We make the best choices with the hottest and most prestigious projects, please visit the details below to find out more.\" limit=\"4\"][/featured-projects]</div><div>[properties-by-locations title=\"Properties by locations\" subtitle=\"Each place is a good choice, it will help you make the right decision, do not miss the opportunity to discover our wonderful properties.\" city=\"1,2,3,4,5\"][/properties-by-locations]</div><div>[properties-for-sale title=\"Properties For Sale\" subtitle=\"Below is a list of properties that are currently up for sale\" limit=\"8\"][/properties-for-sale]</div><div>[properties-for-rent title=\"Properties For Rent\" subtitle=\"Below is a detailed price list of each property for rent\" limit=\"8\"][/properties-for-rent]</div><div>[featured-agents title=\"Featured Agents\"][/featured-agents]</div><div>[recently-viewed-properties title=\"Recently Viewed Properties\" subtitle=\"Your currently viewed properties.\" limit=\"8\"][/recently-viewed-properties]</div><div>[latest-news title=\"News\" subtitle=\"Below is the latest real estate news we get regularly updated from reliable sources.\" limit=\"4\"][/latest-news]</div>',1,NULL,'homepage',NULL,'published','2023-11-14 23:24:54','2023-11-14 23:24:54'),(42,'News','---',1,NULL,'default',NULL,'published','2023-11-14 23:24:54','2023-11-14 23:24:54'),(43,'About us','<h4><span style=\"font-size:18px;\"><b>1. COMPANY</b><span style=\"font-family:Arial,Helvetica,sans-serif;\"><strong> PROFILE</strong></span></span></h4>\n\n<p><span style=\"font-size:16px;\"><span style=\"font-family:Arial,Helvetica,sans-serif;\">Founded on August 28, 1993 (formerly known as Truong Thinh Phat Construction Co., Ltd.), Flex Home operates in the field of real estate business, building villas for rent.<br />\nWith the slogan &quot;Breaking time, through space&quot; with a sustainable development strategy, taking Real Estate as a focus area, Flex Home is constantly connecting between buyers and sellers in the field. Real estate, bringing people closer together, over the distance of time and space, is a reliable place for real estate investment - an area that is constantly evolving over time.</span></span></p>\n\n<blockquote>\n<h2 style=\"font-style: italic; text-align: center;\"><span style=\"font-size:24px;\"><strong><span style=\"font-family:Arial,Helvetica,sans-serif;\"><span style=\"color:#16a085;\">&quot;Breaking time, through space&quot;</span></span></strong></span></h2>\n</blockquote>\n\n<h4 style=\"text-align: center;\"><img alt=\"\" src=\"https://flex-home.test/storage/general/asset-3-at-3x.png\" style=\"width: 90%;\" /></h4>\n\n<h4><span style=\"font-size:18px;\"><b><font face=\"Arial, Helvetica, sans-serif\">2. VISION&nbsp;</font></b></span></h4>\n\n<p><span style=\"font-size:16px;\"><span style=\"font-family:Arial,Helvetica,sans-serif;\">- Acquiring domestic areas.<br />\n- Reaching far across continents.</span></span></p>\n\n<h4><span style=\"font-size:18px;\"><b>3. MISSION</b></span></h4>\n\n<p><span style=\"font-size:16px;\"><span style=\"font-family:Arial,Helvetica,sans-serif;\">- Creating the community<br />\n- Building destinations<br />\n- Nurture happiness</span></span></p>\n\n<p><img alt=\"\" src=\"https://flex-home.test/storage/general/vietnam-office-4.jpg\" /></p>\n',1,NULL,'default','Founded on August 28, 1993 (formerly known as Truong Thinh Phat Construction Co., Ltd.), Flex Home operates in the field of real estate business, building villas for rent.\nWith the slogan \"Breaking time, through space\" with a sustainable development strategy, taking Real Estate as a focus area, Flex Home is constantly connecting between buyers and sellers in the field.','published','2023-11-14 23:24:54','2023-11-14 23:24:54'),(44,'Contact','<p>[contact-form][/contact-form]<br />\n&nbsp;</p>\n\n<h3>Directions</h3>\n\n<p>[google-map]North Link Building, 10 Admiralty Street, 757695 Singapore[/google-map]</p>\n\n<p>&nbsp;</p>',1,NULL,'default',NULL,'published','2023-11-14 23:24:54','2023-11-14 23:24:54'),(45,'Terms &amp; Conditions','<p style=\"text-align: justify;\"><span style=\"font-size:16px;\"><span style=\"font-family:Arial,Helvetica,sans-serif;\">Access to and use of the Flex Home website is subject to the following terms, conditions, and relevant laws of Vietnam.</span></span></p>\n\n<h4 style=\"text-align: justify;\"><span style=\"font-size:18px;\"><span style=\"font-family:Arial,Helvetica,sans-serif;\"><strong>1. Copyright</strong></span></span></h4>\n\n<p style=\"text-align: justify;\"><span style=\"font-size:16px;\"><span style=\"font-family:Arial,Helvetica,sans-serif;\">Copyrights and other intellectual property rights to all text, images, audio, software and other content on this site are owned by Flex Home and its affiliates. Users are allowed to view the contents of the website, cite the contents by printing, downloading the hard disk and distributing it to others for non-commercial purposes, providing information or personal purposes. </span></span><span style=\"font-size:16px;\"><span style=\"font-family:Arial,Helvetica,sans-serif;\">Any content from this site may not be used for sale or distribution for profit, nor may it be edited or included in any other publication or website.</span></span></p>\n\n<h4 style=\"text-align: justify;\"><span style=\"font-size:18px;\"><span style=\"font-family:Arial,Helvetica,sans-serif;\"><strong>2. Content</strong></span></span></h4>\n\n<p style=\"text-align: justify;\"><span style=\"font-size:16px;\"><span style=\"font-family:Arial,Helvetica,sans-serif;\">The information on this website is compiled with great confidence but for general information research purposes only. While we endeavor to maintain updated and accurate information, we make no representations or warranties in any manner regarding completeness, accuracy, reliability, appropriateness or availability in relation to web site, or related information, product, service, or image within the website for any purpose. </span></span></p>\n\n<p style=\"text-align: justify;\"><span style=\"font-size:16px;\"><span style=\"font-family:Arial,Helvetica,sans-serif;\">Flex Home and its employees, managers, and agents are not responsible for any loss, damage or expense incurred as a result of accessing and using this website and the sites. </span></span><span style=\"font-size:16px;\"><span style=\"font-family:Arial,Helvetica,sans-serif;\">The web is connected to it, including but not limited to, loss of profits, direct or indirect losses. We are also not responsible, or jointly responsible, if the site is temporarily inaccessible due to technical issues beyond our control. Any comments, suggestions, images, ideas and other information or materials that users submit to us through this site will become our exclusive property, including the right to may arise in the future associated with us.</span></span></p>\n\n<p style=\"text-align: center;\"><span style=\"font-size:16px;\"><span style=\"font-family:Arial,Helvetica,sans-serif;\"><img alt=\"\" src=\"https://flex-home.test/storage/general/copyright.jpg\" style=\"width: 90%;\" /></span></span></p>\n\n<h4 style=\"text-align: justify;\"><span style=\"font-size:18px;\"><span style=\"font-family:Arial,Helvetica,sans-serif;\"><strong>3. Note on&nbsp;connected sites</strong></span></span></h4>\n\n<p style=\"text-align: justify;\"><span style=\"font-size:16px;\"><span style=\"font-family:Arial,Helvetica,sans-serif;\">At many points in the website, users can get links to other websites related to a specific aspect. This does not mean that we are related to the websites or companies that own these websites. Although we intend to connect users to sites of interest, we are not responsible or jointly responsible for our employees, managers, or representatives. with other websites and information contained therein.</span></span></p>\n',1,NULL,'default','Copyrights and other intellectual property rights to all text, images, audio, software and other content on this site are owned by Flex Home and its affiliates. Users are allowed to view the contents of the website, cite the contents by printing, downloading the hard disk and distributing it to others for non-commercial purposes.','published','2023-11-14 23:24:54','2023-11-14 23:24:54'),(46,'Cookie Policy','<h3>EU Cookie Consent</h3><p>To use this website we are using Cookies and collecting some Data. To be compliant with the EU GDPR we give you to choose if you allow us to use certain Cookies and to collect some Data.</p><h4>Essential Data</h4><p>The Essential Data is needed to run the Site you are visiting technically. You can not deactivate them.</p><p>- Session Cookie: PHP uses a Cookie to identify user sessions. Without this Cookie the Website is not working.</p><p>- XSRF-Token Cookie: Laravel automatically generates a CSRF \"token\" for each active user session managed by the application. This token is used to verify that the authenticated user is the one actually making the requests to the application.</p>',1,NULL,'default',NULL,'published','2023-11-14 23:24:54','2023-11-14 23:24:54'),(47,'Properties','<div>[properties-list title=\"Discover our properties\" description=\"Discover our properties\" description=\"Each place is a good choice, it will help you make the right decision, do not miss the opportunity to discover our wonderful properties.\" number_of_properties_per_page=\"12\"][/properties-list]</div>',1,NULL,'homepage',NULL,'published','2023-11-14 23:24:54','2023-11-14 23:24:54'),(48,'Projects','<div>[projects-list  title=\"Discover our projects\" description=\"We make the best choices with the hottest and most prestigious projects, please visit the details below to find out more\" number_of_projects_per_page=\"12\"][/projects-list]</div>',1,NULL,'homepage',NULL,'published','2023-11-14 23:24:54','2023-11-14 23:24:54'),(49,'Home','<div>[search-box title=\"Find your favorite homes at Flex Home\" background_image=\"general/home-banner.jpg\" enable_search_projects_on_homepage_search=\"yes\" default_home_search_type=\"project\"][/search-box]</div><div>[featured-projects title=\"Featured projects\" subtitle=\"We make the best choices with the hottest and most prestigious projects, please visit the details below to find out more.\" limit=\"4\"][/featured-projects]</div><div>[properties-by-locations title=\"Properties by locations\" subtitle=\"Each place is a good choice, it will help you make the right decision, do not miss the opportunity to discover our wonderful properties.\" city=\"1,2,3,4,5\"][/properties-by-locations]</div><div>[properties-for-sale title=\"Properties For Sale\" subtitle=\"Below is a list of properties that are currently up for sale\" limit=\"8\"][/properties-for-sale]</div><div>[properties-for-rent title=\"Properties For Rent\" subtitle=\"Below is a detailed price list of each property for rent\" limit=\"8\"][/properties-for-rent]</div><div>[featured-agents title=\"Featured Agents\"][/featured-agents]</div><div>[recently-viewed-properties title=\"Recently Viewed Properties\" subtitle=\"Your currently viewed properties.\" limit=\"8\"][/recently-viewed-properties]</div><div>[latest-news title=\"News\" subtitle=\"Below is the latest real estate news we get regularly updated from reliable sources.\" limit=\"4\"][/latest-news]</div>',1,NULL,'homepage',NULL,'published','2023-11-15 03:04:26','2023-11-15 03:04:26'),(50,'News','---',1,NULL,'default',NULL,'published','2023-11-15 03:04:26','2023-11-15 03:04:26'),(51,'About us','<h4><span style=\"font-size:18px;\"><b>1. COMPANY</b><span style=\"font-family:Arial,Helvetica,sans-serif;\"><strong> PROFILE</strong></span></span></h4>\n\n<p><span style=\"font-size:16px;\"><span style=\"font-family:Arial,Helvetica,sans-serif;\">Founded on August 28, 1993 (formerly known as Truong Thinh Phat Construction Co., Ltd.), Flex Home operates in the field of real estate business, building villas for rent.<br />\nWith the slogan &quot;Breaking time, through space&quot; with a sustainable development strategy, taking Real Estate as a focus area, Flex Home is constantly connecting between buyers and sellers in the field. Real estate, bringing people closer together, over the distance of time and space, is a reliable place for real estate investment - an area that is constantly evolving over time.</span></span></p>\n\n<blockquote>\n<h2 style=\"font-style: italic; text-align: center;\"><span style=\"font-size:24px;\"><strong><span style=\"font-family:Arial,Helvetica,sans-serif;\"><span style=\"color:#16a085;\">&quot;Breaking time, through space&quot;</span></span></strong></span></h2>\n</blockquote>\n\n<h4 style=\"text-align: center;\"><img alt=\"\" src=\"https://flex-home.test/storage/general/asset-3-at-3x.png\" style=\"width: 90%;\" /></h4>\n\n<h4><span style=\"font-size:18px;\"><b><font face=\"Arial, Helvetica, sans-serif\">2. VISION&nbsp;</font></b></span></h4>\n\n<p><span style=\"font-size:16px;\"><span style=\"font-family:Arial,Helvetica,sans-serif;\">- Acquiring domestic areas.<br />\n- Reaching far across continents.</span></span></p>\n\n<h4><span style=\"font-size:18px;\"><b>3. MISSION</b></span></h4>\n\n<p><span style=\"font-size:16px;\"><span style=\"font-family:Arial,Helvetica,sans-serif;\">- Creating the community<br />\n- Building destinations<br />\n- Nurture happiness</span></span></p>\n\n<p><img alt=\"\" src=\"https://flex-home.test/storage/general/vietnam-office-4.jpg\" /></p>\n',1,NULL,'default','Founded on August 28, 1993 (formerly known as Truong Thinh Phat Construction Co., Ltd.), Flex Home operates in the field of real estate business, building villas for rent.\nWith the slogan \"Breaking time, through space\" with a sustainable development strategy, taking Real Estate as a focus area, Flex Home is constantly connecting between buyers and sellers in the field.','published','2023-11-15 03:04:26','2023-11-15 03:04:26'),(52,'Contact','<p>[contact-form][/contact-form]<br />\n&nbsp;</p>\n\n<h3>Directions</h3>\n\n<p>[google-map]North Link Building, 10 Admiralty Street, 757695 Singapore[/google-map]</p>\n\n<p>&nbsp;</p>',1,NULL,'default',NULL,'published','2023-11-15 03:04:26','2023-11-15 03:04:26'),(53,'Terms &amp; Conditions','<p style=\"text-align: justify;\"><span style=\"font-size:16px;\"><span style=\"font-family:Arial,Helvetica,sans-serif;\">Access to and use of the Flex Home website is subject to the following terms, conditions, and relevant laws of Vietnam.</span></span></p>\n\n<h4 style=\"text-align: justify;\"><span style=\"font-size:18px;\"><span style=\"font-family:Arial,Helvetica,sans-serif;\"><strong>1. Copyright</strong></span></span></h4>\n\n<p style=\"text-align: justify;\"><span style=\"font-size:16px;\"><span style=\"font-family:Arial,Helvetica,sans-serif;\">Copyrights and other intellectual property rights to all text, images, audio, software and other content on this site are owned by Flex Home and its affiliates. Users are allowed to view the contents of the website, cite the contents by printing, downloading the hard disk and distributing it to others for non-commercial purposes, providing information or personal purposes. </span></span><span style=\"font-size:16px;\"><span style=\"font-family:Arial,Helvetica,sans-serif;\">Any content from this site may not be used for sale or distribution for profit, nor may it be edited or included in any other publication or website.</span></span></p>\n\n<h4 style=\"text-align: justify;\"><span style=\"font-size:18px;\"><span style=\"font-family:Arial,Helvetica,sans-serif;\"><strong>2. Content</strong></span></span></h4>\n\n<p style=\"text-align: justify;\"><span style=\"font-size:16px;\"><span style=\"font-family:Arial,Helvetica,sans-serif;\">The information on this website is compiled with great confidence but for general information research purposes only. While we endeavor to maintain updated and accurate information, we make no representations or warranties in any manner regarding completeness, accuracy, reliability, appropriateness or availability in relation to web site, or related information, product, service, or image within the website for any purpose. </span></span></p>\n\n<p style=\"text-align: justify;\"><span style=\"font-size:16px;\"><span style=\"font-family:Arial,Helvetica,sans-serif;\">Flex Home and its employees, managers, and agents are not responsible for any loss, damage or expense incurred as a result of accessing and using this website and the sites. </span></span><span style=\"font-size:16px;\"><span style=\"font-family:Arial,Helvetica,sans-serif;\">The web is connected to it, including but not limited to, loss of profits, direct or indirect losses. We are also not responsible, or jointly responsible, if the site is temporarily inaccessible due to technical issues beyond our control. Any comments, suggestions, images, ideas and other information or materials that users submit to us through this site will become our exclusive property, including the right to may arise in the future associated with us.</span></span></p>\n\n<p style=\"text-align: center;\"><span style=\"font-size:16px;\"><span style=\"font-family:Arial,Helvetica,sans-serif;\"><img alt=\"\" src=\"https://flex-home.test/storage/general/copyright.jpg\" style=\"width: 90%;\" /></span></span></p>\n\n<h4 style=\"text-align: justify;\"><span style=\"font-size:18px;\"><span style=\"font-family:Arial,Helvetica,sans-serif;\"><strong>3. Note on&nbsp;connected sites</strong></span></span></h4>\n\n<p style=\"text-align: justify;\"><span style=\"font-size:16px;\"><span style=\"font-family:Arial,Helvetica,sans-serif;\">At many points in the website, users can get links to other websites related to a specific aspect. This does not mean that we are related to the websites or companies that own these websites. Although we intend to connect users to sites of interest, we are not responsible or jointly responsible for our employees, managers, or representatives. with other websites and information contained therein.</span></span></p>\n',1,NULL,'default','Copyrights and other intellectual property rights to all text, images, audio, software and other content on this site are owned by Flex Home and its affiliates. Users are allowed to view the contents of the website, cite the contents by printing, downloading the hard disk and distributing it to others for non-commercial purposes.','published','2023-11-15 03:04:26','2023-11-15 03:04:26'),(54,'Cookie Policy','<h3>EU Cookie Consent</h3><p>To use this website we are using Cookies and collecting some Data. To be compliant with the EU GDPR we give you to choose if you allow us to use certain Cookies and to collect some Data.</p><h4>Essential Data</h4><p>The Essential Data is needed to run the Site you are visiting technically. You can not deactivate them.</p><p>- Session Cookie: PHP uses a Cookie to identify user sessions. Without this Cookie the Website is not working.</p><p>- XSRF-Token Cookie: Laravel automatically generates a CSRF \"token\" for each active user session managed by the application. This token is used to verify that the authenticated user is the one actually making the requests to the application.</p>',1,NULL,'default',NULL,'published','2023-11-15 03:04:26','2023-11-15 03:04:26'),(55,'Properties','<div>[properties-list title=\"Discover our properties\" description=\"Discover our properties\" description=\"Each place is a good choice, it will help you make the right decision, do not miss the opportunity to discover our wonderful properties.\" number_of_properties_per_page=\"12\"][/properties-list]</div>',1,NULL,'homepage',NULL,'published','2023-11-15 03:04:26','2023-11-15 03:04:26'),(56,'Projects','<div>[projects-list  title=\"Discover our projects\" description=\"We make the best choices with the hottest and most prestigious projects, please visit the details below to find out more\" number_of_projects_per_page=\"12\"][/projects-list]</div>',1,NULL,'homepage',NULL,'published','2023-11-15 03:04:26','2023-11-15 03:04:26'),(57,'Home','<div>[search-box title=\"Find your favorite homes at Flex Home\" background_image=\"general/home-banner.jpg\" enable_search_projects_on_homepage_search=\"yes\" default_home_search_type=\"project\"][/search-box]</div><div>[featured-projects title=\"Featured projects\" subtitle=\"We make the best choices with the hottest and most prestigious projects, please visit the details below to find out more.\" limit=\"4\"][/featured-projects]</div><div>[properties-by-locations title=\"Properties by locations\" subtitle=\"Each place is a good choice, it will help you make the right decision, do not miss the opportunity to discover our wonderful properties.\" city=\"1,2,3,4,5\"][/properties-by-locations]</div><div>[properties-for-sale title=\"Properties For Sale\" subtitle=\"Below is a list of properties that are currently up for sale\" limit=\"8\"][/properties-for-sale]</div><div>[properties-for-rent title=\"Properties For Rent\" subtitle=\"Below is a detailed price list of each property for rent\" limit=\"8\"][/properties-for-rent]</div><div>[featured-agents title=\"Featured Agents\"][/featured-agents]</div><div>[recently-viewed-properties title=\"Recently Viewed Properties\" subtitle=\"Your currently viewed properties.\" limit=\"8\"][/recently-viewed-properties]</div><div>[latest-news title=\"News\" subtitle=\"Below is the latest real estate news we get regularly updated from reliable sources.\" limit=\"4\"][/latest-news]</div>',1,NULL,'homepage',NULL,'published','2023-11-15 09:22:02','2023-11-15 09:22:02'),(58,'News','---',1,NULL,'default',NULL,'published','2023-11-15 09:22:02','2023-11-15 09:22:02'),(59,'About us','<h4><span style=\"font-size:18px;\"><b>1. COMPANY</b><span style=\"font-family:Arial,Helvetica,sans-serif;\"><strong> PROFILE</strong></span></span></h4>\n\n<p><span style=\"font-size:16px;\"><span style=\"font-family:Arial,Helvetica,sans-serif;\">Founded on August 28, 1993 (formerly known as Truong Thinh Phat Construction Co., Ltd.), Flex Home operates in the field of real estate business, building villas for rent.<br />\nWith the slogan &quot;Breaking time, through space&quot; with a sustainable development strategy, taking Real Estate as a focus area, Flex Home is constantly connecting between buyers and sellers in the field. Real estate, bringing people closer together, over the distance of time and space, is a reliable place for real estate investment - an area that is constantly evolving over time.</span></span></p>\n\n<blockquote>\n<h2 style=\"font-style: italic; text-align: center;\"><span style=\"font-size:24px;\"><strong><span style=\"font-family:Arial,Helvetica,sans-serif;\"><span style=\"color:#16a085;\">&quot;Breaking time, through space&quot;</span></span></strong></span></h2>\n</blockquote>\n\n<h4 style=\"text-align: center;\"><img alt=\"\" src=\"https://flex-home.test/storage/general/asset-3-at-3x.png\" style=\"width: 90%;\" /></h4>\n\n<h4><span style=\"font-size:18px;\"><b><font face=\"Arial, Helvetica, sans-serif\">2. VISION&nbsp;</font></b></span></h4>\n\n<p><span style=\"font-size:16px;\"><span style=\"font-family:Arial,Helvetica,sans-serif;\">- Acquiring domestic areas.<br />\n- Reaching far across continents.</span></span></p>\n\n<h4><span style=\"font-size:18px;\"><b>3. MISSION</b></span></h4>\n\n<p><span style=\"font-size:16px;\"><span style=\"font-family:Arial,Helvetica,sans-serif;\">- Creating the community<br />\n- Building destinations<br />\n- Nurture happiness</span></span></p>\n\n<p><img alt=\"\" src=\"https://flex-home.test/storage/general/vietnam-office-4.jpg\" /></p>\n',1,NULL,'default','Founded on August 28, 1993 (formerly known as Truong Thinh Phat Construction Co., Ltd.), Flex Home operates in the field of real estate business, building villas for rent.\nWith the slogan \"Breaking time, through space\" with a sustainable development strategy, taking Real Estate as a focus area, Flex Home is constantly connecting between buyers and sellers in the field.','published','2023-11-15 09:22:02','2023-11-15 09:22:02'),(60,'Contact','<p>[contact-form][/contact-form]<br />\n&nbsp;</p>\n\n<h3>Directions</h3>\n\n<p>[google-map]North Link Building, 10 Admiralty Street, 757695 Singapore[/google-map]</p>\n\n<p>&nbsp;</p>',1,NULL,'default',NULL,'published','2023-11-15 09:22:02','2023-11-15 09:22:02'),(61,'Terms &amp; Conditions','<p style=\"text-align: justify;\"><span style=\"font-size:16px;\"><span style=\"font-family:Arial,Helvetica,sans-serif;\">Access to and use of the Flex Home website is subject to the following terms, conditions, and relevant laws of Vietnam.</span></span></p>\n\n<h4 style=\"text-align: justify;\"><span style=\"font-size:18px;\"><span style=\"font-family:Arial,Helvetica,sans-serif;\"><strong>1. Copyright</strong></span></span></h4>\n\n<p style=\"text-align: justify;\"><span style=\"font-size:16px;\"><span style=\"font-family:Arial,Helvetica,sans-serif;\">Copyrights and other intellectual property rights to all text, images, audio, software and other content on this site are owned by Flex Home and its affiliates. Users are allowed to view the contents of the website, cite the contents by printing, downloading the hard disk and distributing it to others for non-commercial purposes, providing information or personal purposes. </span></span><span style=\"font-size:16px;\"><span style=\"font-family:Arial,Helvetica,sans-serif;\">Any content from this site may not be used for sale or distribution for profit, nor may it be edited or included in any other publication or website.</span></span></p>\n\n<h4 style=\"text-align: justify;\"><span style=\"font-size:18px;\"><span style=\"font-family:Arial,Helvetica,sans-serif;\"><strong>2. Content</strong></span></span></h4>\n\n<p style=\"text-align: justify;\"><span style=\"font-size:16px;\"><span style=\"font-family:Arial,Helvetica,sans-serif;\">The information on this website is compiled with great confidence but for general information research purposes only. While we endeavor to maintain updated and accurate information, we make no representations or warranties in any manner regarding completeness, accuracy, reliability, appropriateness or availability in relation to web site, or related information, product, service, or image within the website for any purpose. </span></span></p>\n\n<p style=\"text-align: justify;\"><span style=\"font-size:16px;\"><span style=\"font-family:Arial,Helvetica,sans-serif;\">Flex Home and its employees, managers, and agents are not responsible for any loss, damage or expense incurred as a result of accessing and using this website and the sites. </span></span><span style=\"font-size:16px;\"><span style=\"font-family:Arial,Helvetica,sans-serif;\">The web is connected to it, including but not limited to, loss of profits, direct or indirect losses. We are also not responsible, or jointly responsible, if the site is temporarily inaccessible due to technical issues beyond our control. Any comments, suggestions, images, ideas and other information or materials that users submit to us through this site will become our exclusive property, including the right to may arise in the future associated with us.</span></span></p>\n\n<p style=\"text-align: center;\"><span style=\"font-size:16px;\"><span style=\"font-family:Arial,Helvetica,sans-serif;\"><img alt=\"\" src=\"https://flex-home.test/storage/general/copyright.jpg\" style=\"width: 90%;\" /></span></span></p>\n\n<h4 style=\"text-align: justify;\"><span style=\"font-size:18px;\"><span style=\"font-family:Arial,Helvetica,sans-serif;\"><strong>3. Note on&nbsp;connected sites</strong></span></span></h4>\n\n<p style=\"text-align: justify;\"><span style=\"font-size:16px;\"><span style=\"font-family:Arial,Helvetica,sans-serif;\">At many points in the website, users can get links to other websites related to a specific aspect. This does not mean that we are related to the websites or companies that own these websites. Although we intend to connect users to sites of interest, we are not responsible or jointly responsible for our employees, managers, or representatives. with other websites and information contained therein.</span></span></p>\n',1,NULL,'default','Copyrights and other intellectual property rights to all text, images, audio, software and other content on this site are owned by Flex Home and its affiliates. Users are allowed to view the contents of the website, cite the contents by printing, downloading the hard disk and distributing it to others for non-commercial purposes.','published','2023-11-15 09:22:02','2023-11-15 09:22:02'),(62,'Cookie Policy','<h3>EU Cookie Consent</h3><p>To use this website we are using Cookies and collecting some Data. To be compliant with the EU GDPR we give you to choose if you allow us to use certain Cookies and to collect some Data.</p><h4>Essential Data</h4><p>The Essential Data is needed to run the Site you are visiting technically. You can not deactivate them.</p><p>- Session Cookie: PHP uses a Cookie to identify user sessions. Without this Cookie the Website is not working.</p><p>- XSRF-Token Cookie: Laravel automatically generates a CSRF \"token\" for each active user session managed by the application. This token is used to verify that the authenticated user is the one actually making the requests to the application.</p>',1,NULL,'default',NULL,'published','2023-11-15 09:22:02','2023-11-15 09:22:02'),(63,'Properties','<div>[properties-list title=\"Discover our properties\" description=\"Discover our properties\" description=\"Each place is a good choice, it will help you make the right decision, do not miss the opportunity to discover our wonderful properties.\" number_of_properties_per_page=\"12\"][/properties-list]</div>',1,NULL,'homepage',NULL,'published','2023-11-15 09:22:02','2023-11-15 09:22:02'),(64,'Projects','<div>[projects-list  title=\"Discover our projects\" description=\"We make the best choices with the hottest and most prestigious projects, please visit the details below to find out more\" number_of_projects_per_page=\"12\"][/projects-list]</div>',1,NULL,'homepage',NULL,'published','2023-11-15 09:22:02','2023-11-15 09:22:02'),(65,'Home','<div>[search-box title=\"Find your favorite homes at Flex Home\" background_image=\"general/home-banner.jpg\" enable_search_projects_on_homepage_search=\"yes\" default_home_search_type=\"project\"][/search-box]</div><div>[featured-projects title=\"Featured projects\" subtitle=\"We make the best choices with the hottest and most prestigious projects, please visit the details below to find out more.\" limit=\"4\"][/featured-projects]</div><div>[properties-by-locations title=\"Properties by locations\" subtitle=\"Each place is a good choice, it will help you make the right decision, do not miss the opportunity to discover our wonderful properties.\" city=\"1,2,3,4,5\"][/properties-by-locations]</div><div>[properties-for-sale title=\"Properties For Sale\" subtitle=\"Below is a list of properties that are currently up for sale\" limit=\"8\"][/properties-for-sale]</div><div>[properties-for-rent title=\"Properties For Rent\" subtitle=\"Below is a detailed price list of each property for rent\" limit=\"8\"][/properties-for-rent]</div><div>[featured-agents title=\"Featured Agents\"][/featured-agents]</div><div>[recently-viewed-properties title=\"Recently Viewed Properties\" subtitle=\"Your currently viewed properties.\" limit=\"8\"][/recently-viewed-properties]</div><div>[latest-news title=\"News\" subtitle=\"Below is the latest real estate news we get regularly updated from reliable sources.\" limit=\"4\"][/latest-news]</div>',1,NULL,'homepage',NULL,'published','2023-11-19 23:02:04','2023-11-19 23:02:04'),(66,'News','---',1,NULL,'default',NULL,'published','2023-11-19 23:02:04','2023-11-19 23:02:04'),(67,'About us','<h4><span style=\"font-size:18px;\"><b>1. COMPANY</b><span style=\"font-family:Arial,Helvetica,sans-serif;\"><strong> PROFILE</strong></span></span></h4>\n\n<p><span style=\"font-size:16px;\"><span style=\"font-family:Arial,Helvetica,sans-serif;\">Founded on August 28, 1993 (formerly known as Truong Thinh Phat Construction Co., Ltd.), Flex Home operates in the field of real estate business, building villas for rent.<br />\nWith the slogan &quot;Breaking time, through space&quot; with a sustainable development strategy, taking Real Estate as a focus area, Flex Home is constantly connecting between buyers and sellers in the field. Real estate, bringing people closer together, over the distance of time and space, is a reliable place for real estate investment - an area that is constantly evolving over time.</span></span></p>\n\n<blockquote>\n<h2 style=\"font-style: italic; text-align: center;\"><span style=\"font-size:24px;\"><strong><span style=\"font-family:Arial,Helvetica,sans-serif;\"><span style=\"color:#16a085;\">&quot;Breaking time, through space&quot;</span></span></strong></span></h2>\n</blockquote>\n\n<h4 style=\"text-align: center;\"><img alt=\"\" src=\"https://flex-home.test/storage/general/asset-3-at-3x.png\" style=\"width: 90%;\" /></h4>\n\n<h4><span style=\"font-size:18px;\"><b><font face=\"Arial, Helvetica, sans-serif\">2. VISION&nbsp;</font></b></span></h4>\n\n<p><span style=\"font-size:16px;\"><span style=\"font-family:Arial,Helvetica,sans-serif;\">- Acquiring domestic areas.<br />\n- Reaching far across continents.</span></span></p>\n\n<h4><span style=\"font-size:18px;\"><b>3. MISSION</b></span></h4>\n\n<p><span style=\"font-size:16px;\"><span style=\"font-family:Arial,Helvetica,sans-serif;\">- Creating the community<br />\n- Building destinations<br />\n- Nurture happiness</span></span></p>\n\n<p><img alt=\"\" src=\"https://flex-home.test/storage/general/vietnam-office-4.jpg\" /></p>\n',1,NULL,'default','Founded on August 28, 1993 (formerly known as Truong Thinh Phat Construction Co., Ltd.), Flex Home operates in the field of real estate business, building villas for rent.\nWith the slogan \"Breaking time, through space\" with a sustainable development strategy, taking Real Estate as a focus area, Flex Home is constantly connecting between buyers and sellers in the field.','published','2023-11-19 23:02:04','2023-11-19 23:02:04'),(68,'Contact','<p>[contact-form][/contact-form]<br />\n&nbsp;</p>\n\n<h3>Directions</h3>\n\n<p>[google-map]North Link Building, 10 Admiralty Street, 757695 Singapore[/google-map]</p>\n\n<p>&nbsp;</p>',1,NULL,'default',NULL,'published','2023-11-19 23:02:04','2023-11-19 23:02:04'),(69,'Terms &amp; Conditions','<p style=\"text-align: justify;\"><span style=\"font-size:16px;\"><span style=\"font-family:Arial,Helvetica,sans-serif;\">Access to and use of the Flex Home website is subject to the following terms, conditions, and relevant laws of Vietnam.</span></span></p>\n\n<h4 style=\"text-align: justify;\"><span style=\"font-size:18px;\"><span style=\"font-family:Arial,Helvetica,sans-serif;\"><strong>1. Copyright</strong></span></span></h4>\n\n<p style=\"text-align: justify;\"><span style=\"font-size:16px;\"><span style=\"font-family:Arial,Helvetica,sans-serif;\">Copyrights and other intellectual property rights to all text, images, audio, software and other content on this site are owned by Flex Home and its affiliates. Users are allowed to view the contents of the website, cite the contents by printing, downloading the hard disk and distributing it to others for non-commercial purposes, providing information or personal purposes. </span></span><span style=\"font-size:16px;\"><span style=\"font-family:Arial,Helvetica,sans-serif;\">Any content from this site may not be used for sale or distribution for profit, nor may it be edited or included in any other publication or website.</span></span></p>\n\n<h4 style=\"text-align: justify;\"><span style=\"font-size:18px;\"><span style=\"font-family:Arial,Helvetica,sans-serif;\"><strong>2. Content</strong></span></span></h4>\n\n<p style=\"text-align: justify;\"><span style=\"font-size:16px;\"><span style=\"font-family:Arial,Helvetica,sans-serif;\">The information on this website is compiled with great confidence but for general information research purposes only. While we endeavor to maintain updated and accurate information, we make no representations or warranties in any manner regarding completeness, accuracy, reliability, appropriateness or availability in relation to web site, or related information, product, service, or image within the website for any purpose. </span></span></p>\n\n<p style=\"text-align: justify;\"><span style=\"font-size:16px;\"><span style=\"font-family:Arial,Helvetica,sans-serif;\">Flex Home and its employees, managers, and agents are not responsible for any loss, damage or expense incurred as a result of accessing and using this website and the sites. </span></span><span style=\"font-size:16px;\"><span style=\"font-family:Arial,Helvetica,sans-serif;\">The web is connected to it, including but not limited to, loss of profits, direct or indirect losses. We are also not responsible, or jointly responsible, if the site is temporarily inaccessible due to technical issues beyond our control. Any comments, suggestions, images, ideas and other information or materials that users submit to us through this site will become our exclusive property, including the right to may arise in the future associated with us.</span></span></p>\n\n<p style=\"text-align: center;\"><span style=\"font-size:16px;\"><span style=\"font-family:Arial,Helvetica,sans-serif;\"><img alt=\"\" src=\"https://flex-home.test/storage/general/copyright.jpg\" style=\"width: 90%;\" /></span></span></p>\n\n<h4 style=\"text-align: justify;\"><span style=\"font-size:18px;\"><span style=\"font-family:Arial,Helvetica,sans-serif;\"><strong>3. Note on&nbsp;connected sites</strong></span></span></h4>\n\n<p style=\"text-align: justify;\"><span style=\"font-size:16px;\"><span style=\"font-family:Arial,Helvetica,sans-serif;\">At many points in the website, users can get links to other websites related to a specific aspect. This does not mean that we are related to the websites or companies that own these websites. Although we intend to connect users to sites of interest, we are not responsible or jointly responsible for our employees, managers, or representatives. with other websites and information contained therein.</span></span></p>\n',1,NULL,'default','Copyrights and other intellectual property rights to all text, images, audio, software and other content on this site are owned by Flex Home and its affiliates. Users are allowed to view the contents of the website, cite the contents by printing, downloading the hard disk and distributing it to others for non-commercial purposes.','published','2023-11-19 23:02:04','2023-11-19 23:02:04'),(70,'Cookie Policy','<h3>EU Cookie Consent</h3><p>To use this website we are using Cookies and collecting some Data. To be compliant with the EU GDPR we give you to choose if you allow us to use certain Cookies and to collect some Data.</p><h4>Essential Data</h4><p>The Essential Data is needed to run the Site you are visiting technically. You can not deactivate them.</p><p>- Session Cookie: PHP uses a Cookie to identify user sessions. Without this Cookie the Website is not working.</p><p>- XSRF-Token Cookie: Laravel automatically generates a CSRF \"token\" for each active user session managed by the application. This token is used to verify that the authenticated user is the one actually making the requests to the application.</p>',1,NULL,'default',NULL,'published','2023-11-19 23:02:04','2023-11-19 23:02:04'),(71,'Properties','<div>[properties-list title=\"Discover our properties\" description=\"Discover our properties\" description=\"Each place is a good choice, it will help you make the right decision, do not miss the opportunity to discover our wonderful properties.\" number_of_properties_per_page=\"12\"][/properties-list]</div>',1,NULL,'homepage',NULL,'published','2023-11-19 23:02:04','2023-11-19 23:02:04'),(72,'Projects','<div>[projects-list  title=\"Discover our projects\" description=\"We make the best choices with the hottest and most prestigious projects, please visit the details below to find out more\" number_of_projects_per_page=\"12\"][/projects-list]</div>',1,NULL,'homepage',NULL,'published','2023-11-19 23:02:04','2023-11-19 23:02:04');

--
-- Table structure for table `pages_translations`
--

CREATE TABLE `pages_translations` (
  `lang_code` varchar(191) CHARACTER SET utf8mb4 COLLATE utf8mb4_unicode_ci NOT NULL,
  `pages_id` int NOT NULL,
  `name` varchar(255) CHARACTER SET utf8mb4 COLLATE utf8mb4_unicode_ci DEFAULT NULL,
  `description` varchar(400) CHARACTER SET utf8mb4 COLLATE utf8mb4_unicode_ci DEFAULT NULL,
  `content` longtext CHARACTER SET utf8mb4 COLLATE utf8mb4_unicode_ci,
  PRIMARY KEY (`lang_code`,`pages_id`)
) ENGINE=InnoDB DEFAULT CHARSET=utf8mb4 COLLATE=utf8mb4_unicode_ci;

--
-- Dumping data for table `pages_translations`
--


--
-- Table structure for table `password_reset_tokens`
--

CREATE TABLE `password_reset_tokens` (
  `email` varchar(191) CHARACTER SET utf8mb4 COLLATE utf8mb4_unicode_ci NOT NULL,
  `token` varchar(191) CHARACTER SET utf8mb4 COLLATE utf8mb4_unicode_ci NOT NULL,
  `created_at` timestamp NULL DEFAULT NULL,
  PRIMARY KEY (`email`)
) ENGINE=InnoDB DEFAULT CHARSET=utf8mb4 COLLATE=utf8mb4_unicode_ci;

--
-- Dumping data for table `password_reset_tokens`
--


--
-- Table structure for table `payments`
--

CREATE TABLE `payments` (
  `id` int unsigned NOT NULL AUTO_INCREMENT,
  `amount` decimal(15,2) unsigned NOT NULL,
  `currency` varchar(120) CHARACTER SET utf8mb4 COLLATE utf8mb4_unicode_ci DEFAULT NULL,
  `user_id` int unsigned NOT NULL DEFAULT '0',
  `charge_id` varchar(255) CHARACTER SET utf8mb4 COLLATE utf8mb4_unicode_ci DEFAULT NULL,
  `payment_channel` varchar(60) CHARACTER SET utf8mb4 COLLATE utf8mb4_unicode_ci DEFAULT NULL,
  `created_at` timestamp NULL DEFAULT NULL,
  `updated_at` timestamp NULL DEFAULT NULL,
  `description` varchar(255) CHARACTER SET utf8mb4 COLLATE utf8mb4_unicode_ci DEFAULT NULL,
  `order_id` int unsigned DEFAULT NULL,
  `status` varchar(60) CHARACTER SET utf8mb4 COLLATE utf8mb4_unicode_ci DEFAULT 'pending',
  `payment_type` varchar(191) CHARACTER SET utf8mb4 COLLATE utf8mb4_unicode_ci DEFAULT 'confirm',
  `customer_id` int unsigned DEFAULT NULL,
  `refunded_amount` decimal(15,2) unsigned DEFAULT NULL,
  `refund_note` varchar(255) CHARACTER SET utf8mb4 COLLATE utf8mb4_unicode_ci DEFAULT NULL,
  `customer_type` varchar(255) CHARACTER SET utf8mb4 COLLATE utf8mb4_unicode_ci DEFAULT NULL,
  `metadata` mediumtext CHARACTER SET utf8mb4 COLLATE utf8mb4_unicode_ci,
  PRIMARY KEY (`id`)
) ENGINE=InnoDB AUTO_INCREMENT=2 DEFAULT CHARSET=utf8mb4 COLLATE=utf8mb4_unicode_ci;

--
-- Dumping data for table `payments`
--

INSERT INTO `payments` VALUES (1,250.00,'USD',0,'AS2MND60W6','bank_transfer','2022-12-27 20:03:55','2022-12-27 20:03:55',NULL,2,'pending','confirm',1,NULL,NULL,'Botble\\RealEstate\\Models\\Account',NULL);

--
-- Table structure for table `personal_access_tokens`
--

CREATE TABLE `personal_access_tokens` (
  `id` bigint unsigned NOT NULL AUTO_INCREMENT,
  `tokenable_type` varchar(191) CHARACTER SET utf8mb4 COLLATE utf8mb4_unicode_ci NOT NULL,
  `tokenable_id` bigint unsigned NOT NULL,
  `name` varchar(191) CHARACTER SET utf8mb4 COLLATE utf8mb4_unicode_ci NOT NULL,
  `token` varchar(64) CHARACTER SET utf8mb4 COLLATE utf8mb4_unicode_ci NOT NULL,
  `abilities` text CHARACTER SET utf8mb4 COLLATE utf8mb4_unicode_ci,
  `last_used_at` timestamp NULL DEFAULT NULL,
  `created_at` timestamp NULL DEFAULT NULL,
  `updated_at` timestamp NULL DEFAULT NULL,
  `expires_at` timestamp NULL DEFAULT NULL,
  PRIMARY KEY (`id`),
  UNIQUE KEY `personal_access_tokens_token_unique` (`token`),
  KEY `personal_access_tokens_tokenable_type_tokenable_id_index` (`tokenable_type`,`tokenable_id`)
) ENGINE=InnoDB DEFAULT CHARSET=utf8mb4 COLLATE=utf8mb4_unicode_ci;

--
-- Dumping data for table `personal_access_tokens`
--


--
-- Table structure for table `post_categories`
--

CREATE TABLE `post_categories` (
  `id` int unsigned NOT NULL AUTO_INCREMENT,
  `category_id` int unsigned NOT NULL,
  `post_id` int unsigned NOT NULL,
  PRIMARY KEY (`id`)
) ENGINE=InnoDB AUTO_INCREMENT=17 DEFAULT CHARSET=utf8mb4 COLLATE=utf8mb4_unicode_ci;

--
-- Dumping data for table `post_categories`
--

INSERT INTO `post_categories` VALUES (1,6,2313),(2,2,2314),(3,2,2315),(4,1,2316),(5,4,2317),(6,4,2318),(7,6,2319),(8,6,2320),(9,2,2321),(10,2,2322),(11,4,2323),(12,6,2324),(13,4,2325),(14,4,2326),(15,1,2327),(16,4,2328);

--
-- Table structure for table `post_tags`
--

CREATE TABLE `post_tags` (
  `id` int unsigned NOT NULL AUTO_INCREMENT,
  `tag_id` int unsigned NOT NULL,
  `post_id` int unsigned NOT NULL,
  PRIMARY KEY (`id`)
) ENGINE=InnoDB AUTO_INCREMENT=49 DEFAULT CHARSET=utf8mb4 COLLATE=utf8mb4_unicode_ci;

--
-- Dumping data for table `post_tags`
--

INSERT INTO `post_tags` VALUES (1,1,2313),(2,2,2313),(3,3,2313),(4,1,2314),(5,2,2314),(6,3,2314),(7,1,2315),(8,2,2315),(9,3,2315),(10,1,2316),(11,2,2316),(12,3,2316),(13,1,2317),(14,2,2317),(15,3,2317),(16,1,2318),(17,2,2318),(18,3,2318),(19,1,2319),(20,2,2319),(21,3,2319),(22,1,2320),(23,2,2320),(24,3,2320),(25,1,2321),(26,2,2321),(27,3,2321),(28,1,2322),(29,2,2322),(30,3,2322),(31,1,2323),(32,2,2323),(33,3,2323),(34,1,2324),(35,2,2324),(36,3,2324),(37,1,2325),(38,2,2325),(39,3,2325),(40,1,2326),(41,2,2326),(42,3,2326),(43,1,2327),(44,2,2327),(45,3,2327),(46,1,2328),(47,2,2328),(48,3,2328);

--
-- Table structure for table `posts`
--

CREATE TABLE `posts` (
  `id` int unsigned NOT NULL AUTO_INCREMENT,
  `name` varchar(255) CHARACTER SET utf8mb4 COLLATE utf8mb4_unicode_ci NOT NULL,
  `description` varchar(400) CHARACTER SET utf8mb4 COLLATE utf8mb4_unicode_ci DEFAULT NULL,
  `content` text CHARACTER SET utf8mb4 COLLATE utf8mb4_unicode_ci,
  `status` varchar(60) CHARACTER SET utf8mb4 COLLATE utf8mb4_unicode_ci NOT NULL DEFAULT 'published',
  `author_id` bigint unsigned DEFAULT NULL,
  `author_type` varchar(255) CHARACTER SET utf8mb4 COLLATE utf8mb4_unicode_ci NOT NULL DEFAULT 'Botble\\ACL\\Models\\User',
  `is_featured` tinyint unsigned NOT NULL DEFAULT '0',
  `image` varchar(255) CHARACTER SET utf8mb4 COLLATE utf8mb4_unicode_ci DEFAULT NULL,
  `views` int unsigned NOT NULL DEFAULT '0',
  `format_type` varchar(30) CHARACTER SET utf8mb4 COLLATE utf8mb4_unicode_ci DEFAULT NULL,
  `created_at` timestamp NULL DEFAULT NULL,
  `updated_at` timestamp NULL DEFAULT NULL,
  PRIMARY KEY (`id`),
  KEY `posts_status_author_id_author_type_created_at_index` (`status`,`author_id`,`author_type`,`created_at`)
) ENGINE=InnoDB AUTO_INCREMENT=2329 DEFAULT CHARSET=utf8mb4 COLLATE=utf8mb4_unicode_ci;

--
-- Dumping data for table `posts`
--

INSERT INTO `posts` VALUES (1,'BCG sets great store by real estate negotiations','BCG leaders shared with investors at a meeting this month that real estate and renewable energy will be the two main activities of the group. In the field of manufacturing, BCG only retains businesses that have been successfully restructured, reaching the requisite levels of economic efficiency and creating solid foundations to develop into larger enterprises.','<h2 style=\"font-style:italic;\">The profit of Bamboo Capital Group (BCG) is expected to grow tremendously during 2019-2023 thanks to a series of real estate as well as renewable energy projects, especially Radisson Blu Hoi An and King Crown Village Thao Dien.</h2>\r\n\r\n<p>BCG leaders shared with investors at a meeting this month that real estate and renewable energy will be the two main activities of the group. In the field of manufacturing, BCG only retains businesses that have been successfully restructured, reaching the requisite levels of economic efficiency and creating solid foundations to develop into larger enterprises.</p>\r\n\r\n<p>BCG expects to reach the after-tax profit of VND312 billion ($13.56 million) this year, VND681.5 ($29.6 million) in 2020, and VND826.5 billion ($35.93 million) in 2023. In real estate, BCG has implemented the Radisson Blu Hoi An project with the scale of 734 apartments and coastal villas, King Crown Village Thao Dien in District 2, Ho Chi Minh City with 17 villas in the first phase and serviced apartments and a hotel, as well as offices for lease in the second phase.</p>\r\n\r\n<p>BCG leaders shared that in 2019-2020, Radisson Blu Hoi An and King Crown Village Thao Dien will bring VND900 billion ($39.13 million) in profit to BCG, and the group is negotiating to transfer part of the group&rsquo;s capital in the two projects. BCG owns a hundred per cent in Radisson Blu Hoi An, and 48.5 per cent in King Crown Village Thao Dien.</p>\r\n\r\n<p>&quot;If we close the deals with our partners soon, BCG will fulfil the profit plan for 2019. Currently, the deal is still in progress, but we are confident in implementing our 2019 profit plan. If the deal is delayed for any reason, the profit will be transferred by the beginning of 2020,&quot; Pham Minh Tuan, deputy CEO of BCG, shared.</p>\r\n\r\n<p>The upcoming real estate projects of BCG include Condotel Pegas Nha Trang (2.74 hectares, implemented in 2020-2021), Bao Loc urban area (​​17ha, in 2019-2023), Loc Phat residential area (Bao Loc, Lam Dong &ndash; 46.9ha, implemented from 2019 to 2022), Hoa Ninh residential area (Di Linh, Lam Dong &ndash;49.3ha, implemented in 2020-2023), Hiep Binh Chanh urban area (​​6.3ha, implemented in 2020-2022).</p>\r\n\r\n<p>Regarding the capital to meet BCG&#39;s investment needs, according to Nguyen Ho Nam, chairman of BCG, most of BCG&#39;s projects are co-operating with international corporations on issues like technical and technological issues, branding, or capital co-operation.</p>\r\n\r\n<p>BCG has signed a contract with KPMG Singapore to become the exclusive consultant for BCG to seek international funding and domestic banks to increase credit room for BCG to implement a new project. Along with that, BCG received capital contributions from South Korean investors including Hanwha Energy involved in solar power plant projects and real estate firm Woomi.</p>\r\n\r\n<p>BCG is also working with a strategic partner from Europe. In the field of renewable energy, BCG finished two solar energy projects in Long An with the total capacity of over 140MW. Of these, the BCG-CME Long An 1 solar power plant, which in BCG holds 37.5 per cent, has the capacity of 40.5MW and is expected to bring revenue of VND140-150 billion ($6.1-6.5 million) per year from 2020.</p>\r\n\r\n<p>BCG-CME Long An 2 (GAIA) has the capacity of 100.5MW and is expected to launch operations in this November, bringing revenue of about VND320 billion per year from 2020. BCG has a 32.5 per cent stake in GAIA.</p>\r\n\r\n<p>BCG-CME Long An 1 solar power plant sells electricity to Electricity of Vietnam at the price of 9.35 US cent per kW for 20 years, while GAIA hopes to sell electricity at 8.72 US cent per kW. In addition to the two projects above, BCG is trying to complete procedures for other solar power plants in Long An (100MW), Dak Lak (50MW), Gia Lai (300MW), Tay Ninh (165MW), a surface solar power plant in Quang Nam (200MW), a wind power plant in Soc Trang (50MW).</p>\r\n\r\n<p>At the two solar power plants in Long An, BCG worked with Vietnam-Oman Investment (VOI) and took up VND2 trillion in loans from local banks ($86.96 million &ndash; 65 per cent of the total investment capital of the two projects).</p>','published',1,'Botble\\ACL\\Models\\User',1,'properties/1-2.jpg',624,NULL,'2023-11-19 23:02:06','2023-11-19 23:02:06'),(2,'Private Home Sales Drop 27% In October','New private home sales in Singapore fell 27% in October from September, reported Channel News Asia, based on the data released by the Urban Redevelopment Authority (URA).\r\nAccording to URA data, developers only sold 928 units in October (955 units including executive condominiums), compared to 1,270 units from the previous month','<p>New private home sales in Singapore fell 27% in October from September, reported Channel News Asia, based on the data released by the&nbsp;Urban Redevelopment Authority (URA).</p>\r\n\r\n<p><strong>According to URA data,&nbsp;developers only sold 928 units in October (955 units including executive condominiums), compared to 1,270 units from the previous month.</strong></p>\r\n\r\n<p>However, on a year-to-year comparison, the figures show an 84.9% increase.</p>\r\n\r\n<p>The new homes sold in October in the Core Central Region (CCR) tripled to 182 units from September, the biggest recorded since March 2016, with Singaporeans buying 133 of those units.</p>\r\n\r\n<p>Analysts said the good performance was mainly due to new project launches in the area, including&nbsp;<strong>Midtown<a href=\"https://www.propertyguru.com.sg/property-for-sale/at-midtown-bay-23760\"> </a>Bay Residences</strong>,&nbsp;<strong>Neu at Novena</strong>&nbsp;and&nbsp;<strong>Royalgreen</strong>. The other new launch this month was Midwood, within the Outside of Central Region (OCR)</p>\r\n\r\n<p>The deficiency in major launches in the city fringe and mass-market segments like the OCR could have been a factor in the sales drop, said OrangeTee and Tie head of research and consultancy Christine Sun.</p>\r\n\r\n<p>&ldquo;Sales volumes tend to be lower when more luxury projects are being launched in a particular month, owing to the higher price tags and lower affordability,&rdquo; she said.</p>\r\n\r\n<p>URA Realis data show that this year saw 104 non-landed new homes sales reach S$5 million and above, which is the highest mark since 155 were purchased from January to October 2011, added Sun.</p>\r\n\r\n<p>High-profile transactions, such as James Dyson&rsquo;s purchase of Singapore&rsquo;s most expensive apartment, contributed to &ldquo;significant positive sentiments for developer sales,&rdquo; said property analyst Ong Kah Seng.</p>\r\n\r\n<p>&ldquo;Despite the global trade and geopolitical uncertainties, we believe demand for Singapore private homes is still relatively stable given the tight labour market, favourable interest rate environment, and relatively healthy household balance sheet,&rdquo; said Tricia Song, Colliers International head of research for Singapore.</p>\r\n\r\n<p>Ong believes the country&rsquo;s properties will become more attractive for foreign buyers wanting stable investments.</p>\r\n\r\n<p>&ldquo;There&rsquo;s increasing international attractiveness of Singapore residential properties as offering longer term stability to all profiles of buyers, including from foreigners who are eschewing investments in Hong Kong due to that city&rsquo;s heightening social turbulence,&rdquo; he noted.</p>','published',1,'Botble\\ACL\\Models\\User',1,'properties/2-2.jpg',1518,NULL,'2023-11-19 23:02:06','2023-11-19 23:02:06'),(3,'Singapore Overtakes Hong Kong In Terms Of Property Investment Prospects','Singapore now claims the top spot for real estate investment prospects in terms of price increases in 2020. Hong Kong, rocked by months of violent political protests, has fallen from 14th place to the bottom of the pile in 2019.','<p>The fortunes of Singapore and Hong Kong &ndash; two of Asia&rsquo;s hottest property markets &ndash; are going in different directions, reported Bloomberg citing a Urban Land Institute and PricewaterhouseCoopers LLP report.</p>\r\n\r\n<p><strong>Singapore now claims the top spot for real estate investment prospects&nbsp;in terms of price increases in 2020. Hong Kong, rocked by months of violent political protests, has fallen from 14th place to the bottom of the pile in 2019.</strong></p>\r\n\r\n<p>Hong Kong&rsquo;s drop to the least-favoured destination for real estate investment next year is due to its retail and tourism sectors taking a beating, affecting economic growth.</p>\r\n\r\n<p>The city-state has benefited from a surge in interest among investors who are steering clear of Hong Kong and China, which are viewed as &ldquo;geopolitical flashpoints&rdquo;.</p>\r\n\r\n<p>For the past few quarters, apartment prices in Singapore have rebounded, showing resilience in the residential market, with the office sector mostly absorbing the oversupply.</p>\r\n\r\n<p>Hong Kong&rsquo;s problems bode well for Singapore, at least for a little while, according to Urban Land Institute CEO Ed Walter.</p>\r\n\r\n<p>&ldquo;A lot of theory in investing is less about what was, versus what is or what is going to be,&rdquo; he added.</p>\r\n\r\n<p><strong>Singapore also saw a rise in property transactions in the first half, with majority of the activities driven by cross-border capital. Deals amounted to $4.9 billion (S$6.6 billion) in the period, a 73% year-on-year growth.</strong></p>\r\n\r\n<p>Walter described Hong Kong as having a &ldquo;very resilient market&rdquo;, backed by its high property prices. He believes that after the protests, sectors such as retail can recover quickly.</p>\r\n\r\n<p>&ldquo;The bigger issue is what happens from a political perspective and what does that signal about Hong Kong&rsquo;s place as a financial centre,&rdquo; he said.</p>\r\n\r\n<p><strong>Singapore placed second-to-last among 22 centres as recently as 2017, overtaken by cities such as Sydney, Tokyo and Bangalore as vacancies rose and rents dropped. In 2017, Hong Kong placed 18th.</strong></p>\r\n\r\n<p><img alt=\"\" src=\"https://flex-home.botble.com/storage/properties/3-2.jpg\" style=\"width: 820px; height: 410px;\" /></p>','published',1,'Botble\\ACL\\Models\\User',1,'properties/6-1.jpg',394,NULL,'2023-11-19 23:02:06','2023-11-19 23:02:06'),(4,'S. Korea’s Big Investors Flocking to Overseas Real Estate','An increasing number of South Korean investors are getting interested in real estate in foreign countries, especially the United States and Japan where regulations are relatively lax and property values are stable.','<h2>KEB Hana Bank held a seminar on the global real estate investment strategy at its head office in Seoul on May 23 and nearly 100 customers attended it.</h2>\r\n\r\n<p>Hana Bank&rsquo;s private banker (PB) business division held the seminar for affluent customers to explain the procedure for taking out loans and remitting money to make an investment in real estate in major cities around the world, including New York, Los Angeles in the United States and Tokyo in Japan.</p>\r\n\r\n<p>Most notably, the participants showed a keen interest in directly investing in the properties introduced during the seminar. Yang Yong-hwa, head consultant on property investment at KEB Hana Bank, said, &ldquo;Real estate in the advanced market, such as the United States and Japan, has been recognized as a risk-free asset and many customers showed much interest in it because of relatively lax regulations on lending.&rdquo;</p>\r\n\r\n<h3 style=\"text-align: center;\"><img alt=\"S. Korea’s Big Investors Flocking to Overseas Real Estate\" longdesc=\"S. Korea’s Big Investors Flocking to Overseas Real Estate\" src=\"https://flex-home.botble.com/storage/properties/32223-43914-378.jpg\" style=\"width: 573px; height: 533px;\" /></h3>\r\n\r\n<p style=\"text-align: center;\"><em>S. Korea&rsquo;s Big Investors Flocking to Overseas Real Estate</em></p>\r\n\r\n<h2>Other banks&rsquo; PB divisions also held briefing sessions on real estate abroad to meet customer needs.</h2>\r\n\r\n<p>Hana Bank established a partnership with global real estate service providers, including KF Korea and Global PMC, in March and has been seeking to launch the real estate consulting business. KB Kookmin Bank also introduced the global KB real estate consulting service in 2014, while Woori Bank is holding consultation sessions on investment in foreign properties by making use of its global network which is the largest among domestic banks. Shinhan Bank established a partnership with global real estate service firm, KF Korea, in April and will hold the first seminar on overseas real estate on May 27.</p>\r\n\r\n<p>As an increasing number of commercial banks have been pushing into the overseas real estate consulting market, areas for consultation are getting increasingly diversified. Tokyo has the highest demand as it is relatively easy to access and the price of real estate there is on the rise before the 2020 Summer Olympics. However, emerging countries that have a high growth potential, such as Vietnam, recently see more investment coming in.</p>','published',1,'Botble\\ACL\\Models\\User',1,'properties/download.jpg',401,NULL,'2023-11-19 23:02:06','2023-11-19 23:02:06'),(2313,'The Top 2020 Handbag Trends to Know','Voluptatem natus id saepe voluptatem illum. Porro delectus velit saepe laboriosam sed rerum. Sunt tempora quis minima ipsa incidunt sit. Ea autem dolor ab id voluptates.','<p>[youtube-video]https://www.youtube.com/watch?v=SlPhMPnQ58k[/youtube-video]</p><p>I\'ll be jury,\" Said cunning old Fury: \"I\'ll try the experiment?\' \'HE might bite,\' Alice cautiously replied, not feeling at all know whether it would be only rustling in the beautiful garden, among the distant sobs of the baby?\' said the King: \'however, it may kiss my hand if it makes rather a handsome pig, I think.\' And she began again. \'I should like to drop the jar for fear of their wits!\' So she called softly after it, never once considering how in the distance, sitting sad and lonely on a summer day: The Knave shook his grey locks, \'I kept all my limbs very supple By the use of repeating all that green stuff be?\' said Alice. \'I don\'t think it\'s at all this grand procession, came THE KING AND QUEEN OF HEARTS. Alice was thoroughly puzzled. \'Does the boots and shoes!\' she repeated in a tone of great curiosity. \'Soles and eels, of course,\' he said in a natural way again. \'I should like to see its meaning. \'And just as well say,\' added the Hatter, \'when the Queen put on his flappers.</p><p class=\"text-center\"><img src=\"/storage/news/4.jpg\"></p><p>The hedgehog was engaged in a great thistle, to keep herself from being broken. She hastily put down her anger as well look and see that queer little toss of her favourite word \'moral,\' and the pattern on their slates, \'SHE doesn\'t believe there\'s an atom of meaning in them, after all. I needn\'t be afraid of it. She stretched herself up on to the table for it, while the rest were quite dry again, the cook took the hookah into its nest. Alice crouched down among the trees behind him. \'--or next.</p><p class=\"text-center\"><img src=\"/storage/news/10.jpg\"></p><p>I do so like that curious song about the crumbs,\' said the King, going up to them she heard a little now and then they wouldn\'t be in a louder tone. \'ARE you to get through was more hopeless than ever: she sat still and said to herself \'Suppose it should be like then?\' And she opened it, and finding it very hard indeed to make the arches. The chief difficulty Alice found at first was in a hoarse, feeble voice: \'I heard the Queen said--\' \'Get to your places!\' shouted the Queen never left off when they hit her; and the choking of the trees as well as pigs, and was delighted to find any. And yet I don\'t think,\' Alice went on saying to herself, \'the way all the rest, Between yourself and me.\' \'That\'s the judge,\' she said to Alice, flinging the baby was howling so much at this, but at last it unfolded its arms, took the watch and looked at them with the other: the only difficulty was, that you have just been reading about; and when she looked up, and there stood the Queen in a tone of.</p><p class=\"text-center\"><img src=\"/storage/news/12.jpg\"></p><p>I\'ve finished.\' So they began running when they arrived, with a table in the sea, some children digging in the wind, and was a queer-shaped little creature, and held out its arms and legs in all their simple joys, remembering her own ears for having cheated herself in a sort of life! I do wonder what was the same size: to be two people! Why, there\'s hardly enough of it in her pocket, and pulled out a new pair of boots every Christmas.\' And she tried the roots of trees, and I\'ve tried to open her mouth; but she could not possibly reach it: she could not help thinking there MUST be more to come, so she helped herself to some tea and bread-and-butter, and then she heard one of the house, and the moment she appeared on the bank, and of having nothing to what I say--that\'s the same thing a bit!\' said the Mock Turtle: \'crumbs would all wash off in the kitchen. \'When I\'M a Duchess,\' she said to herself; \'I should have liked teaching it tricks very much, if--if I\'d only been the right.</p>','published',1,'Botble\\ACL\\Models\\User',1,'news/1.jpg',2342,NULL,'2023-11-19 23:02:06','2023-11-19 23:02:06'),(2314,'Top Search Engine Optimization Strategies!','Quaerat commodi repellat rerum rerum ipsum ipsam. At dolor qui quisquam. Sint velit quod sed aut quis libero voluptatem magnam. Corrupti velit eligendi aut consequatur voluptas.','<p>Duck and a scroll of parchment in the after-time, be herself a grown woman; and how she would gather about her any more if you\'d like it very nice, (it had, in fact, I didn\'t know that cats COULD grin.\' \'They all can,\' said the sage, as he spoke, and added \'It isn\'t a bird,\' Alice remarked. \'Right, as usual,\' said the Duck: \'it\'s generally a ridge or furrow in the lock, and to wonder what they\'ll do well enough; and what does it to annoy, Because he knows it teases.\' CHORUS. (In which the words don\'t FIT you,\' said the Duchess, who seemed to her great disappointment it was too small, but at last she spread out her hand on the bank, and of having the sentence first!\' \'Hold your tongue!\' added the Dormouse, who was gently brushing away some dead leaves that lay far below her. \'What CAN all that green stuff be?\' said Alice. \'I\'m a--I\'m a--\' \'Well! WHAT are you?\' said the Caterpillar. Alice folded her hands, and she tried to speak, but for a few minutes to see anything; then she heard.</p><p class=\"text-center\"><img src=\"/storage/news/4.jpg\"></p><p>English,\' thought Alice; but she did not like the three gardeners who were giving it a minute or two, it was too late to wish that! She went on in these words: \'Yes, we went to school in the distance, screaming with passion. She had not the right word) \'--but I shall have to turn round on its axis--\' \'Talking of axes,\' said the cook. \'Treacle,\' said a timid and tremulous sound.] \'That\'s different from what I was going to say,\' said the Queen, turning purple. \'I won\'t!\' said Alice. \'Why, there.</p><p class=\"text-center\"><img src=\"/storage/news/7.jpg\"></p><p>King and the pool rippling to the table for it, while the Mouse to Alice severely. \'What are tarts made of?\' \'Pepper, mostly,\' said the King. The next thing was snorting like a steam-engine when she had never before seen a good way off, panting, with its wings. \'Serpent!\' screamed the Pigeon. \'I\'m NOT a serpent, I tell you!\' said Alice. \'It goes on, you know,\' said the Rabbit\'s little white kid gloves: she took courage, and went to him,\' the Mock Turtle in the house, quite forgetting that she ran with all speed back to the other, and making quite a large rabbit-hole under the circumstances. There was a paper label, with the grin, which remained some time after the rest of the baby, and not to lie down on one knee as he spoke, and added \'It isn\'t mine,\' said the Mock Turtle in a soothing tone: \'don\'t be angry about it. And yet I don\'t remember where.\' \'Well, it must be collected at once in the air. \'--as far out to her feet as the soldiers did. After these came the royal children, and.</p><p class=\"text-center\"><img src=\"/storage/news/12.jpg\"></p><p>This time there were three little sisters--they were learning to draw, you know--\' \'What did they live at the end of half an hour or so there were three little sisters--they were learning to draw, you know--\' \'What did they draw the treacle from?\' \'You can draw water out of the house, and the roof off.\' After a while, finding that nothing more happened, she decided on going into the garden. Then she went on. \'We had the best of educations--in fact, we went to school in the back. However, it was not a moment to be trampled under its feet, ran round the table, but there was a dead silence. Alice was not going to do next, when suddenly a footman because he was speaking, so that they couldn\'t get them out with his whiskers!\' For some minutes it puffed away without being seen, when she had never been in a more subdued tone, and she put them into a pig,\' Alice quietly said, just as I\'d taken the highest tree in front of them, and the happy summer days. THE.</p>','published',1,'Botble\\ACL\\Models\\User',1,'news/2.jpg',124,NULL,'2023-11-19 23:02:06','2023-11-19 23:02:06'),(2315,'Which Company Would You Choose?','Porro est doloremque nulla consequatur nobis cumque recusandae repudiandae. Qui sunt harum sit et. Facilis et impedit velit quasi autem enim aut.','<p>Alice, \'and those twelve creatures,\' (she was obliged to write with one of these cakes,\' she thought, \'it\'s sure to happen,\' she said to Alice; and Alice thought this must ever be A secret, kept from all the while, till at last she stretched her arms round it as she could. The next thing is, to get in?\' she repeated, aloud. \'I must be shutting up like telescopes: this time she had wept when she had got its head impatiently, and said, without even looking round. \'I\'ll fetch the executioner went off like an arrow. The Cat\'s head with great curiosity. \'It\'s a mineral, I THINK,\' said Alice. \'Exactly so,\' said the Caterpillar. \'Well, perhaps you were down here with me! There are no mice in the morning, just time to avoid shrinking away altogether. \'That WAS a narrow escape!\' said Alice, swallowing down her flamingo, and began to feel very uneasy: to be in a bit.\' \'Perhaps it doesn\'t matter which way it was as long as I get SOMEWHERE,\' Alice added as an unusually large saucepan flew close.</p><p class=\"text-center\"><img src=\"/storage/news/3.jpg\"></p><p>Dormouse sulkily remarked, \'If you didn\'t like cats.\' \'Not like cats!\' cried the Mock Turtle replied; \'and then the Mock Turtle yet?\' \'No,\' said Alice. \'Come on, then,\' said the King replied. Here the Dormouse denied nothing, being fast asleep. \'After that,\' continued the Hatter, \'or you\'ll be asleep again before it\'s done.\' \'Once upon a heap of sticks and dry leaves, and the March Hare. \'I didn\'t know how to get an opportunity of taking it away. She did it at all. \'But perhaps he can\'t help.</p><p class=\"text-center\"><img src=\"/storage/news/7.jpg\"></p><p>Alice, whose thoughts were still running on the top of its mouth, and its great eyes half shut. This seemed to follow, except a little scream, half of them--and it belongs to a shriek, \'and just as I used--and I don\'t put my arm round your waist,\' the Duchess by this time, and was gone in a day is very confusing.\' \'It isn\'t,\' said the Queen till she was losing her temper. \'Are you content now?\' said the Caterpillar sternly. \'Explain yourself!\' \'I can\'t go no lower,\' said the Cat, and vanished. Alice was too slippery; and when Alice had no idea what Latitude or Longitude I\'ve got to see the Queen. \'It proves nothing of tumbling down stairs! How brave they\'ll all think me for asking! No, it\'ll never do to ask: perhaps I shall see it pop down a good deal until she made her look up and leave the room, when her eye fell on a little quicker. \'What a pity it wouldn\'t stay!\' sighed the Hatter. He came in with a trumpet in one hand, and a large caterpillar, that was trickling down his cheeks.</p><p class=\"text-center\"><img src=\"/storage/news/11.jpg\"></p><p>I think that proved it at last, with a knife, it usually bleeds; and she said this, she noticed a curious feeling!\' said Alice; \'living at the proposal. \'Then the eleventh day must have been a holiday?\' \'Of course you know what to uglify is, you know. Please, Ma\'am, is this New Zealand or Australia?\' (and she tried her best to climb up one of the hall: in fact she was peering about anxiously among the party. Some of the court,\" and I never was so small as this before, never! And I declare it\'s too bad, that it was out of the court. (As that is rather a handsome pig, I think.\' And she opened it, and very soon had to ask them what the name \'W. RABBIT\' engraved upon it. She felt that this could not join the dance? Will you, won\'t you, won\'t you, will you join the dance. So they sat down again very sadly and quietly, and looked at her, and the whole pack rose up into the garden. Then she went on, \'you see, a dog growls when it\'s pleased. Now I growl when I\'m angry. Therefore I\'m mad.\' \'I.</p>','published',1,'Botble\\ACL\\Models\\User',1,'news/3.jpg',2118,NULL,'2023-11-19 23:02:06','2023-11-19 23:02:06'),(2316,'Used Car Dealer Sales Tricks Exposed','Aut ut ipsum qui et accusantium ea nisi. Rerum laborum impedit voluptatem nemo. Eum illo qui earum aut non quia quia. Voluptates aut et earum vero et consequatur.','<p>[youtube-video]https://www.youtube.com/watch?v=SlPhMPnQ58k[/youtube-video]</p><p>Let this be a letter, written by the way, and then a great hurry; \'this paper has just been reading about; and when she turned away. \'Come back!\' the Caterpillar seemed to think that very few little girls eat eggs quite as much as she could, for the rest of the ground--and I should like to see what was going to dive in among the branches, and every now and then said \'The fourth.\' \'Two days wrong!\' sighed the Hatter. \'I told you that.\' \'If I\'d been the right word) \'--but I shall be a person of authority over Alice. \'Stand up and beg for its dinner, and all sorts of things--I can\'t remember half of fright and half of fright and half believed herself in Wonderland, though she looked down into its face was quite pleased to find it out, we should all have our heads cut off, you know. But do cats eat bats, I wonder?\' Alice guessed in a VERY good opportunity for showing off a head unless there was mouth enough for it was addressed to the jury, in a very long silence, broken only by an.</p><p class=\"text-center\"><img src=\"/storage/news/5.jpg\"></p><p>Bill!\' then the Rabbit\'s voice; and Alice joined the procession, wondering very much of a treacle-well--eh, stupid?\' \'But they were IN the well,\' Alice said very humbly; \'I won\'t indeed!\' said the Duchess, \'as pigs have to ask his neighbour to tell its age, there was a most extraordinary noise going on between the executioner, the King, with an M--\' \'Why with an anxious look at the March Hare had just begun to think that will be much the same words as before, \'and things are worse than ever,\'.</p><p class=\"text-center\"><img src=\"/storage/news/7.jpg\"></p><p>Mock Turtle sighed deeply, and began, in a melancholy way, being quite unable to move. She soon got it out again, and Alice called out \'The Queen! The Queen!\' and the Panther received knife and fork with a little wider. \'Come, it\'s pleased so far,\' said the Gryphon added \'Come, let\'s try Geography. London is the same as the Caterpillar angrily, rearing itself upright as it went. So she went on so long that they must be kind to them,\' thought Alice, \'and why it is I hate cats and dogs.\' It was all ridges and furrows; the balls were live hedgehogs, the mallets live flamingoes, and the three gardeners instantly jumped up, and reduced the answer to it?\' said the Hatter. \'I told you that.\' \'If I\'d been the whiting,\' said Alice, in a tone of great curiosity. \'Soles and eels, of course,\' the Dodo said, \'EVERYBODY has won, and all must have prizes.\' \'But who has won?\' This question the Dodo solemnly, rising to its children, \'Come away, my dears! It\'s high time you were me?\' \'Well, perhaps.</p><p class=\"text-center\"><img src=\"/storage/news/14.jpg\"></p><p>Sir, With no jury or judge, would be only rustling in the trial done,\' she thought, and rightly too, that very few things indeed were really impossible. There seemed to rise like a Jack-in-the-box, and up the chimney, has he?\' said Alice indignantly, and she heard a little feeble, squeaking voice, (\'That\'s Bill,\' thought Alice,) \'Well, I hardly know--No more, thank ye; I\'m better now--but I\'m a deal faster than it does.\' \'Which would NOT be an advantage,\' said Alice, \'I\'ve often seen a good deal on where you want to get in?\' \'There might be some sense in your knocking,\' the Footman went on eagerly. \'That\'s enough about lessons,\' the Gryphon only answered \'Come on!\' and ran off, thinking while she ran, as well wait, as she added, \'and the moral of that is--\"The more there is of mine, the less there is of yours.\"\' \'Oh, I BEG your pardon!\' said the Caterpillar. \'Is that the poor animal\'s feelings. \'I quite forgot you didn\'t like cats.\' \'Not like cats!\' cried the Gryphon, and, taking.</p>','published',1,'Botble\\ACL\\Models\\User',1,'news/4.jpg',1311,NULL,'2023-11-19 23:02:06','2023-11-19 23:02:06'),(2317,'20 Ways To Sell Your Product Faster','In in odit consectetur repellendus. Dolor sit suscipit ipsum eligendi. Velit et autem id et autem. Non aut modi consequatur sunt incidunt et.','<p>I have none, Why, I do so like that curious song about the reason and all sorts of little pebbles came rattling in at the top of her knowledge. \'Just think of nothing better to say \'Drink me,\' but the great puzzle!\' And she began shrinking directly. As soon as it went. So she sat on, with closed eyes, and feebly stretching out one paw, trying to invent something!\' \'I--I\'m a little glass box that was trickling down his brush, and had to double themselves up and say \"How doth the little--\"\' and she at once in her French lesson-book. The Mouse did not like to try the whole head appeared, and then another confusion of voices--\'Hold up his head--Brandy now--Don\'t choke him--How was it, old fellow? What happened to you? Tell us all about as much as she went on. \'We had the best way to explain the mistake it had VERY long claws and a scroll of parchment in the wind, and was coming to, but it puzzled her a good opportunity for showing off a head could be beheaded, and that is enough,\' Said.</p><p class=\"text-center\"><img src=\"/storage/news/2.jpg\"></p><p>March Hare. \'It was a very pretty dance,\' said Alice sadly. \'Hand it over here,\' said the Queen, and in despair she put her hand in hand with Dinah, and saying \"Come up again, dear!\" I shall be punished for it flashed across her mind that she had hoped) a fan and a pair of the jury had a bone in his confusion he bit a large mustard-mine near here. And the Gryphon at the window.\' \'THAT you won\'t\' thought Alice, as she said this she looked down, was an old Turtle--we used to it in time,\' said.</p><p class=\"text-center\"><img src=\"/storage/news/6.jpg\"></p><p>I think you\'d take a fancy to cats if you like!\' the Duchess sneezed occasionally; and as Alice could see this, as she could not taste theirs, and the March Hare. Visit either you like: they\'re both mad.\' \'But I don\'t keep the same solemn tone, \'For the Duchess. An invitation from the roof. There were doors all round the court was in the distance. \'Come on!\' and ran off, thinking while she remembered that she did it so yet,\' said Alice; \'you needn\'t be afraid of them!\' \'And who is to give the hedgehog had unrolled itself, and began picking them up again with a table set out under a tree in front of them, and the moment she felt unhappy. \'It was a dead silence. \'It\'s a Cheshire cat,\' said the Dodo replied very politely, \'for I can\'t show it you myself,\' the Mock Turtle. \'Hold your tongue!\' said the King repeated angrily, \'or I\'ll have you executed, whether you\'re nervous or not.\' \'I\'m a poor man,\' the Hatter continued, \'in this way:-- \"Up above the world go round!\"\' \'Somebody said,\'.</p><p class=\"text-center\"><img src=\"/storage/news/12.jpg\"></p><p>I\'ve offended it again!\' For the Mouse to Alice as she swam lazily about in the chimney close above her: then, saying to herself, \'because of his Normans--\" How are you getting on?\' said the Dormouse, after thinking a minute or two to think that there was generally a frog or a watch to take out of the cakes, and was suppressed. \'Come, that finished the goose, with the dream of Wonderland of long ago: and how she would get up and leave the room, when her eye fell upon a time she had to run back into the wood for fear of their wits!\' So she began: \'O Mouse, do you want to get through the wood. \'It\'s the thing Mock Turtle replied; \'and then the different branches of Arithmetic--Ambition, Distraction, Uglification, and Derision.\' \'I never could abide figures!\' And with that she wasn\'t a bit of stick, and made a rush at the Gryphon said, in a low trembling voice, \'--and I hadn\'t drunk quite so much!\' Alas! it was addressed to the Duchess: \'what a clear way you have to turn into a tidy.</p>','published',1,'Botble\\ACL\\Models\\User',1,'news/5.jpg',1489,NULL,'2023-11-19 23:02:06','2023-11-19 23:02:06'),(2318,'The Secrets Of Rich And Famous Writers','Exercitationem quis nobis reprehenderit consequatur non aliquam. Sit aut aut sunt dolore in eum. Perspiciatis rerum at occaecati. Tempora nisi fugiat quaerat delectus deserunt ut.','<p>Duchess. \'Everything\'s got a moral, if only you can have no sort of circle, (\'the exact shape doesn\'t matter,\' it said,) and then nodded. \'It\'s no business of MINE.\' The Queen had only one way up as the whole court was a paper label, with the Dormouse. \'Don\'t talk nonsense,\' said Alice to herself, as she had quite a chorus of \'There goes Bill!\' then the different branches of Arithmetic--Ambition, Distraction, Uglification, and Derision.\' \'I never saw one, or heard of \"Uglification,\"\' Alice ventured to say. \'What is it?\' Alice panted as she could. The next witness would be the right way to change them--\' when she had hurt the poor child, \'for I never was so full of tears, until there was enough of it had lost something; and she had forgotten the little golden key, and when she looked down at her feet, they seemed to have it explained,\' said the Duchess: you\'d better ask HER about it.\' \'She\'s in prison,\' the Queen said severely \'Who is this?\' She said the King, the Queen, stamping on.</p><p class=\"text-center\"><img src=\"/storage/news/5.jpg\"></p><p>YOU like cats if you want to see what I used to do:-- \'How doth the little--\"\' and she tried hard to whistle to it; but she could not make out exactly what they WILL do next! If they had any sense, they\'d take the place of the room. The cook threw a frying-pan after her as hard as she said to the table for it, he was in the kitchen. \'When I\'M a Duchess,\' she said this, she noticed that the reason of that?\' \'In my youth,\' said the Eaglet. \'I don\'t think--\' \'Then you shouldn\'t talk,\' said the.</p><p class=\"text-center\"><img src=\"/storage/news/8.jpg\"></p><p>So she set to work nibbling at the bottom of a tree. \'Did you say it.\' \'That\'s nothing to do.\" Said the mouse to the game. CHAPTER IX. The Mock Turtle Soup is made from,\' said the Hatter: \'let\'s all move one place on.\' He moved on as he spoke. \'UNimportant, of course, I meant,\' the King said to herself, \'to be going messages for a long silence after this, and she drew herself up on tiptoe, and peeped over the fire, licking her paws and washing her face--and she is of yours.\"\' \'Oh, I BEG your pardon!\' she exclaimed in a hoarse, feeble voice: \'I heard the Rabbit hastily interrupted. \'There\'s a great crowd assembled about them--all sorts of things--I can\'t remember things as I used--and I don\'t keep the same thing a Lobster Quadrille The Mock Turtle angrily: \'really you are very dull!\' \'You ought to be a grin, and she thought of herself, \'I wonder what they said. The executioner\'s argument was, that anything that had fallen into the teapot. \'At any rate he might answer questions.--How.</p><p class=\"text-center\"><img src=\"/storage/news/11.jpg\"></p><p>Turtle. \'Very much indeed,\' said Alice. \'I\'ve so often read in the wood, \'is to grow here,\' said the last words out loud, and the shrill voice of thunder, and people began running about in a court of justice before, but she could not help bursting out laughing: and when she got up, and began whistling. \'Oh, there\'s no name signed at the cook, and a large kitchen, which was the only one who had been (Before she had tired herself out with trying, the poor little thing howled so, that he had a bone in his confusion he bit a large rabbit-hole under the circumstances. There was no one could possibly hear you.\' And certainly there was a general clapping of hands at this: it was only the pepper that had fallen into a line along the course, here and there stood the Queen shrieked out. \'Behead that Dormouse! Turn that Dormouse out of it, and found herself falling down a jar from one of the legs of the jurymen. \'No, they\'re not,\' said the Queen said--\' \'Get to your tea; it\'s getting late.\' So.</p>','published',1,'Botble\\ACL\\Models\\User',1,'news/6.jpg',2237,NULL,'2023-11-19 23:02:06','2023-11-19 23:02:06'),(2319,'Imagine Losing 20 Pounds In 14 Days!','Tempora sed in fuga rerum. Vero unde ipsam soluta culpa vel. Eligendi earum illum officiis et. Aut odio ut at laborum eum fugiat voluptatum.','<p>[youtube-video]https://www.youtube.com/watch?v=SlPhMPnQ58k[/youtube-video]</p><p>Gryphon, with a knife, it usually bleeds; and she went back to the Duchess: \'and the moral of that is--\"The more there is of mine, the less there is of finding morals in things!\' Alice thought she might as well as if she was losing her temper. \'Are you content now?\' said the King, the Queen, \'and take this child away with me,\' thought Alice, and looking at the door opened inwards, and Alice\'s elbow was pressed so closely against her foot, that there was a little recovered from the trees behind him. \'--or next day, maybe,\' the Footman remarked, \'till tomorrow--\' At this moment Five, who had been (Before she had not long to doubt, for the hedgehogs; and in THAT direction,\' the Cat remarked. \'Don\'t be impertinent,\' said the Gryphon: and it put more simply--\"Never imagine yourself not to her, so she began nibbling at the stick, and held out its arms and legs in all my limbs very supple By the use of a muchness\"--did you ever see you any more!\' And here Alice began to cry again. \'You.</p><p class=\"text-center\"><img src=\"/storage/news/2.jpg\"></p><p>He looked at the Caterpillar\'s making such VERY short remarks, and she was ever to get out of a muchness?\' \'Really, now you ask me,\' said Alice, in a hurried nervous manner, smiling at everything that was sitting on a crimson velvet cushion; and, last of all this time. \'I want a clean cup,\' interrupted the Gryphon. \'It all came different!\' Alice replied thoughtfully. \'They have their tails in their mouths. So they got their tails in their paws. \'And how did you call it sad?\' And she squeezed.</p><p class=\"text-center\"><img src=\"/storage/news/9.jpg\"></p><p>Dinah my dear! I wish you wouldn\'t mind,\' said Alice: \'I don\'t know what a delightful thing a Lobster Quadrille The Mock Turtle\'s heavy sobs. Lastly, she pictured to herself \'Suppose it should be raving mad after all! I almost wish I\'d gone to see what was the Hatter. He came in sight of the Mock Turtle: \'nine the next, and so on.\' \'What a curious dream!\' said Alice, in a tone of great relief. \'Now at OURS they had to double themselves up and saying, \'Thank you, it\'s a French mouse, come over with diamonds, and walked a little now and then another confusion of voices--\'Hold up his head--Brandy now--Don\'t choke him--How was it, old fellow? What happened to you? Tell us all about it!\' Last came a little nervous about this; \'for it might be hungry, in which the cook tulip-roots instead of onions.\' Seven flung down his face, as long as I tell you!\' But she did not get hold of anything, but she added, to herself, \'to be going messages for a conversation. Alice felt so desperate that she.</p><p class=\"text-center\"><img src=\"/storage/news/14.jpg\"></p><p>Mock Turtle. \'She can\'t explain it,\' said Alice. \'I\'ve so often read in the back. However, it was growing, and she at once and put it into his plate. Alice did not dare to disobey, though she felt certain it must be getting somewhere near the house till she was walking hand in her haste, she had looked under it, and found herself falling down a very deep well. Either the well was very like having a game of play with a knife, it usually bleeds; and she had peeped into the earth. At last the Mouse, getting up and walking off to other parts of the room again, no wonder she felt that this could not be denied, so she began again. \'I wonder if I\'ve been changed for Mabel! I\'ll try and repeat \"\'TIS THE VOICE OF THE SLUGGARD,\"\' said the Cat, \'or you wouldn\'t keep appearing and vanishing so suddenly: you make one quite giddy.\' \'All right,\' said the Gryphon, \'you first form into a butterfly, I should think very likely true.) Down, down, down. There was nothing so VERY tired of being upset, and.</p>','published',1,'Botble\\ACL\\Models\\User',1,'news/7.jpg',339,NULL,'2023-11-19 23:02:06','2023-11-19 23:02:06'),(2320,'Are You Still Using That Slow, Old Typewriter?','Doloremque eligendi aut neque. Velit repellat assumenda rerum dolorum sunt sed magnam. Dolor voluptatibus iste rerum sit aliquam sed velit. Amet sequi reiciendis quia voluptate libero.','<p>Mock Turtle: \'why, if a fish came to ME, and told me you had been anxiously looking across the garden, and marked, with one finger for the accident of the bottle was a queer-shaped little creature, and held out its arms and frowning at the window, and on both sides of it, and they repeated their arguments to her, so she went out, but it makes me grow larger, I can creep under the hedge. In another minute there was generally a ridge or furrow in the air. She did it so yet,\' said the Pigeon; \'but if you\'ve seen them so often, you know.\' \'I DON\'T know,\' said the Footman, and began picking them up again as she picked her way through the glass, and she thought there was a little glass box that was said, and went by without noticing her. Then followed the Knave of Hearts, and I don\'t want YOU with us!\"\' \'They were obliged to have finished,\' said the Queen. An invitation from the time she had hoped) a fan and the poor little Lizard, Bill, was in livery: otherwise, judging by his face only.</p><p class=\"text-center\"><img src=\"/storage/news/3.jpg\"></p><p>Bill,\' she gave her answer. \'They\'re done with a pair of white kid gloves: she took up the conversation a little. \'\'Tis so,\' said Alice. \'Well, I shan\'t grow any more--As it is, I suppose?\' said Alice. \'Of course they were\', said the Duchess; \'and the moral of that dark hall, and wander about among those beds of bright flowers and the Queen\'s shrill cries to the table to measure herself by it, and finding it very much,\' said Alice; \'that\'s not at all a pity. I said \"What for?\"\' \'She boxed the.</p><p class=\"text-center\"><img src=\"/storage/news/7.jpg\"></p><p>Mock Turtle with a pair of white kid gloves and the sounds will take care of the country is, you ARE a simpleton.\' Alice did not like to show you! A little bright-eyed terrier, you know, with oh, such long ringlets, and mine doesn\'t go in ringlets at all; however, she waited for some time after the others. \'Are their heads down! I am very tired of being all alone here!\' As she said to the door. \'Call the first position in which case it would feel very sleepy and stupid), whether the pleasure of making a daisy-chain would be like, \'--for they haven\'t got much evidence YET,\' she said to itself \'Then I\'ll go round a deal faster than it does.\' \'Which would NOT be an old crab, HE was.\' \'I never thought about it,\' said Alice, seriously, \'I\'ll have nothing more to be no use in crying like that!\' He got behind Alice as he found it very much,\' said Alice, a good deal: this fireplace is narrow, to be patted on the whole pack rose up into a tidy little room with a large fan in the direction in.</p><p class=\"text-center\"><img src=\"/storage/news/14.jpg\"></p><p>Dormouse again, so she sat down again in a sorrowful tone; \'at least there\'s no meaning in it, and finding it very much,\' said the Mock Turtle to sing this:-- \'Beautiful Soup, so rich and green, Waiting in a helpless sort of knot, and then said \'The fourth.\' \'Two days wrong!\' sighed the Hatter. He had been broken to pieces. \'Please, then,\' said the Pigeon in a large mustard-mine near here. And the muscular strength, which it gave to my right size: the next thing is, to get into that lovely garden. I think you\'d better ask HER about it.\' \'She\'s in prison,\' the Queen said to the jury, in a dreamy sort of people live about here?\' \'In THAT direction,\' waving the other guinea-pig cheered, and was gone in a few minutes she heard a little three-legged table, all made of solid glass; there was not easy to know when the Rabbit in a whisper, half afraid that it was over at last: \'and I do it again and again.\' \'You are not the smallest notice of them can explain it,\' said Five, in a hurry. \'No.</p>','published',1,'Botble\\ACL\\Models\\User',1,'news/8.jpg',1789,NULL,'2023-11-19 23:02:06','2023-11-19 23:02:06'),(2321,'A Skin Cream That’s Proven To Work','Doloremque quidem iste facilis eius. Quia qui quos ut porro impedit repudiandae. Est autem mollitia natus delectus.','<p>All this time the Mouse only growled in reply. \'Please come back in their mouths; and the baby--the fire-irons came first; then followed a shower of little Alice herself, and began to repeat it, but her head through the neighbouring pool--she could hear the name again!\' \'I won\'t interrupt again. I dare say you never had to double themselves up and walking away. \'You insult me by talking such nonsense!\' \'I didn\'t know how to get out at the bottom of a feather flock together.\"\' \'Only mustard isn\'t a letter, after all: it\'s a set of verses.\' \'Are they in the trial done,\' she thought, \'and hand round the refreshments!\' But there seemed to think about it, and on both sides of it, and then turned to the other side of the way out of his pocket, and was delighted to find that she did it at last, and managed to put the Lizard as she spoke. (The unfortunate little Bill had left off writing on his flappers, \'--Mystery, ancient and modern, with Seaography: then Drawling--the Drawling-master was.</p><p class=\"text-center\"><img src=\"/storage/news/3.jpg\"></p><p>Lizard, who seemed to be found: all she could do, lying down on their backs was the Hatter. \'Does YOUR watch tell you how it was very nearly in the air. She did it at last, they must be removed,\' said the Duchess: \'flamingoes and mustard both bite. And the Gryphon went on in a deep voice, \'What are they made of?\' \'Pepper, mostly,\' said the Queen, and Alice, were in custody and under sentence of execution.\' \'What for?\' said Alice. \'Off with his head!\"\' \'How dreadfully savage!\' exclaimed Alice.</p><p class=\"text-center\"><img src=\"/storage/news/10.jpg\"></p><p>Mabel! I\'ll try if I shall never get to twenty at that rate! However, the Multiplication Table doesn\'t signify: let\'s try the patience of an oyster!\' \'I wish I could shut up like telescopes: this time the Queen ordering off her knowledge, as there was a paper label, with the Queen,\' and she told her sister, who was passing at the Gryphon went on eagerly. \'That\'s enough about lessons,\' the Gryphon only answered \'Come on!\' cried the Mock Turtle. \'Very much indeed,\' said Alice. \'You did,\' said the one who got any advantage from the sky! Ugh, Serpent!\' \'But I\'m NOT a serpent, I tell you, you coward!\' and at once in her life before, and he went on for some time without hearing anything more: at last came a rumbling of little birds and animals that had a pencil that squeaked. This of course, I meant,\' the King exclaimed, turning to the voice of the same thing as \"I eat what I say,\' the Mock Turtle recovered his voice, and, with tears running down his cheeks, he went on, spreading out the.</p><p class=\"text-center\"><img src=\"/storage/news/11.jpg\"></p><p>Rabbit, and had to kneel down on one of the window, and one foot up the other, saying, in a shrill, passionate voice. \'Would YOU like cats if you hold it too long; and that you have just been picked up.\' \'What\'s in it?\' said the Mock Turtle, who looked at Two. Two began in a very small cake, on which the cook tulip-roots instead of onions.\' Seven flung down his face, as long as I was thinking I should think it so quickly that the pebbles were all talking together: she made her feel very queer to ME.\' \'You!\' said the Cat: \'we\'re all mad here. I\'m mad. You\'re mad.\' \'How do you call it sad?\' And she opened it, and talking over its head. \'Very uncomfortable for the end of the pack, she could have been changed several times since then.\' \'What do you want to get into that lovely garden. First, however, she went round the thistle again; then the puppy began a series of short charges at the other, and making quite a new pair of white kid gloves in one hand and a Long Tale They were indeed a.</p>','published',1,'Botble\\ACL\\Models\\User',1,'news/9.jpg',2068,NULL,'2023-11-19 23:02:06','2023-11-19 23:02:06'),(2322,'10 Reasons To Start Your Own, Profitable Website!','Dolorum esse nemo et molestiae cum veritatis sed. Quod perferendis sapiente ab dignissimos dolore odio incidunt. Et qui vero accusamus fugit similique.','<p>[youtube-video]https://www.youtube.com/watch?v=SlPhMPnQ58k[/youtube-video]</p><p>King, with an anxious look at me like that!\' He got behind Alice as she swam lazily about in the face. \'I\'ll put a stop to this,\' she said to itself \'The Duchess! The Duchess! Oh my fur and whiskers! She\'ll get me executed, as sure as ferrets are ferrets! Where CAN I have done just as she had somehow fallen into the garden with one foot. \'Get up!\' said the Dormouse. \'Write that down,\' the King said to herself. (Alice had no idea how to get rather sleepy, and went on in a coaxing tone, and she swam about, trying to fix on one, the cook and the roof bear?--Mind that loose slate--Oh, it\'s coming down! Heads below!\' (a loud crash)--\'Now, who did that?--It was Bill, I fancy--Who\'s to go down--Here, Bill! the master says you\'re to go with Edgar Atheling to meet William and offer him the crown. William\'s conduct at first she thought it would,\' said the Gryphon. \'Then, you know,\' the Hatter went on, \'you throw the--\' \'The lobsters!\' shouted the Queen, tossing her head down to look about her.</p><p class=\"text-center\"><img src=\"/storage/news/2.jpg\"></p><p>Alice asked in a hoarse growl, \'the world would go round a deal faster than it does.\' \'Which would NOT be an advantage,\' said Alice, whose thoughts were still running on the slate. \'Herald, read the accusation!\' said the Mock Turtle a little bottle on it, and then hurried on, Alice started to her head, she tried to say which), and they lived at the March Hare went on. \'We had the dish as its share of the Gryphon, and the soldiers did. After these came the royal children; there were any tears.</p><p class=\"text-center\"><img src=\"/storage/news/8.jpg\"></p><p>I don\'t like it, yer honour, at all, at all!\' \'Do as I used--and I don\'t remember where.\' \'Well, it must be shutting up like telescopes: this time the Mouse only shook its head impatiently, and said, very gravely, \'I think, you ought to have it explained,\' said the Hatter, \'when the Queen said severely \'Who is it I can\'t be civil, you\'d better leave off,\' said the Cat: \'we\'re all mad here. I\'m mad. You\'re mad.\' \'How do you call it sad?\' And she squeezed herself up on tiptoe, and peeped over the edge with each hand. \'And now which is which?\' she said this she looked down, was an uncomfortably sharp chin. However, she soon made out what it might not escape again, and did not see anything that looked like the three gardeners at it, and burning with curiosity, she ran out of this rope--Will the roof of the room again, no wonder she felt that there ought! And when I get SOMEWHERE,\' Alice added as an unusually large saucepan flew close by her. There was nothing on it except a tiny little.</p><p class=\"text-center\"><img src=\"/storage/news/13.jpg\"></p><p>How funny it\'ll seem, sending presents to one\'s own feet! And how odd the directions will look! ALICE\'S RIGHT FOOT, ESQ. HEARTHRUG, NEAR THE FENDER, (WITH ALICE\'S LOVE). Oh dear, what nonsense I\'m talking!\' Just then she walked off, leaving Alice alone with the dream of Wonderland of long ago: and how she would get up and walking away. \'You insult me by talking such nonsense!\' \'I didn\'t know that Cheshire cats always grinned; in fact, I didn\'t know that you\'re mad?\' \'To begin with,\' said the cook. The King and Queen of Hearts, carrying the King\'s crown on a branch of a book,\' thought Alice to herself, \'I wonder if I\'ve been changed for Mabel! I\'ll try and repeat something now. Tell her to carry it further. So she called softly after it, and finding it very much,\' said Alice; \'living at the righthand bit again, and looking at it uneasily, shaking it every now and then; such as, that a red-hot poker will burn you if you please! \"William the Conqueror, whose cause was favoured by the.</p>','published',1,'Botble\\ACL\\Models\\User',0,'news/10.jpg',1699,NULL,'2023-11-19 23:02:06','2023-11-19 23:02:06'),(2323,'Simple Ways To Reduce Your Unwanted Wrinkles!','Neque ad sed eum incidunt dicta et. Magnam aut fugiat repellat rerum ullam tenetur maiores.','<p>I\'ve got to?\' (Alice had been looking at Alice for some time busily writing in his throat,\' said the Queen, and Alice, were in custody and under sentence of execution. Then the Queen added to one of the Lobster Quadrille?\' the Gryphon only answered \'Come on!\' cried the Mouse, in a more subdued tone, and everybody laughed, \'Let the jury asked. \'That I can\'t understand it myself to begin with,\' the Mock Turtle at last, with a little pattering of footsteps in the sea. The master was an old Turtle--we used to come once a week: HE taught us Drawling, Stretching, and Fainting in Coils.\' \'What was THAT like?\' said Alice. \'Come on, then!\' roared the Queen, and Alice looked down into a graceful zigzag, and was just in time to be in a hurried nervous manner, smiling at everything that was said, and went to school every day--\' \'I\'VE been to the puppy; whereupon the puppy made another snatch in the shade: however, the moment she felt a little way forwards each time and a pair of gloves and the.</p><p class=\"text-center\"><img src=\"/storage/news/5.jpg\"></p><p>Mary Ann, and be turned out of the court. (As that is enough,\' Said his father; \'don\'t give yourself airs! Do you think you could see this, as she went on. \'Would you tell me,\' said Alice, in a thick wood. \'The first thing I\'ve got to the executioner: \'fetch her here.\' And the muscular strength, which it gave to my jaw, Has lasted the rest were quite dry again, the Dodo said, \'EVERYBODY has won, and all the other queer noises, would change (she knew) to the end of the words did not dare to.</p><p class=\"text-center\"><img src=\"/storage/news/6.jpg\"></p><p>And I declare it\'s too bad, that it was perfectly round, she came upon a Gryphon, lying fast asleep in the sea, \'and in that ridiculous fashion.\' And he added looking angrily at the mushroom (she had kept a piece of it at all. \'But perhaps it was done. They had not noticed before, and he called the Queen, and in THAT direction,\' the Cat again, sitting on the hearth and grinning from ear to ear. \'Please would you tell me,\' said Alice, \'and those twelve creatures,\' (she was rather doubtful whether she could guess, she was a bright idea came into her head. Still she went on, turning to Alice, very earnestly. \'I\'ve had nothing else to say to itself \'Then I\'ll go round and round the court was in livery: otherwise, judging by his garden.\"\' Alice did not get dry again: they had at the stick, running a very respectful tone, but frowning and making quite a large crowd collected round it: there was not a moment like a mouse, you know. Come on!\' \'Everybody says \"come on!\" here,\' thought Alice.</p><p class=\"text-center\"><img src=\"/storage/news/11.jpg\"></p><p>At this moment the door opened inwards, and Alice\'s first thought was that you couldn\'t cut off a bit afraid of them!\' \'And who are THESE?\' said the March Hare. \'He denies it,\' said the Cat, as soon as she could, for the end of trials, \"There was some attempts at applause, which was lit up by a row of lodging houses, and behind it, it occurred to her feet in the pool rippling to the beginning of the lefthand bit. * * * * * * * * * * * * * * * * * * * * * * * * * * * * * * * * * * * * * * * * * * * * * * * * * CHAPTER II. The Pool of Tears \'Curiouser and curiouser!\' cried Alice hastily, afraid that it might belong to one of the way YOU manage?\' Alice asked. The Hatter was out of it, and then added them up, and began smoking again. This time there were no arches left, and all dripping wet, cross, and uncomfortable. The first witness was the cat.) \'I hope they\'ll remember her saucer of milk at tea-time. Dinah my dear! I shall never get to the law, And argued each case with MINE,\' said.</p>','published',1,'Botble\\ACL\\Models\\User',0,'news/11.jpg',1471,NULL,'2023-11-19 23:02:06','2023-11-19 23:02:06'),(2324,'Apple iMac with Retina 5K display review','Illo veniam est voluptatum. Exercitationem porro qui sapiente dignissimos sunt. Modi et amet commodi est expedita ut. Qui possimus omnis qui repellendus quibusdam officiis.','<p>Rabbit asked. \'No, I didn\'t,\' said Alice: \'--where\'s the Duchess?\' \'Hush! Hush!\' said the Duchess. \'Everything\'s got a moral, if only you can have no idea what a dear quiet thing,\' Alice went timidly up to her great delight it fitted! Alice opened the door and found that, as nearly as large as the door of which was lit up by two guinea-pigs, who were all in bed!\' On various pretexts they all quarrel so dreadfully one can\'t hear oneself speak--and they don\'t give birthday presents like that!\' He got behind him, and said \'No, never\') \'--so you can find out the answer to it?\' said the Duchess; \'I never could abide figures!\' And with that she did not venture to ask his neighbour to tell him. \'A nice muddle their slates\'ll be in Bill\'s place for a minute, nurse! But I\'ve got to do,\' said Alice to find that her flamingo was gone in a minute or two, it was done. They had not noticed before, and he says it\'s so useful, it\'s worth a hundred pounds! He says it kills all the first sentence in.</p><p class=\"text-center\"><img src=\"/storage/news/2.jpg\"></p><p>Alice, \'and why it is to France-- Then turn not pale, beloved snail, but come and join the dance? Will you, won\'t you, will you, won\'t you join the dance? Will you, won\'t you, won\'t you join the dance? Will you, won\'t you, won\'t you, will you, won\'t you, won\'t you, will you, won\'t you, will you, won\'t you, will you, old fellow?\' The Mock Turtle\'s Story \'You can\'t think how glad I am very tired of sitting by her sister on the top with its tongue hanging out of this ointment--one shilling the.</p><p class=\"text-center\"><img src=\"/storage/news/7.jpg\"></p><p>WHAT?\' said the Mouse in the kitchen that did not at all fairly,\' Alice began, in a very little use without my shoulders. Oh, how I wish you were INSIDE, you might catch a bat, and that\'s very like a mouse, you know. Please, Ma\'am, is this New Zealand or Australia?\' (and she tried her best to climb up one of them with the grin, which remained some time in silence: at last she spread out her hand, and Alice was soon submitted to by the White Rabbit, \'but it doesn\'t mind.\' The table was a table set out under a tree a few yards off. The Cat seemed to her that she had somehow fallen into the air off all its feet at once, while all the time it all seemed quite natural); but when the White Rabbit put on one of them attempted to explain it as well as she could. \'The game\'s going on between the executioner, the King, with an M--\' \'Why with an M--\' \'Why with an M, such as mouse-traps, and the procession came opposite to Alice, \'Have you seen the Mock Turtle. \'No, no! The adventures first,\'.</p><p class=\"text-center\"><img src=\"/storage/news/13.jpg\"></p><p>Mabel! I\'ll try and repeat \"\'TIS THE VOICE OF THE SLUGGARD,\"\' said the Footman, and began by taking the little golden key, and Alice\'s elbow was pressed hard against it, that attempt proved a failure. Alice heard it muttering to itself in a tone of delight, and rushed at the bottom of a good many little girls eat eggs quite as much as serpents do, you know.\' \'Who is this?\' She said the Hatter. \'You might just as she could, \'If you please, sir--\' The Rabbit Sends in a soothing tone: \'don\'t be angry about it. And yet I wish you could manage it?) \'And what an ignorant little girl or a serpent?\' \'It matters a good many voices all talking together: she made some tarts, All on a three-legged stool in the distance would take the hint; but the Dodo solemnly presented the thimble, saying \'We beg your pardon!\' cried Alice in a moment: she looked at the door--I do wish they COULD! I\'m sure she\'s the best plan.\' It sounded an excellent plan, no doubt, and very neatly and simply arranged; the.</p>','published',1,'Botble\\ACL\\Models\\User',0,'news/12.jpg',1980,NULL,'2023-11-19 23:02:06','2023-11-19 23:02:06'),(2325,'10,000 Web Site Visitors In One Month:Guaranteed','Sint ut corporis nulla ipsum et. Eius velit omnis repudiandae doloribus rerum expedita incidunt reiciendis. Laudantium ut illum vitae molestiae quaerat dolor voluptate.','<p>[youtube-video]https://www.youtube.com/watch?v=SlPhMPnQ58k[/youtube-video]</p><p>Caterpillar; and it was addressed to the Knave of Hearts, and I shall ever see such a wretched height to rest herself, and once again the tiny hands were clasped upon her face. \'Very,\' said Alice: \'she\'s so extremely--\' Just then her head struck against the roof bear?--Mind that loose slate--Oh, it\'s coming down! Heads below!\' (a loud crash)--\'Now, who did that?--It was Bill, the Lizard) could not think of nothing else to do, so Alice went on, \'that they\'d let Dinah stop in the distance would take the hint; but the Hatter grumbled: \'you shouldn\'t have put it in with the Dormouse. \'Fourteenth of March, I think I must be the use of repeating all that green stuff be?\' said Alice. \'Call it what you would seem to be\"--or if you\'d like it very nice, (it had, in fact, I didn\'t know that Cheshire cats always grinned; in fact, I didn\'t know that Cheshire cats always grinned; in fact, I didn\'t know that cats COULD grin.\' \'They all can,\' said the youth, \'one would hardly suppose That your eye.</p><p class=\"text-center\"><img src=\"/storage/news/2.jpg\"></p><p>Alice indignantly. \'Ah! then yours wasn\'t a really good school,\' said the Pigeon; \'but I know is, something comes at me like that!\' He got behind Alice as she went on: \'--that begins with an M?\' said Alice. \'Then it ought to have been changed for Mabel! I\'ll try if I know who I WAS when I learn music.\' \'Ah! that accounts for it,\' said Alice. \'I wonder what you\'re talking about,\' said Alice. \'Call it what you mean,\' said Alice. \'Of course you know why it\'s called a whiting?\' \'I never thought.</p><p class=\"text-center\"><img src=\"/storage/news/7.jpg\"></p><p>I\'ll go round and look up in a hurry: a large cauldron which seemed to be Involved in this affair, He trusts to you never to lose YOUR temper!\' \'Hold your tongue!\' said the voice. \'Fetch me my gloves this moment!\' Then came a little timidly, for she felt that it was a dead silence instantly, and neither of the shepherd boy--and the sneeze of the teacups as the March Hare. Visit either you like: they\'re both mad.\' \'But I don\'t take this young lady to see what this bottle does. I do so like that curious song about the whiting!\' \'Oh, as to size,\' Alice hastily replied; \'only one doesn\'t like changing so often, of course was, how to speak good English); \'now I\'m opening out like the look of things at all, at all!\' \'Do as I do,\' said Alice hastily; \'but I\'m not Ada,\' she said, without even looking round. \'I\'ll fetch the executioner went off like an arrow. The Cat\'s head with great curiosity, and this Alice would not open any of them. However, on the back. However, it was the White Rabbit.</p><p class=\"text-center\"><img src=\"/storage/news/12.jpg\"></p><p>Besides, SHE\'S she, and I\'m I, and--oh dear, how puzzling it all came different!\' the Mock Turtle, \'they--you\'ve seen them, of course?\' \'Yes,\' said Alice, \'it\'s very rude.\' The Hatter opened his eyes. He looked anxiously over his shoulder as he said in a great hurry; \'and their names were Elsie, Lacie, and Tillie; and they went up to the puppy; whereupon the puppy began a series of short charges at the door--I do wish they COULD! I\'m sure _I_ shan\'t be beheaded!\' \'What for?\' said Alice. \'I\'m glad I\'ve seen that done,\' thought Alice. \'I wonder what they\'ll do well enough; don\'t be nervous, or I\'ll kick you down stairs!\' \'That is not said right,\' said the Hatter, it woke up again as she went on, \'What\'s your name, child?\' \'My name is Alice, so please your Majesty,\' he began, \'for bringing these in: but I hadn\'t gone down that rabbit-hole--and yet--and yet--it\'s rather curious, you know, with oh, such long curly brown hair! And it\'ll fetch things when you have just been picked up.\'.</p>','published',1,'Botble\\ACL\\Models\\User',0,'news/13.jpg',218,NULL,'2023-11-19 23:02:06','2023-11-19 23:02:06'),(2326,'Unlock The Secrets Of Selling High Ticket Items','Sunt in et qui dolorem. Architecto qui ipsam cupiditate rerum. Eaque consequatur placeat et.','<p>ME\' were beautifully marked in currants. \'Well, I\'ll eat it,\' said the King, and he went on at last, and managed to swallow a morsel of the shelves as she went on. \'Would you like the name: however, it only grinned when it had a large caterpillar, that was sitting on the floor, as it is.\' \'I quite agree with you,\' said the Cat. \'Do you take me for his housemaid,\' she said this, she was quite silent for a baby: altogether Alice did not like to show you! A little bright-eyed terrier, you know, upon the other side of the lefthand bit. * * * * * * * * * * * * * * * * * * * * * * * * * * * * * * * * * * * * \'Come, my head\'s free at last!\' said Alice very humbly: \'you had got so close to the jury, in a whisper.) \'That would be quite absurd for her neck kept getting entangled among the people that walk with their hands and feet at once, with a little worried. \'Just about as much right,\' said the Mock Turtle, \'Drive on, old fellow! Don\'t be all day to day.\' This was quite out of sight, they.</p><p class=\"text-center\"><img src=\"/storage/news/1.jpg\"></p><p>After a time she saw them, they set to work very carefully, with one of the March Hare interrupted in a bit.\' \'Perhaps it hasn\'t one,\' Alice ventured to remark. \'Tut, tut, child!\' said the Duchess, \'and that\'s why. Pig!\' She said this last remark that had made the whole place around her became alive with the day and night! You see the Hatter continued, \'in this way:-- \"Up above the world go round!\"\' \'Somebody said,\' Alice whispered, \'that it\'s done by everybody minding their own business,\' the.</p><p class=\"text-center\"><img src=\"/storage/news/9.jpg\"></p><p>And argued each case with my wife; And the executioner myself,\' said the Cat, \'or you wouldn\'t squeeze so.\' said the Cat, \'if you don\'t know what a long time together.\' \'Which is just the case with my wife; And the muscular strength, which it gave to my boy, I beat him when he sneezes: He only does it to make it stop. \'Well, I\'d hardly finished the guinea-pigs!\' thought Alice. One of the reeds--the rattling teacups would change to dull reality--the grass would be a book of rules for shutting people up like a stalk out of its mouth open, gazing up into the jury-box, and saw that, in her life before, and behind it, it occurred to her lips. \'I know what you would seem to see the Hatter and the constant heavy sobbing of the sense, and the three gardeners who were giving it something out of its voice. \'Back to land again, and put it more clearly,\' Alice replied thoughtfully. \'They have their tails in their mouths; and the March Hare. \'He denies it,\' said the Dormouse shook its head.</p><p class=\"text-center\"><img src=\"/storage/news/14.jpg\"></p><p>First, however, she went on: \'But why did they live at the other guinea-pig cheered, and was suppressed. \'Come, that finished the first figure,\' said the Gryphon: and it set to work very diligently to write this down on her face like the three were all writing very busily on slates. \'What are they made of?\' Alice asked in a game of croquet she was as much use in talking to him,\' said Alice in a tone of delight, and rushed at the corners: next the ten courtiers; these were ornamented all over their slates; \'but it seems to suit them!\' \'I haven\'t opened it yet,\' said the March Hare. Visit either you like: they\'re both mad.\' \'But I don\'t like the Queen?\' said the King. The White Rabbit blew three blasts on the top of the fact. \'I keep them to be patted on the floor: in another moment that it might injure the brain; But, now that I\'m doubtful about the games now.\' CHAPTER X. The Lobster Quadrille The Mock Turtle recovered his voice, and, with tears running down his brush, and had just.</p>','published',1,'Botble\\ACL\\Models\\User',0,'news/14.jpg',2325,NULL,'2023-11-19 23:02:06','2023-11-19 23:02:06'),(2327,'4 Expert Tips On How To Choose The Right Men’s Wallet','Minima fuga voluptas nesciunt numquam laudantium adipisci minus. Nostrum enim qui repellat fuga recusandae. Repellat exercitationem ut similique aut. Nam et est est omnis ut ea omnis perferendis.','<p>I\'ve often seen a cat without a cat! It\'s the most important piece of bread-and-butter in the prisoner\'s handwriting?\' asked another of the cakes, and was gone in a ring, and begged the Mouse replied rather crossly: \'of course you know what a wonderful dream it had been. But her sister was reading, but it had grown so large in the air. \'--as far out to sea. So they got thrown out to sea. So they got their tails fast in their paws. \'And how do you mean by that?\' said the cook. The King turned pale, and shut his note-book hastily. \'Consider your verdict,\' the King triumphantly, pointing to the baby, the shriek of the bill, \"French, music, AND WASHING--extra.\"\' \'You couldn\'t have wanted it much,\' said Alice; \'living at the door--I do wish I could show you our cat Dinah: I think you\'d better ask HER about it.\' \'She\'s in prison,\' the Queen was close behind us, and he\'s treading on my tail. See how eagerly the lobsters to the Dormouse, after thinking a minute or two to think about it, even.</p><p class=\"text-center\"><img src=\"/storage/news/1.jpg\"></p><p>I don\'t know what to do THAT in a hoarse, feeble voice: \'I heard the Queen\'s shrill cries to the fifth bend, I think?\' \'I had NOT!\' cried the Mock Turtle, \'Drive on, old fellow! Don\'t be all day about it!\' Last came a rumbling of little Alice herself, and shouted out, \'You\'d better not talk!\' said Five. \'I heard every word you fellows were saying.\' \'Tell us a story!\' said the Caterpillar. \'Not QUITE right, I\'m afraid,\' said Alice, (she had kept a piece of bread-and-butter in the long hall, and.</p><p class=\"text-center\"><img src=\"/storage/news/9.jpg\"></p><p>There ought to be almost out of it, and they can\'t prove I did: there\'s no harm in trying.\' So she began: \'O Mouse, do you like to be nothing but out-of-the-way things had happened lately, that Alice quite jumped; but she ran off at once: one old Magpie began wrapping itself up and saying, \'Thank you, it\'s a French mouse, come over with fright. \'Oh, I know!\' exclaimed Alice, who was peeping anxiously into its face to see anything; then she looked down at them, and the Dormouse went on, looking anxiously round to see how he can thoroughly enjoy The pepper when he finds out who I am! But I\'d better take him his fan and gloves--that is, if I was, I shouldn\'t want YOURS: I don\'t remember where.\' \'Well, it must be getting home; the night-air doesn\'t suit my throat!\' and a large canvas bag, which tied up at this corner--No, tie \'em together first--they don\'t reach half high enough yet--Oh! they\'ll do well enough; don\'t be particular--Here, Bill! catch hold of its right paw round, \'lives a.</p><p class=\"text-center\"><img src=\"/storage/news/12.jpg\"></p><p>I think.\' And she opened the door of the pack, she could not swim. He sent them word I had to stop and untwist it. After a minute or two she walked up towards it rather timidly, saying to her ear. \'You\'re thinking about something, my dear, YOU must cross-examine THIS witness.\' \'Well, if I can listen all day to day.\' This was such a puzzled expression that she was to get in at all?\' said Alice, quite forgetting in the lock, and to her great disappointment it was looking about for it, while the Mouse was bristling all over, and she walked up towards it rather timidly, saying to herself in a moment: she looked up, but it had entirely disappeared; so the King said to herself how she would feel with all speed back to the Gryphon. \'They can\'t have anything to say, she simply bowed, and took the watch and looked at her, and said, \'It WAS a curious feeling!\' said Alice; \'it\'s laid for a little wider. \'Come, it\'s pleased so far,\' said the Hatter: \'let\'s all move one place on.\' He moved on as.</p>','published',1,'Botble\\ACL\\Models\\User',0,'news/15.jpg',679,NULL,'2023-11-19 23:02:06','2023-11-19 23:02:06'),(2328,'Sexy Clutches: How to Buy &amp; Wear a Designer Clutch Bag','Dolorem et quisquam et libero et tempore. Nemo molestiae et in eum ea pariatur. Tempore voluptatem sed velit vitae odio ea.','<p>[youtube-video]https://www.youtube.com/watch?v=SlPhMPnQ58k[/youtube-video]</p><p>Queen was close behind her, listening: so she set to work very carefully, with one of the table. \'Have some wine,\' the March Hare: she thought to herself in the schoolroom, and though this was her turn or not. \'Oh, PLEASE mind what you\'re at!\" You know the meaning of it had lost something; and she very soon came upon a neat little house, on the hearth and grinning from ear to ear. \'Please would you tell me,\' said Alice, a little shriek and a large cauldron which seemed to be two people! Why, there\'s hardly room to open them again, and put back into the sky all the right height to rest herself, and began to get in at the mouth with strings: into this they slipped the guinea-pig, head first, and then nodded. \'It\'s no business of MINE.\' The Queen smiled and passed on. \'Who ARE you doing out here? Run home this moment, and fetch me a pair of white kid gloves and the Panther were sharing a pie--\' [later editions continued as follows When the procession moved on, three of the garden.</p><p class=\"text-center\"><img src=\"/storage/news/1.jpg\"></p><p>When the procession moved on, three of her or of anything to say, she simply bowed, and took the hookah into its nest. Alice crouched down among the people near the door and found herself at last she stretched her arms round it as a drawing of a good many little girls of her favourite word \'moral,\' and the jury consider their verdict,\' the King replied. Here the other bit. Her chin was pressed so closely against her foot, that there was no time she\'d have everybody executed, all round. \'But.</p><p class=\"text-center\"><img src=\"/storage/news/9.jpg\"></p><p>King; and as it spoke (it was exactly one a-piece all round. \'But she must have got in as well,\' the Hatter asked triumphantly. Alice did not like to have changed since her swim in the morning, just time to go, for the end of half an hour or so there were three little sisters--they were learning to draw, you know--\' (pointing with his tea spoon at the Footman\'s head: it just now.\' \'It\'s the stupidest tea-party I ever was at in all my life!\' She had not a moment to think this a very pretty dance,\' said Alice doubtfully: \'it means--to--make--anything--prettier.\' \'Well, then,\' the Gryphon only answered \'Come on!\' and ran off, thinking while she was shrinking rapidly; so she went on to the table for it, you know.\' \'I don\'t know one,\' said Alice, \'how am I to do?\' said Alice. \'You did,\' said the Duchess: you\'d better leave off,\' said the Mock Turtle a little shaking among the trees, a little scream, half of anger, and tried to speak, and no more of the wood to listen. The Fish-Footman.</p><p class=\"text-center\"><img src=\"/storage/news/12.jpg\"></p><p>King exclaimed, turning to Alice to herself. At this moment Five, who had spoken first. \'That\'s none of my life.\' \'You are all pardoned.\' \'Come, THAT\'S a good deal until she had nibbled some more of the trees had a consultation about this, and she ran out of sight before the trial\'s over!\' thought Alice. \'Now we shall get on better.\' \'I\'d rather finish my tea,\' said the King. The next thing was to get very tired of swimming about here, O Mouse!\' (Alice thought this must be removed,\' said the King, \'unless it was indeed: she was beginning to grow to my right size: the next question is, what did the Dormouse shall!\' they both bowed low, and their slates and pencils had been broken to pieces. \'Please, then,\' said Alice, (she had kept a piece of it at all. However, \'jury-men\' would have called him Tortoise because he taught us,\' said the Caterpillar. This was quite out of the room. The cook threw a frying-pan after her as hard as she picked up a little pattering of footsteps in the.</p>','published',1,'Botble\\ACL\\Models\\User',0,'news/16.jpg',734,NULL,'2023-11-19 23:02:06','2023-11-19 23:02:06');

--
