--
-- Host: localhost    Database: flex_home
-- ------------------------------------------------------


--
-- Table structure for table `activations`
--

CREATE TABLE `activations` (
  `id` int unsigned NOT NULL AUTO_INCREMENT,
  `user_id` int unsigned NOT NULL,
  `code` varchar(120) CHARACTER SET utf8mb4 COLLATE utf8mb4_unicode_ci NOT NULL,
  `completed` tinyint(1) NOT NULL DEFAULT '0',
  `completed_at` timestamp NULL DEFAULT NULL,
  `created_at` timestamp NULL DEFAULT NULL,
  `updated_at` timestamp NULL DEFAULT NULL,
  PRIMARY KEY (`id`),
  KEY `activations_user_id_index` (`user_id`)
) ENGINE=InnoDB AUTO_INCREMENT=3 DEFAULT CHARSET=utf8mb4 COLLATE=utf8mb4_unicode_ci;

--
-- Dumping data for table `activations`
--

INSERT INTO `activations` VALUES (1,1,'0qUvzPAFTRwZ6B9BjPOcDru7lbV3ujSD',1,'2024-02-24 01:21:49','2024-02-24 01:21:49','2024-02-24 01:21:49'),(2,2,'NomHOBMZK08B3lMgH9hbUTLwp9RsWj9B',1,'2024-02-24 01:21:49','2024-02-24 01:21:49','2024-02-24 01:21:49');

--
-- Table structure for table `admin_notifications`
--

CREATE TABLE `admin_notifications` (
  `id` bigint unsigned NOT NULL AUTO_INCREMENT,
  `title` varchar(191) CHARACTER SET utf8mb4 COLLATE utf8mb4_unicode_ci NOT NULL,
  `action_label` varchar(191) CHARACTER SET utf8mb4 COLLATE utf8mb4_unicode_ci DEFAULT NULL,
  `action_url` varchar(191) CHARACTER SET utf8mb4 COLLATE utf8mb4_unicode_ci DEFAULT NULL,
  `description` varchar(400) CHARACTER SET utf8mb4 COLLATE utf8mb4_unicode_ci NOT NULL,
  `read_at` timestamp NULL DEFAULT NULL,
  `created_at` timestamp NULL DEFAULT NULL,
  `updated_at` timestamp NULL DEFAULT NULL,
  `permission` varchar(191) CHARACTER SET utf8mb4 COLLATE utf8mb4_unicode_ci DEFAULT NULL,
  PRIMARY KEY (`id`)
) ENGINE=InnoDB DEFAULT CHARSET=utf8mb4 COLLATE=utf8mb4_unicode_ci;

--
-- Dumping data for table `admin_notifications`
--


--
-- Table structure for table `audit_histories`
--

CREATE TABLE `audit_histories` (
  `id` int unsigned NOT NULL AUTO_INCREMENT,
  `user_id` int unsigned NOT NULL,
  `module` varchar(60) CHARACTER SET utf8mb4 COLLATE utf8mb4_unicode_ci NOT NULL,
  `request` longtext CHARACTER SET utf8mb4 COLLATE utf8mb4_unicode_ci,
  `action` varchar(120) CHARACTER SET utf8mb4 COLLATE utf8mb4_unicode_ci NOT NULL,
  `user_agent` text CHARACTER SET utf8mb4 COLLATE utf8mb4_unicode_ci,
  `ip_address` varchar(39) CHARACTER SET utf8mb4 COLLATE utf8mb4_unicode_ci DEFAULT NULL,
  `reference_user` int unsigned NOT NULL,
  `reference_id` int unsigned NOT NULL,
  `reference_name` varchar(255) CHARACTER SET utf8mb4 COLLATE utf8mb4_unicode_ci NOT NULL,
  `type` varchar(20) CHARACTER SET utf8mb4 COLLATE utf8mb4_unicode_ci NOT NULL,
  `created_at` timestamp NULL DEFAULT NULL,
  `updated_at` timestamp NULL DEFAULT NULL,
  PRIMARY KEY (`id`),
  KEY `audit_histories_user_id_index` (`user_id`),
  KEY `audit_histories_module_index` (`module`)
) ENGINE=InnoDB AUTO_INCREMENT=4 DEFAULT CHARSET=utf8mb4 COLLATE=utf8mb4_unicode_ci;

--
-- Dumping data for table `audit_histories`
--

INSERT INTO `audit_histories` VALUES (2,1,'language','{\"lang_id\":\"0\",\"lang_name\":\"Ti\\u1ebfng Vi\\u1ec7t\",\"lang_locale\":\"vi\",\"lang_code\":\"vi\",\"lang_flag\":\"vn\",\"lang_order\":\"0\",\"lang_is_rtl\":\"0\"}','created','Mozilla/5.0 (Macintosh; Intel Mac OS X 10_15_7) AppleWebKit/537.36 (KHTML, like Gecko) Chrome/114.0.0.0 Safari/537.36','127.0.0.1',1,2,'','info','2023-06-23 02:53:00','2023-06-23 02:53:00'),(3,1,'language','{\"_method\":\"DELETE\"}','deleted','Mozilla/5.0 (Macintosh; Intel Mac OS X 10_15_7) AppleWebKit/537.36 (KHTML, like Gecko) Chrome/114.0.0.0 Safari/537.36','127.0.0.1',1,2,'','danger','2023-06-23 02:53:15','2023-06-23 02:53:15');

--
-- Table structure for table `careers`
--

CREATE TABLE `careers` (
  `id` int unsigned NOT NULL AUTO_INCREMENT,
  `name` varchar(120) CHARACTER SET utf8mb4 COLLATE utf8mb4_unicode_ci NOT NULL,
  `location` varchar(255) CHARACTER SET utf8mb4 COLLATE utf8mb4_unicode_ci NOT NULL,
  `salary` varchar(255) CHARACTER SET utf8mb4 COLLATE utf8mb4_unicode_ci NOT NULL,
  `content` text CHARACTER SET utf8mb4 COLLATE utf8mb4_unicode_ci NOT NULL,
  `status` varchar(60) CHARACTER SET utf8mb4 COLLATE utf8mb4_unicode_ci NOT NULL DEFAULT 'published',
  `created_at` timestamp NULL DEFAULT NULL,
  `updated_at` timestamp NULL DEFAULT NULL,
  `description` varchar(400) CHARACTER SET utf8mb4 COLLATE utf8mb4_unicode_ci DEFAULT NULL,
  PRIMARY KEY (`id`)
) ENGINE=InnoDB AUTO_INCREMENT=6 DEFAULT CHARSET=utf8mb4 COLLATE=utf8mb4_unicode_ci;

--
-- Dumping data for table `careers`
--

INSERT INTO `careers` VALUES (1,'Sales Manager (Up to 2600$)','Ho Chi Minh, Viet Nam','1300$ - 2600$','<p><span style=\"font-size:16px;\"><span style=\"font-family:Arial,Helvetica,sans-serif;\"><strong>BENEFITS FOR YOU</strong></span></span></p>\r\n\r\n<p><span style=\"font-size:14px;\"><span style=\"font-family:Arial,Helvetica,sans-serif;\">- Applicants receive a salary from 1300 USD to 2600 USD<br />\r\n- Fully enjoy the regimes according to Vietnam&#39;s Labor Law: Social insurance, health insurance, unemployment insurance<br />\r\n- Trained to improve expertise and capacity in suitable positions.</span></span></p>\r\n\r\n<p>&nbsp;</p>\r\n\r\n<p><span style=\"font-size:16px;\"><span style=\"font-family:Arial,Helvetica,sans-serif;\"><strong>JOB DESCRIPTION</strong></span></span></p>\r\n\r\n<p><span style=\"font-size:14px;\"><span style=\"font-family:Arial,Helvetica,sans-serif;\">- Coordinate with the Investment Department in organizing the collection, analysis, evaluation of market information and submitting proposals for planning the project&#39;s products and investment cooperation plans (if any);<br />\r\n- Acting as a focal point of exploitation and trading with customers, managing trading floors and distributors;<br />\r\n- Checking and approving the selection of sales units, management units for exploitation, operation and investment cooperation;<br />\r\n- Leading the negotiation and management of contracts with customers, sales units, management of exploitation, operation and investment cooperation;<br />\r\n- Prepare and submit a price approval for the sale, lease, and cooperation prices of all real estate projects;<br />\r\n- Develop sales plans, sales policies, support and promotions;<br />\r\n- Coordinate with member companies (Project Management Board) to collect and hand over product records (technical documents, red books, sales contracts ...) to hand over customers;<br />\r\n- Deploy customer support activities;</span></span></p>\r\n\r\n<p>&nbsp;</p>\r\n\r\n<p><span style=\"font-size:16px;\"><span style=\"font-family:Arial,Helvetica,sans-serif;\"><strong>JOB REQUIREMENTS</strong></span></span></p>\r\n\r\n<p><span style=\"font-size:14px;\"><span style=\"font-family:Arial,Helvetica,sans-serif;\">- Preferred age: 30-35<br />\r\n- University degree in Business Administration, Economics, or related industries.<br />\r\n- Over 03 years of experience in assuming the position of Real Estate Business City<br />\r\n- Priority with a certificate of real estate broker, certificate of real estate trading floor management<br />\r\n- Good planning, operating, and control skills<br />\r\n- Good communication, negotiation and problem-solving skills</span></span></p>','published','2019-11-30 19:43:10','2019-11-30 19:46:53',NULL),(3,'Senior Real Estate Consultant Demo','Ho Chi Minh, Viet Nam','From 1500$','<p><span style=\"font-size:16px;\"><span style=\"font-family:Arial,Helvetica,sans-serif;\"><strong>BENEFITS FOR YOU</strong></span></span></p>\r\n\r\n<p><span style=\"font-size:14px;\"><span style=\"font-family:Arial,Helvetica,sans-serif;\">- Basic salary 500$&nbsp;/ month.<br />\r\n- Access to diverse sources of goods and opportunities from reputable investors.<br />\r\n- Retrospective salary policy up to 2400$-7000$&nbsp;/ year.<br />\r\n- Commission of 22-50% and a commission 1000$ / successful transaction in the month.<br />\r\n- Effective bonus 0.6-3% of annual revenue.<br />\r\n- A place to build your personal brand in a standard and different way.<br />\r\n- Attend seminars on real estate every 6 months.<br />\r\n- Participate in the course on negotiation skills (Win - Win), language of sales (Language of Sales), customer mind marketing (SOI), customer conversion from social networks (Go Social)<br />\r\n- Unlimited promotion opportunities.<br />\r\n- Working with professional space and modern open office design.<br />\r\n- Welfare policy, domestic and foreign tourism ...<br />\r\n- Decentralized, democratic, financial transparency, considering brokerage is a business partner.<br />\r\n- Environmentally friendly, is the place where brokers are connected with regular activities</span></span></p>\r\n\r\n<p>&nbsp;</p>\r\n\r\n<p><span style=\"font-size:16px;\"><span style=\"font-family:Arial,Helvetica,sans-serif;\"><strong>JOB DESCRIPTION</strong></span></span></p>\r\n\r\n<p><span style=\"font-size:14px;\"><span style=\"font-family:Arial,Helvetica,sans-serif;\">- Quantity: 30 employees<br />\r\n- Find and exploit potential customers for real estate products valued from 2000 USD / m2 in the high-end and luxury segment;<br />\r\n- Deploying activities to find customers, coordinate with teams to realize sales targets<br />\r\n- Advise customers on information related to products and projects of the Company;</span></span></p>\r\n\r\n<p>&nbsp;</p>\r\n\r\n<p><span style=\"font-size:16px;\"><span style=\"font-family:Arial,Helvetica,sans-serif;\"><strong>JOB REQUIREMENTS</strong></span></span></p>\r\n\r\n<p><span style=\"font-size:14px;\"><span style=\"font-family:Arial,Helvetica,sans-serif;\">- Graduating from college or higher<br />\r\n- Good appearance, male height from 1.68m, female from 1.58m. Age from 22-35 years old<br />\r\n- Priority to candidates who know foreign languages ​​and have 1 year or more experience in the field of real estate, banking and finance.<br />\r\n- Have financial goals, work and life.<br />\r\n- Desire to achieve big goals.<br />\r\n- Diligent, persistent, honest.</span></span></p>','published','2019-11-30 19:52:42','2021-01-03 17:26:17',NULL);

--
-- Table structure for table `careers_translations`
--

CREATE TABLE `careers_translations` (
  `lang_code` varchar(191) CHARACTER SET utf8mb4 COLLATE utf8mb4_unicode_ci NOT NULL,
  `careers_id` int NOT NULL,
  `name` varchar(255) CHARACTER SET utf8mb4 COLLATE utf8mb4_unicode_ci DEFAULT NULL,
  `location` varchar(255) CHARACTER SET utf8mb4 COLLATE utf8mb4_unicode_ci DEFAULT NULL,
  `salary` varchar(255) CHARACTER SET utf8mb4 COLLATE utf8mb4_unicode_ci DEFAULT NULL,
  `description` longtext CHARACTER SET utf8mb4 COLLATE utf8mb4_unicode_ci,
  `content` longtext CHARACTER SET utf8mb4 COLLATE utf8mb4_unicode_ci,
  PRIMARY KEY (`lang_code`,`careers_id`)
) ENGINE=InnoDB DEFAULT CHARSET=utf8mb4 COLLATE=utf8mb4_unicode_ci;

--
-- Dumping data for table `careers_translations`
--


--
-- Table structure for table `categories`
--

CREATE TABLE `categories` (
  `id` int unsigned NOT NULL AUTO_INCREMENT,
  `name` varchar(120) CHARACTER SET utf8mb4 COLLATE utf8mb4_unicode_ci NOT NULL,
  `parent_id` int unsigned NOT NULL DEFAULT '0',
  `description` varchar(400) CHARACTER SET utf8mb4 COLLATE utf8mb4_unicode_ci DEFAULT NULL,
  `status` varchar(60) CHARACTER SET utf8mb4 COLLATE utf8mb4_unicode_ci NOT NULL DEFAULT 'published',
  `author_id` bigint unsigned DEFAULT NULL,
  `author_type` varchar(255) CHARACTER SET utf8mb4 COLLATE utf8mb4_unicode_ci NOT NULL DEFAULT 'Botble\\ACL\\Models\\User',
  `icon` varchar(60) CHARACTER SET utf8mb4 COLLATE utf8mb4_unicode_ci DEFAULT NULL,
  `order` tinyint NOT NULL DEFAULT '0',
  `is_featured` tinyint NOT NULL DEFAULT '0',
  `is_default` tinyint unsigned NOT NULL DEFAULT '0',
  `created_at` timestamp NULL DEFAULT NULL,
  `updated_at` timestamp NULL DEFAULT NULL,
  PRIMARY KEY (`id`),
  KEY `categories_parent_id_status_created_at_index` (`parent_id`,`status`,`created_at`)
) ENGINE=InnoDB AUTO_INCREMENT=9 DEFAULT CHARSET=utf8mb4 COLLATE=utf8mb4_unicode_ci;

--
-- Dumping data for table `categories`
--

INSERT INTO `categories` VALUES (1,'News',0,NULL,'published',1,'Botble\\ACL\\Models\\User',NULL,0,0,1,'2019-11-18 02:33:35','2019-11-18 02:33:35'),(2,'House architecture',0,NULL,'published',1,'Botble\\ACL\\Models\\User',NULL,0,0,0,'2019-11-21 07:49:25','2019-11-21 07:49:25'),(3,'Kiến trúc nhà',0,NULL,'published',1,'Botble\\ACL\\Models\\User',NULL,0,0,0,'2019-11-21 07:49:35','2019-11-21 07:49:35'),(4,'House design',0,NULL,'published',1,'Botble\\ACL\\Models\\User',NULL,0,0,0,'2019-11-21 07:50:02','2019-11-21 07:50:02'),(5,'Thiết kế nhà',0,NULL,'published',1,'Botble\\ACL\\Models\\User',NULL,0,0,0,'2019-11-21 07:50:17','2019-11-21 07:50:17'),(6,'Building materials',0,NULL,'published',1,'Botble\\ACL\\Models\\User',NULL,0,0,0,'2019-11-21 07:50:36','2019-11-21 07:50:36'),(7,'Vật liệu xây dựng',0,NULL,'published',1,'Botble\\ACL\\Models\\User',NULL,0,0,0,'2019-11-21 07:50:58','2019-11-21 07:50:58'),(8,'Tin tức',0,NULL,'published',1,'Botble\\ACL\\Models\\User',NULL,0,0,1,'2019-11-22 01:26:08','2019-11-22 01:26:08');

--
-- Table structure for table `categories_translations`
--

CREATE TABLE `categories_translations` (
  `lang_code` varchar(191) CHARACTER SET utf8mb4 COLLATE utf8mb4_unicode_ci NOT NULL,
  `categories_id` int NOT NULL,
  `name` varchar(255) CHARACTER SET utf8mb4 COLLATE utf8mb4_unicode_ci DEFAULT NULL,
  `description` varchar(400) CHARACTER SET utf8mb4 COLLATE utf8mb4_unicode_ci DEFAULT NULL,
  PRIMARY KEY (`lang_code`,`categories_id`)
) ENGINE=InnoDB DEFAULT CHARSET=utf8mb4 COLLATE=utf8mb4_unicode_ci;

--
-- Dumping data for table `categories_translations`
--


--
-- Table structure for table `cities`
--

CREATE TABLE `cities` (
  `id` int unsigned NOT NULL AUTO_INCREMENT,
  `name` varchar(120) CHARACTER SET utf8mb4 COLLATE utf8mb4_unicode_ci NOT NULL,
  `state_id` bigint unsigned DEFAULT NULL,
  `country_id` int unsigned NOT NULL,
  `order` tinyint NOT NULL DEFAULT '0',
  `is_default` tinyint unsigned NOT NULL DEFAULT '0',
  `image` varchar(255) CHARACTER SET utf8mb4 COLLATE utf8mb4_unicode_ci DEFAULT NULL,
  `status` varchar(60) CHARACTER SET utf8mb4 COLLATE utf8mb4_unicode_ci NOT NULL DEFAULT 'published',
  `created_at` timestamp NULL DEFAULT NULL,
  `updated_at` timestamp NULL DEFAULT NULL,
  `slug` varchar(120) CHARACTER SET utf8mb4 COLLATE utf8mb4_unicode_ci DEFAULT NULL,
  `record_id` varchar(40) CHARACTER SET utf8mb4 COLLATE utf8mb4_unicode_ci DEFAULT NULL,
  PRIMARY KEY (`id`),
  UNIQUE KEY `cities_slug_unique` (`slug`)
) ENGINE=InnoDB AUTO_INCREMENT=6 DEFAULT CHARSET=utf8mb4 COLLATE=utf8mb4_unicode_ci;

--
-- Dumping data for table `cities`
--

INSERT INTO `cities` VALUES (1,'Alhambra',1,1,0,0,'cities/location-1.jpg','published','2019-11-18 08:18:42','2019-12-03 05:55:52','alhambra',NULL),(2,'Oakland',1,1,0,0,'cities/location-2.jpg','published','2019-11-18 08:23:14','2019-12-03 05:55:52','oakland',NULL),(3,'Bakersfield',1,1,0,0,'cities/location-3.jpg','published','2019-11-18 08:26:54','2019-12-03 05:55:52','bakersfield',NULL),(4,'Anaheim',1,1,0,0,'cities/location-4.jpg','published','2019-11-18 08:27:57','2019-12-03 05:55:52','anaheim',NULL),(5,'San Francisco',1,1,0,0,'cities/location-5.jpg','published','2019-11-18 08:29:18','2019-12-03 05:55:52','san-francisco',NULL);

--
-- Table structure for table `cities_translations`
--

CREATE TABLE `cities_translations` (
  `lang_code` varchar(191) CHARACTER SET utf8mb4 COLLATE utf8mb4_unicode_ci NOT NULL,
  `cities_id` int NOT NULL,
  `name` varchar(120) CHARACTER SET utf8mb4 COLLATE utf8mb4_unicode_ci DEFAULT NULL,
  `slug` varchar(120) CHARACTER SET utf8mb4 COLLATE utf8mb4_unicode_ci DEFAULT NULL,
  PRIMARY KEY (`lang_code`,`cities_id`)
) ENGINE=InnoDB DEFAULT CHARSET=utf8mb4 COLLATE=utf8mb4_unicode_ci;

--
-- Dumping data for table `cities_translations`
--


--
-- Table structure for table `contact_replies`
--

CREATE TABLE `contact_replies` (
  `id` int unsigned NOT NULL AUTO_INCREMENT,
  `message` text CHARACTER SET utf8mb4 COLLATE utf8mb4_unicode_ci NOT NULL,
  `contact_id` int NOT NULL,
  `created_at` timestamp NULL DEFAULT NULL,
  `updated_at` timestamp NULL DEFAULT NULL,
  PRIMARY KEY (`id`)
) ENGINE=InnoDB DEFAULT CHARSET=utf8mb4 COLLATE=utf8mb4_unicode_ci;

--
-- Dumping data for table `contact_replies`
--


--
-- Table structure for table `contacts`
--

CREATE TABLE `contacts` (
  `id` int unsigned NOT NULL AUTO_INCREMENT,
  `name` varchar(60) CHARACTER SET utf8mb4 COLLATE utf8mb4_unicode_ci NOT NULL,
  `email` varchar(60) CHARACTER SET utf8mb4 COLLATE utf8mb4_unicode_ci NOT NULL,
  `phone` varchar(60) CHARACTER SET utf8mb4 COLLATE utf8mb4_unicode_ci DEFAULT NULL,
  `address` varchar(120) CHARACTER SET utf8mb4 COLLATE utf8mb4_unicode_ci DEFAULT NULL,
  `subject` varchar(120) CHARACTER SET utf8mb4 COLLATE utf8mb4_unicode_ci DEFAULT NULL,
  `content` text CHARACTER SET utf8mb4 COLLATE utf8mb4_unicode_ci NOT NULL,
  `status` varchar(60) CHARACTER SET utf8mb4 COLLATE utf8mb4_unicode_ci NOT NULL DEFAULT 'unread',
  `created_at` timestamp NULL DEFAULT NULL,
  `updated_at` timestamp NULL DEFAULT NULL,
  PRIMARY KEY (`id`)
) ENGINE=InnoDB DEFAULT CHARSET=utf8mb4 COLLATE=utf8mb4_unicode_ci;

--
-- Dumping data for table `contacts`
--


--
-- Table structure for table `countries`
--

CREATE TABLE `countries` (
  `id` int unsigned NOT NULL AUTO_INCREMENT,
  `name` varchar(120) CHARACTER SET utf8mb4 COLLATE utf8mb4_unicode_ci NOT NULL,
  `nationality` varchar(120) CHARACTER SET utf8mb4 COLLATE utf8mb4_unicode_ci DEFAULT NULL,
  `order` tinyint NOT NULL DEFAULT '0',
  `is_default` tinyint unsigned NOT NULL DEFAULT '0',
  `status` varchar(60) CHARACTER SET utf8mb4 COLLATE utf8mb4_unicode_ci NOT NULL DEFAULT 'published',
  `created_at` timestamp NULL DEFAULT NULL,
  `updated_at` timestamp NULL DEFAULT NULL,
  `code` varchar(10) CHARACTER SET utf8mb4 COLLATE utf8mb4_unicode_ci DEFAULT NULL,
  PRIMARY KEY (`id`)
) ENGINE=InnoDB AUTO_INCREMENT=2 DEFAULT CHARSET=utf8mb4 COLLATE=utf8mb4_unicode_ci;

--
-- Dumping data for table `countries`
--

INSERT INTO `countries` VALUES (1,'United States','United States of America',0,0,'published','2019-11-18 08:17:29','2019-11-18 08:17:29',NULL);

--
-- Table structure for table `countries_translations`
--

CREATE TABLE `countries_translations` (
  `lang_code` varchar(191) CHARACTER SET utf8mb4 COLLATE utf8mb4_unicode_ci NOT NULL,
  `countries_id` int NOT NULL,
  `name` varchar(120) CHARACTER SET utf8mb4 COLLATE utf8mb4_unicode_ci DEFAULT NULL,
  `nationality` varchar(120) CHARACTER SET utf8mb4 COLLATE utf8mb4_unicode_ci DEFAULT NULL,
  PRIMARY KEY (`lang_code`,`countries_id`)
) ENGINE=InnoDB DEFAULT CHARSET=utf8mb4 COLLATE=utf8mb4_unicode_ci;

--
-- Dumping data for table `countries_translations`
--


--
-- Table structure for table `dashboard_widget_settings`
--

CREATE TABLE `dashboard_widget_settings` (
  `id` int unsigned NOT NULL AUTO_INCREMENT,
  `settings` text CHARACTER SET utf8mb4 COLLATE utf8mb4_unicode_ci,
  `user_id` int unsigned NOT NULL,
  `widget_id` int unsigned NOT NULL,
  `order` tinyint unsigned NOT NULL DEFAULT '0',
  `status` tinyint unsigned NOT NULL DEFAULT '1',
  `created_at` timestamp NULL DEFAULT NULL,
  `updated_at` timestamp NULL DEFAULT NULL,
  PRIMARY KEY (`id`),
  KEY `dashboard_widget_settings_user_id_index` (`user_id`),
  KEY `dashboard_widget_settings_widget_id_index` (`widget_id`)
) ENGINE=InnoDB AUTO_INCREMENT=7 DEFAULT CHARSET=utf8mb4 COLLATE=utf8mb4_unicode_ci;

--
-- Dumping data for table `dashboard_widget_settings`
--

INSERT INTO `dashboard_widget_settings` VALUES (1,NULL,1,7,0,1,'2019-11-26 02:40:58','2019-11-26 02:40:58'),(2,NULL,1,5,1,1,'2019-11-26 02:40:58','2019-11-26 02:40:58'),(3,NULL,1,6,2,1,'2019-11-26 02:40:58','2019-11-26 02:40:58'),(4,NULL,1,8,3,1,'2019-11-26 02:40:58','2019-11-26 02:40:58'),(5,NULL,1,9,4,1,'2019-11-26 02:40:58','2019-11-26 02:40:58'),(6,NULL,1,10,5,1,'2019-11-26 02:40:58','2019-11-26 02:40:58');

--
-- Table structure for table `dashboard_widgets`
--

CREATE TABLE `dashboard_widgets` (
  `id` int unsigned NOT NULL AUTO_INCREMENT,
  `name` varchar(120) CHARACTER SET utf8mb4 COLLATE utf8mb4_unicode_ci NOT NULL,
  `created_at` timestamp NULL DEFAULT NULL,
  `updated_at` timestamp NULL DEFAULT NULL,
  PRIMARY KEY (`id`)
) ENGINE=InnoDB AUTO_INCREMENT=15 DEFAULT CHARSET=utf8mb4 COLLATE=utf8mb4_unicode_ci;

--
-- Dumping data for table `dashboard_widgets`
--

INSERT INTO `dashboard_widgets` VALUES (1,'widget_total_pages','2019-11-15 04:57:40','2019-11-15 04:57:40'),(2,'widget_total_users','2019-11-15 04:57:40','2019-11-15 04:57:40'),(3,'widget_total_plugins','2019-11-15 04:57:40','2019-11-15 04:57:40'),(4,'widget_total_themes','2019-11-15 04:57:40','2019-11-15 04:57:40'),(5,'widget_audit_logs','2019-11-15 18:54:50','2019-11-15 18:54:50'),(6,'widget_posts_recent','2019-11-15 18:54:50','2019-11-15 18:54:50'),(7,'widget_analytics_general','2019-11-15 18:54:50','2019-11-15 18:54:50'),(8,'widget_analytics_page','2019-11-15 18:54:50','2019-11-15 18:54:50'),(9,'widget_analytics_browser','2019-11-15 18:54:50','2019-11-15 18:54:50'),(10,'widget_analytics_referrer','2019-11-15 18:54:50','2019-11-15 18:54:50'),(11,'widget_total_1','2022-11-05 23:58:22','2022-11-05 23:58:22'),(12,'widget_total_2','2022-11-05 23:58:22','2022-11-05 23:58:22'),(13,'widget_total_3','2022-11-05 23:58:22','2022-11-05 23:58:22'),(14,'widget_total_4','2022-11-05 23:58:22','2022-11-05 23:58:22');

--
-- Table structure for table `failed_jobs`
--

CREATE TABLE `failed_jobs` (
  `id` bigint unsigned NOT NULL AUTO_INCREMENT,
  `connection` text CHARACTER SET utf8mb4 COLLATE utf8mb4_unicode_ci NOT NULL,
  `queue` text CHARACTER SET utf8mb4 COLLATE utf8mb4_unicode_ci NOT NULL,
  `payload` longtext CHARACTER SET utf8mb4 COLLATE utf8mb4_unicode_ci NOT NULL,
  `exception` longtext CHARACTER SET utf8mb4 COLLATE utf8mb4_unicode_ci NOT NULL,
  `failed_at` timestamp NOT NULL DEFAULT CURRENT_TIMESTAMP,
  PRIMARY KEY (`id`)
) ENGINE=InnoDB DEFAULT CHARSET=utf8mb4 COLLATE=utf8mb4_unicode_ci;

--
-- Dumping data for table `failed_jobs`
--


--
-- Table structure for table `jobs`
--

CREATE TABLE `jobs` (
  `id` bigint unsigned NOT NULL AUTO_INCREMENT,
  `queue` varchar(191) CHARACTER SET utf8mb4 COLLATE utf8mb4_unicode_ci NOT NULL,
  `payload` longtext CHARACTER SET utf8mb4 COLLATE utf8mb4_unicode_ci NOT NULL,
  `attempts` tinyint unsigned NOT NULL,
  `reserved_at` int unsigned DEFAULT NULL,
  `available_at` int unsigned NOT NULL,
  `created_at` int unsigned NOT NULL,
  PRIMARY KEY (`id`),
  KEY `jobs_queue_index` (`queue`)
) ENGINE=InnoDB DEFAULT CHARSET=utf8mb4 COLLATE=utf8mb4_unicode_ci;

--
-- Dumping data for table `jobs`
--


--
-- Table structure for table `language_meta`
--

CREATE TABLE `language_meta` (
  `lang_meta_id` int unsigned NOT NULL AUTO_INCREMENT,
  `reference_id` int unsigned NOT NULL,
  `lang_meta_code` varchar(20) CHARACTER SET utf8mb4 COLLATE utf8mb4_unicode_ci DEFAULT NULL,
  `reference_type` varchar(120) CHARACTER SET utf8mb4 COLLATE utf8mb4_unicode_ci NOT NULL,
  `lang_meta_origin` varchar(32) CHARACTER SET utf8mb4 COLLATE utf8mb4_unicode_ci NOT NULL,
  PRIMARY KEY (`lang_meta_id`),
  KEY `language_meta_lang_meta_content_id_index` (`reference_id`),
  KEY `meta_code_index` (`lang_meta_code`),
  KEY `meta_origin_index` (`lang_meta_origin`),
  KEY `meta_reference_type_index` (`reference_type`)
) ENGINE=InnoDB AUTO_INCREMENT=6 DEFAULT CHARSET=utf8mb4 COLLATE=utf8mb4_unicode_ci;

--
-- Dumping data for table `language_meta`
--

INSERT INTO `language_meta` VALUES (1,1,'en_US','Botble\\Menu\\Models\\MenuLocation','4eed81f709e5da09d1808c988a6ff5fc'),(2,1,'en_US','Botble\\Menu\\Models\\Menu','2fb4a5f4931e9d990abfd691f9f12b16'),(3,2,'en_US','Botble\\Menu\\Models\\Menu','be7e2ae4de43ec0f56111f8645e07058'),(4,3,'en_US','Botble\\Menu\\Models\\Menu','0c110cf1578a73967d96f121b7b95b8c'),(5,4,'en_US','Botble\\Menu\\Models\\Menu','49bb3387483a08c414db2872969cc40c');

--
-- Table structure for table `languages`
--

CREATE TABLE `languages` (
  `lang_id` int unsigned NOT NULL AUTO_INCREMENT,
  `lang_name` varchar(120) CHARACTER SET utf8mb4 COLLATE utf8mb4_unicode_ci NOT NULL,
  `lang_locale` varchar(20) CHARACTER SET utf8mb4 COLLATE utf8mb4_unicode_ci NOT NULL,
  `lang_code` varchar(20) CHARACTER SET utf8mb4 COLLATE utf8mb4_unicode_ci NOT NULL,
  `lang_flag` varchar(20) CHARACTER SET utf8mb4 COLLATE utf8mb4_unicode_ci DEFAULT NULL,
  `lang_is_default` tinyint unsigned NOT NULL DEFAULT '0',
  `lang_order` int NOT NULL DEFAULT '0',
  `lang_is_rtl` tinyint unsigned NOT NULL DEFAULT '0',
  PRIMARY KEY (`lang_id`),
  KEY `lang_locale_index` (`lang_locale`),
  KEY `lang_code_index` (`lang_code`),
  KEY `lang_is_default_index` (`lang_is_default`)
) ENGINE=InnoDB AUTO_INCREMENT=2 DEFAULT CHARSET=utf8mb4 COLLATE=utf8mb4_unicode_ci;

--
-- Dumping data for table `languages`
--

INSERT INTO `languages` VALUES (1,'English','en','en_US','us',1,0,0);

--
-- Table structure for table `media_files`
--

CREATE TABLE `media_files` (
  `id` int unsigned NOT NULL AUTO_INCREMENT,
  `user_id` int unsigned NOT NULL,
  `name` varchar(255) CHARACTER SET utf8mb4 COLLATE utf8mb4_unicode_ci NOT NULL,
  `alt` varchar(191) CHARACTER SET utf8mb4 COLLATE utf8mb4_unicode_ci DEFAULT NULL,
  `folder_id` int unsigned NOT NULL DEFAULT '0',
  `mime_type` varchar(120) CHARACTER SET utf8mb4 COLLATE utf8mb4_unicode_ci NOT NULL,
  `size` int NOT NULL,
  `url` varchar(255) CHARACTER SET utf8mb4 COLLATE utf8mb4_unicode_ci NOT NULL,
  `options` text CHARACTER SET utf8mb4 COLLATE utf8mb4_unicode_ci,
  `created_at` timestamp NULL DEFAULT NULL,
  `updated_at` timestamp NULL DEFAULT NULL,
  `deleted_at` timestamp NULL DEFAULT NULL,
  PRIMARY KEY (`id`),
  KEY `media_files_user_id_index` (`user_id`),
  KEY `media_files_folder_id_user_id_created_at_index` (`folder_id`,`user_id`,`created_at`)
) ENGINE=InnoDB AUTO_INCREMENT=44329 DEFAULT CHARSET=utf8mb4 COLLATE=utf8mb4_unicode_ci;

--
-- Dumping data for table `media_files`
--

INSERT INTO `media_files` VALUES (22702,0,'avatar','avatar',1129,'image/jpeg',151486,'users/avatar.jpg','[]','2023-10-25 00:12:49','2023-10-25 00:12:49',NULL),(44159,0,'banner','banner',1,'image/jpeg',17700,'banner/banner.jpg','[]','2024-02-24 01:21:44','2024-02-24 01:21:44',NULL),(44160,0,'location-1','location-1',2006,'image/jpeg',9803,'cities/location-1.jpg','[]','2024-02-24 01:21:44','2024-02-24 01:21:44',NULL),(44161,0,'location-2','location-2',2006,'image/jpeg',9803,'cities/location-2.jpg','[]','2024-02-24 01:21:44','2024-02-24 01:21:44',NULL),(44162,0,'location-3','location-3',2006,'image/jpeg',9803,'cities/location-3.jpg','[]','2024-02-24 01:21:44','2024-02-24 01:21:44',NULL),(44163,0,'location-4','location-4',2006,'image/jpeg',9803,'cities/location-4.jpg','[]','2024-02-24 01:21:44','2024-02-24 01:21:44',NULL),(44164,0,'location-5','location-5',2006,'image/jpeg',9803,'cities/location-5.jpg','[]','2024-02-24 01:21:44','2024-02-24 01:21:44',NULL),(44165,0,'favicon','favicon',2007,'image/png',2395,'logo/favicon.png','[]','2024-02-24 01:21:44','2024-02-24 01:21:44',NULL),(44166,0,'logo-white','logo-white',2007,'image/png',20236,'logo/logo-white.png','[]','2024-02-24 01:21:44','2024-02-24 01:21:44',NULL),(44167,0,'logo','logo',2007,'image/png',25650,'logo/logo.png','[]','2024-02-24 01:21:44','2024-02-24 01:21:44',NULL),(44168,0,'1','1',2008,'image/jpeg',9803,'accounts/1.jpg','[]','2024-02-24 01:21:45','2024-02-24 01:21:45',NULL),(44169,0,'10','10',2008,'image/jpeg',9803,'accounts/10.jpg','[]','2024-02-24 01:21:45','2024-02-24 01:21:45',NULL),(44170,0,'2','2',2008,'image/jpeg',9803,'accounts/2.jpg','[]','2024-02-24 01:21:45','2024-02-24 01:21:45',NULL),(44171,0,'3','3',2008,'image/jpeg',9803,'accounts/3.jpg','[]','2024-02-24 01:21:45','2024-02-24 01:21:45',NULL),(44172,0,'4','4',2008,'image/jpeg',9803,'accounts/4.jpg','[]','2024-02-24 01:21:45','2024-02-24 01:21:45',NULL),(44173,0,'5','5',2008,'image/jpeg',9803,'accounts/5.jpg','[]','2024-02-24 01:21:45','2024-02-24 01:21:45',NULL),(44174,0,'6','6',2008,'image/jpeg',9803,'accounts/6.jpg','[]','2024-02-24 01:21:45','2024-02-24 01:21:45',NULL),(44175,0,'7','7',2008,'image/jpeg',9803,'accounts/7.jpg','[]','2024-02-24 01:21:45','2024-02-24 01:21:45',NULL),(44176,0,'8','8',2008,'image/jpeg',9803,'accounts/8.jpg','[]','2024-02-24 01:21:45','2024-02-24 01:21:45',NULL),(44177,0,'9','9',2008,'image/jpeg',9803,'accounts/9.jpg','[]','2024-02-24 01:21:45','2024-02-24 01:21:45',NULL),(44178,0,'asset-3-at-3x','asset-3-at-3x',2009,'image/png',77453,'general/asset-3-at-3x.png','[]','2024-02-24 01:21:50','2024-02-24 01:21:50',NULL),(44179,0,'asset-4-at-3x','asset-4-at-3x',2009,'image/png',86407,'general/asset-4-at-3x.png','[]','2024-02-24 01:21:50','2024-02-24 01:21:50',NULL),(44180,0,'breadcrumb-background','breadcrumb-background',2009,'image/jpeg',505901,'general/breadcrumb-background.jpg','[]','2024-02-24 01:21:50','2024-02-24 01:21:50',NULL),(44181,0,'copyright','copyright',2009,'image/jpeg',48845,'general/copyright.jpg','[]','2024-02-24 01:21:50','2024-02-24 01:21:50',NULL),(44182,0,'home-banner','home-banner',2009,'image/jpeg',631290,'general/home-banner.jpg','[]','2024-02-24 01:21:50','2024-02-24 01:21:50',NULL),(44183,0,'termsconditions-pagedesktop','termsconditions-pagedesktop',2009,'image/jpeg',78173,'general/termsconditions-pagedesktop.jpg','[]','2024-02-24 01:21:50','2024-02-24 01:21:50',NULL),(44184,0,'video-vi-pham-ban-quyen-bi-youtube-thang-tay-trung-tri','video-vi-pham-ban-quyen-bi-youtube-thang-tay-trung-tri',2009,'image/jpeg',18757,'general/video-vi-pham-ban-quyen-bi-youtube-thang-tay-trung-tri.jpg','[]','2024-02-24 01:21:50','2024-02-24 01:21:50',NULL),(44185,0,'vietnam-office-4','vietnam-office-4',2009,'image/jpeg',79608,'general/vietnam-office-4.jpg','[]','2024-02-24 01:21:50','2024-02-24 01:21:50',NULL),(44186,0,'1','1',2010,'image/jpeg',66981,'news/1.jpg','[]','2024-02-24 01:21:51','2024-02-24 01:21:51',NULL),(44187,0,'10','10',2010,'image/jpeg',38901,'news/10.jpg','[]','2024-02-24 01:21:51','2024-02-24 01:21:51',NULL),(44188,0,'11','11',2010,'image/jpeg',51899,'news/11.jpg','[]','2024-02-24 01:21:51','2024-02-24 01:21:51',NULL),(44189,0,'12','12',2010,'image/jpeg',55570,'news/12.jpg','[]','2024-02-24 01:21:51','2024-02-24 01:21:51',NULL),(44190,0,'13','13',2010,'image/jpeg',82997,'news/13.jpg','[]','2024-02-24 01:21:51','2024-02-24 01:21:51',NULL),(44191,0,'14','14',2010,'image/jpeg',66981,'news/14.jpg','[]','2024-02-24 01:21:51','2024-02-24 01:21:51',NULL),(44192,0,'15','15',2010,'image/jpeg',111464,'news/15.jpg','[]','2024-02-24 01:21:51','2024-02-24 01:21:51',NULL),(44193,0,'16','16',2010,'image/jpeg',379750,'news/16.jpg','[]','2024-02-24 01:21:51','2024-02-24 01:21:51',NULL),(44194,0,'2','2',2010,'image/jpeg',51879,'news/2.jpg','[]','2024-02-24 01:21:51','2024-02-24 01:21:51',NULL),(44195,0,'3','3',2010,'image/jpeg',127122,'news/3.jpg','[]','2024-02-24 01:21:51','2024-02-24 01:21:51',NULL),(44196,0,'4','4',2010,'image/jpeg',173868,'news/4.jpg','[]','2024-02-24 01:21:51','2024-02-24 01:21:51',NULL),(44197,0,'5','5',2010,'image/jpeg',38901,'news/5.jpg','[]','2024-02-24 01:21:51','2024-02-24 01:21:51',NULL),(44198,0,'6','6',2010,'image/jpeg',224569,'news/6.jpg','[]','2024-02-24 01:21:51','2024-02-24 01:21:51',NULL),(44199,0,'7','7',2010,'image/jpeg',177684,'news/7.jpg','[]','2024-02-24 01:21:51','2024-02-24 01:21:51',NULL),(44200,0,'8','8',2010,'image/jpeg',111710,'news/8.jpg','[]','2024-02-24 01:21:52','2024-02-24 01:21:52',NULL),(44201,0,'9','9',2010,'image/jpeg',143678,'news/9.jpg','[]','2024-02-24 01:21:52','2024-02-24 01:21:52',NULL),(44202,0,'1','1',2011,'image/jpeg',9803,'projects/1.jpg','[]','2024-02-24 01:21:52','2024-02-24 01:21:52',NULL),(44203,0,'11','11',2011,'image/jpeg',9803,'projects/11.jpg','[]','2024-02-24 01:21:52','2024-02-24 01:21:52',NULL),(44204,0,'12','12',2011,'image/jpeg',9803,'projects/12.jpg','[]','2024-02-24 01:21:52','2024-02-24 01:21:52',NULL),(44205,0,'13','13',2011,'image/jpeg',9803,'projects/13.jpg','[]','2024-02-24 01:21:52','2024-02-24 01:21:52',NULL),(44206,0,'14','14',2011,'image/jpeg',9803,'projects/14.jpg','[]','2024-02-24 01:21:52','2024-02-24 01:21:52',NULL),(44207,0,'2','2',2011,'image/jpeg',9803,'projects/2.jpg','[]','2024-02-24 01:21:52','2024-02-24 01:21:52',NULL),(44208,0,'21','21',2011,'image/jpeg',9803,'projects/21.jpg','[]','2024-02-24 01:21:52','2024-02-24 01:21:52',NULL),(44209,0,'22','22',2011,'image/jpeg',9803,'projects/22.jpg','[]','2024-02-24 01:21:52','2024-02-24 01:21:52',NULL),(44210,0,'23','23',2011,'image/jpeg',9803,'projects/23.jpg','[]','2024-02-24 01:21:52','2024-02-24 01:21:52',NULL),(44211,0,'24','24',2011,'image/jpeg',9803,'projects/24.jpg','[]','2024-02-24 01:21:52','2024-02-24 01:21:52',NULL),(44212,0,'25','25',2011,'image/jpeg',9803,'projects/25.jpg','[]','2024-02-24 01:21:52','2024-02-24 01:21:52',NULL),(44213,0,'26','26',2011,'image/jpeg',9803,'projects/26.jpg','[]','2024-02-24 01:21:52','2024-02-24 01:21:52',NULL),(44214,0,'3','3',2011,'image/jpeg',9803,'projects/3.jpg','[]','2024-02-24 01:21:52','2024-02-24 01:21:52',NULL),(44215,0,'5','5',2011,'image/jpeg',9803,'projects/5.jpg','[]','2024-02-24 01:21:53','2024-02-24 01:21:53',NULL),(44216,0,'1-1','1-1',2012,'image/jpeg',9803,'properties/1-1.jpg','[]','2024-02-24 01:21:53','2024-02-24 01:21:53',NULL),(44217,0,'1-2','1-2',2012,'image/jpeg',9803,'properties/1-2.jpg','[]','2024-02-24 01:21:53','2024-02-24 01:21:53',NULL),(44218,0,'1-3','1-3',2012,'image/jpeg',9803,'properties/1-3.jpg','[]','2024-02-24 01:21:53','2024-02-24 01:21:53',NULL),(44219,0,'1','1',2012,'image/jpeg',9803,'properties/1.jpg','[]','2024-02-24 01:21:53','2024-02-24 01:21:53',NULL),(44220,0,'10-1','10-1',2012,'image/jpeg',9803,'properties/10-1.jpg','[]','2024-02-24 01:21:53','2024-02-24 01:21:53',NULL),(44221,0,'10','10',2012,'image/jpeg',9803,'properties/10.jpg','[]','2024-02-24 01:21:53','2024-02-24 01:21:53',NULL),(44222,0,'11-1','11-1',2012,'image/jpeg',9803,'properties/11-1.jpg','[]','2024-02-24 01:21:53','2024-02-24 01:21:53',NULL),(44223,0,'11','11',2012,'image/jpeg',9803,'properties/11.jpg','[]','2024-02-24 01:21:53','2024-02-24 01:21:53',NULL),(44224,0,'12','12',2012,'image/jpeg',9803,'properties/12.jpg','[]','2024-02-24 01:21:53','2024-02-24 01:21:53',NULL),(44225,0,'13','13',2012,'image/jpeg',9803,'properties/13.jpg','[]','2024-02-24 01:21:53','2024-02-24 01:21:53',NULL),(44226,0,'14','14',2012,'image/jpeg',9803,'properties/14.jpg','[]','2024-02-24 01:21:53','2024-02-24 01:21:53',NULL),(44227,0,'15','15',2012,'image/jpeg',9803,'properties/15.jpg','[]','2024-02-24 01:21:53','2024-02-24 01:21:53',NULL),(44228,0,'2-1','2-1',2012,'image/jpeg',9803,'properties/2-1.jpg','[]','2024-02-24 01:21:53','2024-02-24 01:21:53',NULL),(44229,0,'2-2','2-2',2012,'image/jpeg',9803,'properties/2-2.jpg','[]','2024-02-24 01:21:53','2024-02-24 01:21:53',NULL),(44230,0,'2-3','2-3',2012,'image/jpeg',9803,'properties/2-3.jpg','[]','2024-02-24 01:21:53','2024-02-24 01:21:53',NULL),(44231,0,'2','2',2012,'image/jpeg',9803,'properties/2.jpg','[]','2024-02-24 01:21:53','2024-02-24 01:21:53',NULL),(44232,0,'21','21',2012,'image/jpeg',9803,'properties/21.jpg','[]','2024-02-24 01:21:53','2024-02-24 01:21:53',NULL),(44233,0,'22-1','22-1',2012,'image/jpeg',9803,'properties/22-1.jpg','[]','2024-02-24 01:21:53','2024-02-24 01:21:53',NULL),(44234,0,'22','22',2012,'image/jpeg',9803,'properties/22.jpg','[]','2024-02-24 01:21:53','2024-02-24 01:21:53',NULL),(44235,0,'23','23',2012,'image/jpeg',9803,'properties/23.jpg','[]','2024-02-24 01:21:54','2024-02-24 01:21:54',NULL),(44236,0,'24-1','24-1',2012,'image/jpeg',9803,'properties/24-1.jpg','[]','2024-02-24 01:21:54','2024-02-24 01:21:54',NULL),(44237,0,'24','24',2012,'image/jpeg',9803,'properties/24.jpg','[]','2024-02-24 01:21:54','2024-02-24 01:21:54',NULL),(44238,0,'3-1','3-1',2012,'image/jpeg',9803,'properties/3-1.jpg','[]','2024-02-24 01:21:54','2024-02-24 01:21:54',NULL),(44239,0,'3-2','3-2',2012,'image/jpeg',9803,'properties/3-2.jpg','[]','2024-02-24 01:21:54','2024-02-24 01:21:54',NULL),(44240,0,'3-3','3-3',2012,'image/jpeg',9803,'properties/3-3.jpg','[]','2024-02-24 01:21:54','2024-02-24 01:21:54',NULL),(44241,0,'3','3',2012,'image/jpeg',9803,'properties/3.jpg','[]','2024-02-24 01:21:54','2024-02-24 01:21:54',NULL),(44242,0,'31','31',2012,'image/jpeg',9803,'properties/31.jpg','[]','2024-02-24 01:21:54','2024-02-24 01:21:54',NULL),(44243,0,'311','311',2012,'image/jpeg',9803,'properties/311.jpg','[]','2024-02-24 01:21:54','2024-02-24 01:21:54',NULL),(44244,0,'32','32',2012,'image/jpeg',9803,'properties/32.jpg','[]','2024-02-24 01:21:54','2024-02-24 01:21:54',NULL),(44245,0,'32223-43914-378','32223-43914-378',2012,'image/jpeg',9803,'properties/32223-43914-378.jpg','[]','2024-02-24 01:21:54','2024-02-24 01:21:54',NULL),(44246,0,'33','33',2012,'image/jpeg',9803,'properties/33.jpg','[]','2024-02-24 01:21:54','2024-02-24 01:21:54',NULL),(44247,0,'34','34',2012,'image/jpeg',9803,'properties/34.jpg','[]','2024-02-24 01:21:54','2024-02-24 01:21:54',NULL),(44248,0,'35','35',2012,'image/jpeg',9803,'properties/35.jpg','[]','2024-02-24 01:21:54','2024-02-24 01:21:54',NULL),(44249,0,'4-1','4-1',2012,'image/jpeg',9803,'properties/4-1.jpg','[]','2024-02-24 01:21:54','2024-02-24 01:21:54',NULL),(44250,0,'4-2','4-2',2012,'image/jpeg',9803,'properties/4-2.jpg','[]','2024-02-24 01:21:54','2024-02-24 01:21:54',NULL),(44251,0,'4','4',2012,'image/jpeg',9803,'properties/4.jpg','[]','2024-02-24 01:21:54','2024-02-24 01:21:54',NULL),(44252,0,'411','411',2012,'image/jpeg',9803,'properties/411.jpg','[]','2024-02-24 01:21:54','2024-02-24 01:21:54',NULL),(44253,0,'42','42',2012,'image/jpeg',9803,'properties/42.jpg','[]','2024-02-24 01:21:55','2024-02-24 01:21:55',NULL),(44254,0,'421834935dbc9ef3aaa42','421834935dbc9ef3aaa42',2012,'image/jpeg',9803,'properties/421834935dbc9ef3aaa42.jpg','[]','2024-02-24 01:21:55','2024-02-24 01:21:55',NULL),(44255,0,'43','43',2012,'image/jpeg',9803,'properties/43.jpg','[]','2024-02-24 01:21:55','2024-02-24 01:21:55',NULL),(44256,0,'44','44',2012,'image/jpeg',9803,'properties/44.jpg','[]','2024-02-24 01:21:55','2024-02-24 01:21:55',NULL),(44257,0,'5-1','5-1',2012,'image/jpeg',9803,'properties/5-1.jpg','[]','2024-02-24 01:21:55','2024-02-24 01:21:55',NULL),(44258,0,'5-2','5-2',2012,'image/jpeg',9803,'properties/5-2.jpg','[]','2024-02-24 01:21:55','2024-02-24 01:21:55',NULL),(44259,0,'5','5',2012,'image/jpeg',9803,'properties/5.jpg','[]','2024-02-24 01:21:55','2024-02-24 01:21:55',NULL),(44260,0,'6-1','6-1',2012,'image/jpeg',9803,'properties/6-1.jpg','[]','2024-02-24 01:21:55','2024-02-24 01:21:55',NULL),(44261,0,'6-2','6-2',2012,'image/jpeg',9803,'properties/6-2.jpg','[]','2024-02-24 01:21:55','2024-02-24 01:21:55',NULL),(44262,0,'6','6',2012,'image/jpeg',9803,'properties/6.jpg','[]','2024-02-24 01:21:55','2024-02-24 01:21:55',NULL),(44263,0,'7-1','7-1',2012,'image/jpeg',9803,'properties/7-1.jpg','[]','2024-02-24 01:21:55','2024-02-24 01:21:55',NULL),(44264,0,'7-2','7-2',2012,'image/jpeg',9803,'properties/7-2.jpg','[]','2024-02-24 01:21:55','2024-02-24 01:21:55',NULL),(44265,0,'7','7',2012,'image/jpeg',9803,'properties/7.jpg','[]','2024-02-24 01:21:55','2024-02-24 01:21:55',NULL),(44266,0,'71','71',2012,'image/jpeg',9803,'properties/71.jpg','[]','2024-02-24 01:21:55','2024-02-24 01:21:55',NULL),(44267,0,'72','72',2012,'image/jpeg',9803,'properties/72.jpg','[]','2024-02-24 01:21:55','2024-02-24 01:21:55',NULL),(44268,0,'73','73',2012,'image/jpeg',9803,'properties/73.jpg','[]','2024-02-24 01:21:55','2024-02-24 01:21:55',NULL),(44269,0,'74','74',2012,'image/jpeg',9803,'properties/74.jpg','[]','2024-02-24 01:21:56','2024-02-24 01:21:56',NULL),(44270,0,'75','75',2012,'image/jpeg',9803,'properties/75.jpg','[]','2024-02-24 01:21:56','2024-02-24 01:21:56',NULL),(44271,0,'78','78',2012,'image/jpeg',9803,'properties/78.jpg','[]','2024-02-24 01:21:56','2024-02-24 01:21:56',NULL),(44272,0,'79','79',2012,'image/jpeg',9803,'properties/79.jpg','[]','2024-02-24 01:21:56','2024-02-24 01:21:56',NULL),(44273,0,'8-1','8-1',2012,'image/jpeg',9803,'properties/8-1.jpg','[]','2024-02-24 01:21:56','2024-02-24 01:21:56',NULL),(44274,0,'8-2','8-2',2012,'image/jpeg',9803,'properties/8-2.jpg','[]','2024-02-24 01:21:56','2024-02-24 01:21:56',NULL),(44275,0,'8','8',2012,'image/jpeg',9803,'properties/8.jpg','[]','2024-02-24 01:21:56','2024-02-24 01:21:56',NULL),(44276,0,'9-1','9-1',2012,'image/jpeg',9803,'properties/9-1.jpg','[]','2024-02-24 01:21:56','2024-02-24 01:21:56',NULL),(44277,0,'9','9',2012,'image/jpeg',9803,'properties/9.jpg','[]','2024-02-24 01:21:56','2024-02-24 01:21:56',NULL),(44278,0,'a1-1','a1-1',2012,'image/jpeg',9803,'properties/a1-1.jpg','[]','2024-02-24 01:21:56','2024-02-24 01:21:56',NULL),(44279,0,'a1-2','a1-2',2012,'image/jpeg',9803,'properties/a1-2.jpg','[]','2024-02-24 01:21:56','2024-02-24 01:21:56',NULL),(44280,0,'a1','a1',2012,'image/jpeg',9803,'properties/a1.jpg','[]','2024-02-24 01:21:56','2024-02-24 01:21:56',NULL),(44281,0,'a10','a10',2012,'image/jpeg',9803,'properties/a10.jpg','[]','2024-02-24 01:21:56','2024-02-24 01:21:56',NULL),(44282,0,'a2-1','a2-1',2012,'image/jpeg',9803,'properties/a2-1.jpg','[]','2024-02-24 01:21:57','2024-02-24 01:21:57',NULL),(44283,0,'a2-2','a2-2',2012,'image/jpeg',9803,'properties/a2-2.jpg','[]','2024-02-24 01:21:57','2024-02-24 01:21:57',NULL),(44284,0,'a2','a2',2012,'image/jpeg',9803,'properties/a2.jpg','[]','2024-02-24 01:21:57','2024-02-24 01:21:57',NULL),(44285,0,'a3-1','a3-1',2012,'image/jpeg',9803,'properties/a3-1.jpg','[]','2024-02-24 01:21:57','2024-02-24 01:21:57',NULL),(44286,0,'a3-2','a3-2',2012,'image/jpeg',9803,'properties/a3-2.jpg','[]','2024-02-24 01:21:57','2024-02-24 01:21:57',NULL),(44287,0,'a3','a3',2012,'image/jpeg',9803,'properties/a3.jpg','[]','2024-02-24 01:21:57','2024-02-24 01:21:57',NULL),(44288,0,'a4-1','a4-1',2012,'image/jpeg',9803,'properties/a4-1.jpg','[]','2024-02-24 01:21:57','2024-02-24 01:21:57',NULL),(44289,0,'a4-2','a4-2',2012,'image/jpeg',9803,'properties/a4-2.jpg','[]','2024-02-24 01:21:57','2024-02-24 01:21:57',NULL),(44290,0,'a4','a4',2012,'image/jpeg',9803,'properties/a4.jpg','[]','2024-02-24 01:21:57','2024-02-24 01:21:57',NULL),(44291,0,'a5-1','a5-1',2012,'image/jpeg',9803,'properties/a5-1.jpg','[]','2024-02-24 01:21:57','2024-02-24 01:21:57',NULL),(44292,0,'a5','a5',2012,'image/jpeg',9803,'properties/a5.jpg','[]','2024-02-24 01:21:57','2024-02-24 01:21:57',NULL),(44293,0,'a6-1','a6-1',2012,'image/jpeg',9803,'properties/a6-1.jpg','[]','2024-02-24 01:21:57','2024-02-24 01:21:57',NULL),(44294,0,'a6','a6',2012,'image/jpeg',9803,'properties/a6.jpg','[]','2024-02-24 01:21:57','2024-02-24 01:21:57',NULL),(44295,0,'a7','a7',2012,'image/jpeg',9803,'properties/a7.jpg','[]','2024-02-24 01:21:57','2024-02-24 01:21:57',NULL),(44296,0,'a8','a8',2012,'image/jpeg',9803,'properties/a8.jpg','[]','2024-02-24 01:21:57','2024-02-24 01:21:57',NULL),(44297,0,'a9','a9',2012,'image/jpeg',9803,'properties/a9.jpg','[]','2024-02-24 01:21:58','2024-02-24 01:21:58',NULL),(44298,0,'b1','b1',2012,'image/jpeg',9803,'properties/b1.jpg','[]','2024-02-24 01:21:58','2024-02-24 01:21:58',NULL),(44299,0,'b2','b2',2012,'image/jpeg',9803,'properties/b2.jpg','[]','2024-02-24 01:21:58','2024-02-24 01:21:58',NULL),(44300,0,'b3','b3',2012,'image/jpeg',9803,'properties/b3.jpg','[]','2024-02-24 01:21:58','2024-02-24 01:21:58',NULL),(44301,0,'b4-1','b4-1',2012,'image/jpeg',9803,'properties/b4-1.jpg','[]','2024-02-24 01:21:58','2024-02-24 01:21:58',NULL),(44302,0,'b4','b4',2012,'image/jpeg',9803,'properties/b4.jpg','[]','2024-02-24 01:21:58','2024-02-24 01:21:58',NULL),(44303,0,'b5-1','b5-1',2012,'image/jpeg',9803,'properties/b5-1.jpg','[]','2024-02-24 01:21:58','2024-02-24 01:21:58',NULL),(44304,0,'b5','b5',2012,'image/jpeg',9803,'properties/b5.jpg','[]','2024-02-24 01:21:58','2024-02-24 01:21:58',NULL),(44305,0,'b6','b6',2012,'image/jpeg',9803,'properties/b6.jpg','[]','2024-02-24 01:21:58','2024-02-24 01:21:58',NULL),(44306,0,'download','download',2012,'image/jpeg',9803,'properties/download.jpg','[]','2024-02-24 01:21:58','2024-02-24 01:21:58',NULL),(44307,0,'e1','e1',2012,'image/jpeg',9803,'properties/e1.jpg','[]','2024-02-24 01:21:58','2024-02-24 01:21:58',NULL),(44308,0,'e2','e2',2012,'image/jpeg',9803,'properties/e2.jpg','[]','2024-02-24 01:21:58','2024-02-24 01:21:58',NULL),(44309,0,'e3','e3',2012,'image/jpeg',9803,'properties/e3.jpg','[]','2024-02-24 01:21:58','2024-02-24 01:21:58',NULL),(44310,0,'e4','e4',2012,'image/jpeg',9803,'properties/e4.jpg','[]','2024-02-24 01:21:58','2024-02-24 01:21:58',NULL),(44311,0,'e5','e5',2012,'image/jpeg',9803,'properties/e5.jpg','[]','2024-02-24 01:21:58','2024-02-24 01:21:58',NULL),(44312,0,'e7','e7',2012,'image/jpeg',9803,'properties/e7.jpg','[]','2024-02-24 01:21:59','2024-02-24 01:21:59',NULL),(44313,0,'e8','e8',2012,'image/jpeg',9803,'properties/e8.jpg','[]','2024-02-24 01:21:59','2024-02-24 01:21:59',NULL),(44314,0,'p1','p1',2012,'image/jpeg',9803,'properties/p1.jpg','[]','2024-02-24 01:21:59','2024-02-24 01:21:59',NULL),(44315,0,'p2','p2',2012,'image/jpeg',9803,'properties/p2.jpg','[]','2024-02-24 01:21:59','2024-02-24 01:21:59',NULL),(44316,0,'property-video-thumb','property-video-thumb',2012,'image/jpeg',9803,'properties/property-video-thumb.jpg','[]','2024-02-24 01:21:59','2024-02-24 01:21:59',NULL),(44317,0,'q1','q1',2012,'image/jpeg',9803,'properties/q1.jpg','[]','2024-02-24 01:21:59','2024-02-24 01:21:59',NULL),(44318,0,'q2','q2',2012,'image/jpeg',9803,'properties/q2.jpg','[]','2024-02-24 01:21:59','2024-02-24 01:21:59',NULL),(44319,0,'q3','q3',2012,'image/jpeg',9803,'properties/q3.jpg','[]','2024-02-24 01:21:59','2024-02-24 01:21:59',NULL),(44320,0,'q6','q6',2012,'image/jpeg',9803,'properties/q6.jpg','[]','2024-02-24 01:21:59','2024-02-24 01:21:59',NULL),(44321,0,'q7','q7',2012,'image/jpeg',9803,'properties/q7.jpg','[]','2024-02-24 01:21:59','2024-02-24 01:21:59',NULL),(44322,0,'q8','q8',2012,'image/jpeg',9803,'properties/q8.jpg','[]','2024-02-24 01:21:59','2024-02-24 01:21:59',NULL),(44323,0,'t1','t1',2012,'image/jpeg',9803,'properties/t1.jpg','[]','2024-02-24 01:21:59','2024-02-24 01:21:59',NULL),(44324,0,'t2','t2',2012,'image/jpeg',9803,'properties/t2.jpg','[]','2024-02-24 01:21:59','2024-02-24 01:21:59',NULL),(44325,0,'t3','t3',2012,'image/jpeg',9803,'properties/t3.jpg','[]','2024-02-24 01:21:59','2024-02-24 01:21:59',NULL),(44326,0,'t4','t4',2012,'image/jpeg',9803,'properties/t4.jpg','[]','2024-02-24 01:21:59','2024-02-24 01:21:59',NULL),(44327,0,'t5','t5',2012,'image/jpeg',9803,'properties/t5.jpg','[]','2024-02-24 01:21:59','2024-02-24 01:21:59',NULL),(44328,0,'wp1a','wp1a',2012,'image/jpeg',9803,'properties/wp1a.jpg','[]','2024-02-24 01:21:59','2024-02-24 01:21:59',NULL);

--
-- Table structure for table `media_folders`
--

CREATE TABLE `media_folders` (
  `id` int unsigned NOT NULL AUTO_INCREMENT,
  `user_id` int unsigned NOT NULL,
  `name` varchar(255) CHARACTER SET utf8mb4 COLLATE utf8mb4_unicode_ci DEFAULT NULL,
  `color` varchar(250) CHARACTER SET utf8mb4 COLLATE utf8mb4_unicode_ci DEFAULT NULL,
  `slug` varchar(255) CHARACTER SET utf8mb4 COLLATE utf8mb4_unicode_ci DEFAULT NULL,
  `parent_id` int NOT NULL DEFAULT '0',
  `created_at` timestamp NULL DEFAULT NULL,
  `updated_at` timestamp NULL DEFAULT NULL,
  `deleted_at` timestamp NULL DEFAULT NULL,
  PRIMARY KEY (`id`),
  KEY `media_folders_user_id_index` (`user_id`),
  KEY `media_folders_parent_id_user_id_created_at_index` (`parent_id`,`user_id`,`created_at`)
) ENGINE=InnoDB AUTO_INCREMENT=2013 DEFAULT CHARSET=utf8mb4 COLLATE=utf8mb4_unicode_ci;

--
-- Dumping data for table `media_folders`
--

INSERT INTO `media_folders` VALUES (1,1,'Banners',NULL,'banner',0,'2019-11-16 02:00:43','2019-11-16 02:00:50',NULL),(1129,0,'users',NULL,'users',0,'2023-10-25 00:12:49','2023-10-25 00:12:49',NULL),(2006,0,'cities',NULL,'cities',0,'2024-02-24 01:21:44','2024-02-24 01:21:44',NULL),(2007,0,'logo',NULL,'logo',0,'2024-02-24 01:21:44','2024-02-24 01:21:44',NULL),(2008,0,'accounts',NULL,'accounts',0,'2024-02-24 01:21:45','2024-02-24 01:21:45',NULL),(2009,0,'general',NULL,'general',0,'2024-02-24 01:21:50','2024-02-24 01:21:50',NULL),(2010,0,'news',NULL,'news',0,'2024-02-24 01:21:51','2024-02-24 01:21:51',NULL),(2011,0,'projects',NULL,'projects',0,'2024-02-24 01:21:52','2024-02-24 01:21:52',NULL),(2012,0,'properties',NULL,'properties',0,'2024-02-24 01:21:53','2024-02-24 01:21:53',NULL);

--
-- Table structure for table `media_settings`
--

CREATE TABLE `media_settings` (
  `id` int unsigned NOT NULL AUTO_INCREMENT,
  `key` varchar(120) CHARACTER SET utf8mb4 COLLATE utf8mb4_unicode_ci NOT NULL,
  `value` text CHARACTER SET utf8mb4 COLLATE utf8mb4_unicode_ci,
  `media_id` int DEFAULT NULL,
  `user_id` int DEFAULT NULL,
  `created_at` timestamp NULL DEFAULT NULL,
  `updated_at` timestamp NULL DEFAULT NULL,
  PRIMARY KEY (`id`)
) ENGINE=InnoDB DEFAULT CHARSET=utf8mb4 COLLATE=utf8mb4_unicode_ci;

--
-- Dumping data for table `media_settings`
--


--
-- Table structure for table `menu_locations`
--

CREATE TABLE `menu_locations` (
  `id` int unsigned NOT NULL AUTO_INCREMENT,
  `menu_id` int unsigned NOT NULL,
  `location` varchar(120) CHARACTER SET utf8mb4 COLLATE utf8mb4_unicode_ci NOT NULL,
  `created_at` timestamp NULL DEFAULT NULL,
  `updated_at` timestamp NULL DEFAULT NULL,
  PRIMARY KEY (`id`),
  KEY `menu_locations_menu_id_created_at_index` (`menu_id`,`created_at`)
) ENGINE=InnoDB AUTO_INCREMENT=2 DEFAULT CHARSET=utf8mb4 COLLATE=utf8mb4_unicode_ci;

--
-- Dumping data for table `menu_locations`
--

INSERT INTO `menu_locations` VALUES (1,1,'main-menu','2024-02-24 01:21:50','2024-02-24 01:21:50');

--
-- Table structure for table `menu_nodes`
--

CREATE TABLE `menu_nodes` (
  `id` int unsigned NOT NULL AUTO_INCREMENT,
  `menu_id` int unsigned NOT NULL,
  `parent_id` int unsigned NOT NULL DEFAULT '0',
  `reference_id` int unsigned DEFAULT '0',
  `reference_type` varchar(255) CHARACTER SET utf8mb4 COLLATE utf8mb4_unicode_ci DEFAULT NULL,
  `url` varchar(120) CHARACTER SET utf8mb4 COLLATE utf8mb4_unicode_ci DEFAULT NULL,
  `icon_font` varchar(50) CHARACTER SET utf8mb4 COLLATE utf8mb4_unicode_ci DEFAULT NULL,
  `position` tinyint unsigned NOT NULL DEFAULT '0',
  `title` varchar(120) CHARACTER SET utf8mb4 COLLATE utf8mb4_unicode_ci DEFAULT NULL,
  `css_class` varchar(120) CHARACTER SET utf8mb4 COLLATE utf8mb4_unicode_ci DEFAULT NULL,
  `target` varchar(20) CHARACTER SET utf8mb4 COLLATE utf8mb4_unicode_ci NOT NULL DEFAULT '_self',
  `has_child` tinyint unsigned NOT NULL DEFAULT '0',
  `created_at` timestamp NULL DEFAULT NULL,
  `updated_at` timestamp NULL DEFAULT NULL,
  PRIMARY KEY (`id`),
  KEY `menu_nodes_menu_id_index` (`menu_id`),
  KEY `menu_nodes_parent_id_index` (`parent_id`),
  KEY `menu_nodes_related_id_index` (`reference_id`),
  KEY `menu_nodes_index` (`parent_id`,`reference_id`,`reference_type`,`has_child`,`created_at`)
) ENGINE=InnoDB AUTO_INCREMENT=19 DEFAULT CHARSET=utf8mb4 COLLATE=utf8mb4_unicode_ci;

--
-- Dumping data for table `menu_nodes`
--

INSERT INTO `menu_nodes` VALUES (1,1,0,0,NULL,'/projects',NULL,0,'Projects',NULL,'_self',0,'2024-02-24 01:21:50','2024-02-24 01:21:50'),(2,1,0,0,NULL,'/properties',NULL,0,'Properties',NULL,'_self',0,'2024-02-24 01:21:50','2024-02-24 01:21:50'),(3,1,0,0,NULL,'/agents',NULL,0,'Agents',NULL,'_self',0,'2024-02-24 01:21:50','2024-02-24 01:21:50'),(4,1,0,2,'Botble\\Page\\Models\\Page','/news',NULL,0,'News',NULL,'_self',0,'2024-02-24 01:21:50','2024-02-24 01:21:50'),(5,1,0,0,NULL,'/careers',NULL,0,'Careers',NULL,'_self',0,'2024-02-24 01:21:50','2024-02-24 01:21:50'),(6,1,0,4,'Botble\\Page\\Models\\Page','/contact',NULL,0,'Contact',NULL,'_self',0,'2024-02-24 01:21:50','2024-02-24 01:21:50'),(7,2,0,3,'Botble\\Page\\Models\\Page','/about-us',NULL,1,'About us',NULL,'_self',0,'2024-02-24 01:21:50','2024-02-24 01:21:50'),(8,2,0,4,'Botble\\Page\\Models\\Page','/contact',NULL,1,'Contact us',NULL,'_self',0,'2024-02-24 01:21:50','2024-02-24 01:21:50'),(9,2,0,0,NULL,'/careers',NULL,1,'Careers',NULL,'_self',0,'2024-02-24 01:21:50','2024-02-24 01:21:50'),(10,2,0,5,'Botble\\Page\\Models\\Page','/terms-conditions',NULL,1,'Terms & Conditions',NULL,'_self',0,'2024-02-24 01:21:50','2024-02-24 01:21:50'),(11,3,0,0,NULL,'/projects',NULL,2,'All projects',NULL,'_self',0,'2024-02-24 01:21:50','2024-02-24 01:21:50'),(12,3,0,0,NULL,'/properties',NULL,2,'All properties',NULL,'_self',0,'2024-02-24 01:21:50','2024-02-24 01:21:50'),(13,3,0,0,NULL,'/properties?type=sale',NULL,2,'Houses for sale',NULL,'_self',0,'2024-02-24 01:21:50','2024-02-24 01:21:50'),(14,3,0,0,NULL,'/properties?type=rent',NULL,2,'Houses for rent',NULL,'_self',0,'2024-02-24 01:21:50','2024-02-24 01:21:50'),(15,4,0,2,'Botble\\Page\\Models\\Page','/news',NULL,3,'Latest news',NULL,'_self',0,'2024-02-24 01:21:50','2024-02-24 01:21:50'),(16,4,0,2,'Botble\\Blog\\Models\\Category','/news/house-architecture',NULL,3,'House architecture',NULL,'_self',0,'2024-02-24 01:21:50','2024-02-24 01:21:50'),(17,4,0,4,'Botble\\Blog\\Models\\Category','/news/house-design',NULL,3,'House design',NULL,'_self',0,'2024-02-24 01:21:50','2024-02-24 01:21:50'),(18,4,0,6,'Botble\\Blog\\Models\\Category','/news/building-materials',NULL,3,'Building materials',NULL,'_self',0,'2024-02-24 01:21:50','2024-02-24 01:21:50');

--
-- Table structure for table `menus`
--

CREATE TABLE `menus` (
  `id` int unsigned NOT NULL AUTO_INCREMENT,
  `name` varchar(120) CHARACTER SET utf8mb4 COLLATE utf8mb4_unicode_ci NOT NULL,
  `slug` varchar(120) CHARACTER SET utf8mb4 COLLATE utf8mb4_unicode_ci DEFAULT NULL,
  `status` varchar(60) CHARACTER SET utf8mb4 COLLATE utf8mb4_unicode_ci NOT NULL DEFAULT 'published',
  `created_at` timestamp NULL DEFAULT NULL,
  `updated_at` timestamp NULL DEFAULT NULL,
  PRIMARY KEY (`id`),
  UNIQUE KEY `menus_slug_unique` (`slug`)
) ENGINE=InnoDB AUTO_INCREMENT=5 DEFAULT CHARSET=utf8mb4 COLLATE=utf8mb4_unicode_ci;

--
-- Dumping data for table `menus`
--

INSERT INTO `menus` VALUES (1,'Main menu','main-menu','published','2024-02-24 01:21:50','2024-02-24 01:21:50'),(2,'About','about','published','2024-02-24 01:21:50','2024-02-24 01:21:50'),(3,'More information','more-information','published','2024-02-24 01:21:50','2024-02-24 01:21:50'),(4,'News','news','published','2024-02-24 01:21:50','2024-02-24 01:21:50');

--
-- Table structure for table `meta_boxes`
--

CREATE TABLE `meta_boxes` (
  `id` int unsigned NOT NULL AUTO_INCREMENT,
  `reference_id` int unsigned NOT NULL,
  `meta_key` varchar(255) CHARACTER SET utf8mb4 COLLATE utf8mb4_unicode_ci NOT NULL,
  `meta_value` text CHARACTER SET utf8mb4 COLLATE utf8mb4_unicode_ci,
  `reference_type` varchar(120) CHARACTER SET utf8mb4 COLLATE utf8mb4_unicode_ci NOT NULL,
  `created_at` timestamp NULL DEFAULT NULL,
  `updated_at` timestamp NULL DEFAULT NULL,
  PRIMARY KEY (`id`),
  KEY `meta_boxes_content_id_index` (`reference_id`)
) ENGINE=InnoDB AUTO_INCREMENT=104 DEFAULT CHARSET=utf8mb4 COLLATE=utf8mb4_unicode_ci;

--
-- Dumping data for table `meta_boxes`
--

INSERT INTO `meta_boxes` VALUES (1,1,'seo_meta','[{\"seo_title\":null,\"seo_description\":null}]','Botble\\RealEstate\\Models\\Property','2019-11-17 20:34:59','2019-11-17 20:34:59'),(2,2,'seo_meta','[{\"seo_title\":null,\"seo_description\":null}]','Botble\\RealEstate\\Models\\Property','2019-11-17 20:53:34','2019-11-17 20:53:34'),(3,3,'seo_meta','[{\"seo_title\":null,\"seo_description\":null}]','Botble\\RealEstate\\Models\\Property','2019-11-17 21:09:55','2019-11-17 21:09:55'),(4,4,'seo_meta','[{\"seo_title\":null,\"seo_description\":null}]','Botble\\RealEstate\\Models\\Property','2019-11-17 21:18:11','2019-11-17 21:18:11'),(5,1,'seo_meta','[{\"seo_title\":null,\"seo_description\":null}]','Botble\\RealEstate\\Models\\PropertyFeature','2019-11-17 21:40:58','2019-11-17 21:40:58'),(6,2,'seo_meta','[{\"seo_title\":null,\"seo_description\":null}]','Botble\\RealEstate\\Models\\PropertyFeature','2019-11-17 21:41:43','2019-11-17 21:41:43'),(7,1,'seo_meta','[{\"seo_title\":null,\"seo_description\":null}]','Botble\\RealEstate\\Models\\Project','2019-11-18 00:34:49','2019-11-18 00:34:49'),(8,5,'seo_meta','[{\"seo_title\":null,\"seo_description\":null}]','Botble\\RealEstate\\Models\\Property','2019-11-18 00:47:52','2019-11-18 00:47:52'),(9,6,'seo_meta','[{\"seo_title\":null,\"seo_description\":null}]','Botble\\RealEstate\\Models\\Property','2019-11-18 01:05:58','2019-11-18 01:05:58'),(10,7,'seo_meta','[{\"seo_title\":null,\"seo_description\":null}]','Botble\\RealEstate\\Models\\Property','2019-11-18 01:12:07','2019-11-18 01:12:07'),(11,2,'seo_meta','[{\"seo_title\":null,\"seo_description\":null}]','Botble\\RealEstate\\Models\\Project','2019-11-18 01:28:45','2019-11-18 01:28:45'),(12,8,'seo_meta','[{\"seo_title\":null,\"seo_description\":null}]','Botble\\RealEstate\\Models\\Property','2019-11-18 01:49:36','2019-11-18 01:49:36'),(13,9,'seo_meta','[{\"seo_title\":null,\"seo_description\":null}]','Botble\\RealEstate\\Models\\Property','2019-11-18 02:02:19','2019-11-18 02:02:19'),(14,10,'seo_meta','[{\"seo_title\":null,\"seo_description\":null}]','Botble\\RealEstate\\Models\\Property','2019-11-18 02:16:53','2019-11-18 02:16:53'),(15,11,'seo_meta','[{\"seo_title\":null,\"seo_description\":null}]','Botble\\RealEstate\\Models\\Property','2019-11-18 02:22:48','2019-11-18 02:22:48'),(16,1,'seo_meta','[{\"seo_title\":null,\"seo_description\":null}]','Botble\\Blog\\Models\\Category','2019-11-18 02:33:35','2019-11-18 02:33:35'),(17,12,'seo_meta','[{\"seo_title\":null,\"seo_description\":null}]','Botble\\RealEstate\\Models\\Property','2019-11-18 02:47:05','2019-11-18 02:47:05'),(18,1,'seo_meta','[{\"seo_title\":null,\"seo_description\":null}]','Botble\\Blog\\Models\\Post','2019-11-18 02:51:35','2019-11-18 02:51:35'),(19,1,'seo_meta','[{\"seo_title\":null,\"seo_description\":null}]','Botble\\Blog\\Models\\Tag','2019-11-18 02:51:35','2019-11-18 02:51:35'),(20,2,'seo_meta','[{\"seo_title\":null,\"seo_description\":null}]','Botble\\Blog\\Models\\Post','2019-11-18 02:55:53','2019-11-18 02:55:53'),(21,2,'seo_meta','[{\"seo_title\":null,\"seo_description\":null}]','Botble\\Blog\\Models\\Tag','2019-11-18 02:55:53','2019-11-18 02:55:53'),(22,3,'seo_meta','[{\"seo_title\":null,\"seo_description\":null}]','Botble\\Blog\\Models\\Post','2019-11-18 02:59:01','2019-11-18 02:59:01'),(23,4,'seo_meta','[{\"seo_title\":null,\"seo_description\":null}]','Botble\\Blog\\Models\\Post','2019-11-18 03:07:27','2019-11-18 03:07:27'),(24,3,'seo_meta','[{\"seo_title\":null,\"seo_description\":null}]','Botble\\Blog\\Models\\Tag','2019-11-18 03:07:27','2019-11-18 03:07:27'),(25,3,'seo_meta','[{\"seo_title\":null,\"seo_description\":null}]','Botble\\RealEstate\\Models\\Project','2019-11-18 03:30:34','2019-11-18 03:30:34'),(26,4,'seo_meta','[{\"seo_title\":null,\"seo_description\":null}]','Botble\\RealEstate\\Models\\Project','2019-11-18 03:38:13','2019-11-18 03:38:13'),(27,5,'seo_meta','[{\"seo_title\":null,\"seo_description\":null}]','Botble\\RealEstate\\Models\\Project','2019-11-18 03:45:06','2019-11-18 03:45:06'),(28,6,'seo_meta','[{\"seo_title\":null,\"seo_description\":null}]','Botble\\RealEstate\\Models\\Project','2019-11-18 03:53:20','2019-11-18 03:53:20'),(29,13,'seo_meta','[{\"seo_title\":null,\"seo_description\":null}]','Botble\\RealEstate\\Models\\Property','2019-11-18 07:23:02','2019-11-18 07:23:02'),(30,14,'seo_meta','[{\"seo_title\":null,\"seo_description\":null}]','Botble\\RealEstate\\Models\\Property','2019-11-18 07:36:29','2019-11-18 07:36:29'),(31,15,'seo_meta','[{\"seo_title\":null,\"seo_description\":null}]','Botble\\RealEstate\\Models\\Property','2019-11-18 07:44:44','2019-11-18 07:44:44'),(32,16,'seo_meta','[{\"seo_title\":null,\"seo_description\":null}]','Botble\\RealEstate\\Models\\Property','2019-11-18 07:59:14','2019-11-18 07:59:14'),(33,17,'seo_meta','[{\"seo_title\":null,\"seo_description\":null}]','Botble\\RealEstate\\Models\\Property','2019-11-18 08:13:07','2019-11-18 08:13:07'),(34,7,'seo_meta','[{\"seo_title\":null,\"seo_description\":null}]','Botble\\RealEstate\\Models\\Project','2019-11-21 01:54:36','2019-11-21 01:54:36'),(35,8,'seo_meta','[{\"seo_title\":null,\"seo_description\":null}]','Botble\\RealEstate\\Models\\Project','2019-11-21 02:28:09','2019-11-21 02:28:09'),(36,9,'seo_meta','[{\"seo_title\":null,\"seo_description\":null}]','Botble\\RealEstate\\Models\\Project','2019-11-21 02:40:25','2019-11-21 02:40:25'),(37,10,'seo_meta','[{\"seo_title\":null,\"seo_description\":null}]','Botble\\RealEstate\\Models\\Project','2019-11-21 02:58:55','2019-11-21 02:58:55'),(38,11,'seo_meta','[{\"seo_title\":null,\"seo_description\":null}]','Botble\\RealEstate\\Models\\Project','2019-11-21 03:16:25','2019-11-21 03:16:25'),(39,12,'seo_meta','[{\"seo_title\":null,\"seo_description\":null}]','Botble\\RealEstate\\Models\\Project','2019-11-21 03:25:22','2019-11-21 03:25:22'),(40,18,'seo_meta','[{\"seo_title\":null,\"seo_description\":null}]','Botble\\RealEstate\\Models\\Property','2019-11-21 05:51:54','2019-11-21 05:51:54'),(41,19,'seo_meta','[{\"seo_title\":null,\"seo_description\":null}]','Botble\\RealEstate\\Models\\Property','2019-11-21 06:03:11','2019-11-21 06:03:11'),(42,20,'seo_meta','[{\"seo_title\":null,\"seo_description\":null}]','Botble\\RealEstate\\Models\\Property','2019-11-21 06:12:15','2019-11-21 06:12:15'),(43,21,'seo_meta','[{\"seo_title\":null,\"seo_description\":null}]','Botble\\RealEstate\\Models\\Property','2019-11-21 06:26:59','2019-11-21 06:26:59'),(44,22,'seo_meta','[{\"seo_title\":null,\"seo_description\":null}]','Botble\\RealEstate\\Models\\Property','2019-11-21 06:56:50','2019-11-21 06:56:50'),(45,23,'seo_meta','[{\"seo_title\":null,\"seo_description\":null}]','Botble\\RealEstate\\Models\\Property','2019-11-21 07:18:36','2019-11-21 07:18:36'),(46,24,'seo_meta','[{\"seo_title\":null,\"seo_description\":null}]','Botble\\RealEstate\\Models\\Property','2019-11-21 07:26:48','2019-11-21 07:26:48'),(47,25,'seo_meta','[{\"seo_title\":null,\"seo_description\":null}]','Botble\\RealEstate\\Models\\Property','2019-11-21 07:34:38','2019-11-21 07:34:38'),(48,26,'seo_meta','[{\"seo_title\":null,\"seo_description\":null}]','Botble\\RealEstate\\Models\\Property','2019-11-21 07:40:46','2019-11-21 07:40:46'),(49,27,'seo_meta','[{\"seo_title\":null,\"seo_description\":null}]','Botble\\RealEstate\\Models\\Property','2019-11-21 07:45:34','2019-11-21 07:45:34'),(52,2,'seo_meta','[{\"seo_title\":null,\"seo_description\":null}]','Botble\\Blog\\Models\\Category','2019-11-21 07:49:25','2019-11-21 07:49:25'),(53,3,'seo_meta','[{\"seo_title\":null,\"seo_description\":null}]','Botble\\Blog\\Models\\Category','2019-11-21 07:49:35','2019-11-21 07:49:35'),(54,4,'seo_meta','[{\"seo_title\":null,\"seo_description\":null}]','Botble\\Blog\\Models\\Category','2019-11-21 07:50:02','2019-11-21 07:50:02'),(55,5,'seo_meta','[{\"seo_title\":null,\"seo_description\":null}]','Botble\\Blog\\Models\\Category','2019-11-21 07:50:17','2019-11-21 07:50:17'),(56,6,'seo_meta','[{\"seo_title\":null,\"seo_description\":null}]','Botble\\Blog\\Models\\Category','2019-11-21 07:50:36','2019-11-21 07:50:36'),(57,7,'seo_meta','[{\"seo_title\":null,\"seo_description\":null}]','Botble\\Blog\\Models\\Category','2019-11-21 07:50:58','2019-11-21 07:50:58'),(58,28,'seo_meta','[{\"seo_title\":null,\"seo_description\":null}]','Botble\\RealEstate\\Models\\Property','2019-11-21 19:53:17','2019-11-21 19:53:17'),(59,29,'seo_meta','[{\"seo_title\":null,\"seo_description\":null}]','Botble\\RealEstate\\Models\\Property','2019-11-21 19:59:16','2019-11-21 19:59:16'),(60,30,'seo_meta','[{\"seo_title\":null,\"seo_description\":null}]','Botble\\RealEstate\\Models\\Property','2019-11-22 00:29:01','2019-11-22 00:29:01'),(61,31,'seo_meta','[{\"seo_title\":null,\"seo_description\":null}]','Botble\\RealEstate\\Models\\Property','2019-11-22 00:42:28','2019-11-22 00:42:28'),(62,32,'seo_meta','[{\"seo_title\":null,\"seo_description\":null}]','Botble\\RealEstate\\Models\\Property','2019-11-22 00:47:18','2019-11-22 00:47:18'),(63,33,'seo_meta','[{\"seo_title\":null,\"seo_description\":null}]','Botble\\RealEstate\\Models\\Property','2019-11-22 00:57:15','2019-11-22 00:57:15'),(64,34,'seo_meta','[{\"seo_title\":null,\"seo_description\":null}]','Botble\\RealEstate\\Models\\Property','2019-11-22 01:06:09','2019-11-22 01:06:09'),(65,8,'seo_meta','[{\"seo_title\":null,\"seo_description\":null}]','Botble\\Blog\\Models\\Category','2019-11-22 01:26:08','2019-11-22 01:26:08'),(74,1,'seo_meta','[{\"seo_title\":null,\"seo_description\":null}]','Botble\\Career\\Models\\Career','2019-11-30 19:43:10','2019-11-30 19:43:10'),(75,2,'seo_meta','[{\"seo_title\":null,\"seo_description\":null}]','Botble\\Career\\Models\\Career','2019-11-30 19:49:07','2019-11-30 19:49:07'),(76,3,'seo_meta','[{\"seo_title\":null,\"seo_description\":null}]','Botble\\Career\\Models\\Career','2019-11-30 19:52:42','2019-11-30 19:52:42'),(77,4,'seo_meta','[{\"seo_title\":null,\"seo_description\":null}]','Botble\\Career\\Models\\Career','2019-11-30 19:56:50','2019-11-30 19:56:50'),(80,2,'video','[{\"thumbnail\":\"\",\"url\":\"https:\\/\\/www.youtube.com\\/watch?v=UfEiKK-iX70\"}]','Botble\\RealEstate\\Models\\Property','2021-04-29 20:46:36','2021-04-29 20:46:36'),(81,4,'video','[{\"thumbnail\":\"properties\\/property-video-thumb.jpg\",\"url\":\"https:\\/\\/www.youtube.com\\/watch?v=UfEiKK-iX70\"}]','Botble\\RealEstate\\Models\\Property','2021-04-29 20:46:36','2021-04-29 20:46:36'),(82,6,'video','[{\"thumbnail\":\"\",\"url\":\"https:\\/\\/www.youtube.com\\/watch?v=UfEiKK-iX70\"}]','Botble\\RealEstate\\Models\\Property','2021-04-29 20:46:36','2021-04-29 20:46:36'),(83,8,'video','[{\"thumbnail\":\"properties\\/property-video-thumb.jpg\",\"url\":\"https:\\/\\/www.youtube.com\\/watch?v=UfEiKK-iX70\"}]','Botble\\RealEstate\\Models\\Property','2021-04-29 20:46:36','2021-04-29 20:46:36'),(84,10,'video','[{\"thumbnail\":\"\",\"url\":\"https:\\/\\/www.youtube.com\\/watch?v=UfEiKK-iX70\"}]','Botble\\RealEstate\\Models\\Property','2021-04-29 20:46:36','2021-04-29 20:46:36'),(85,12,'video','[{\"thumbnail\":\"properties\\/property-video-thumb.jpg\",\"url\":\"https:\\/\\/www.youtube.com\\/watch?v=UfEiKK-iX70\"}]','Botble\\RealEstate\\Models\\Property','2021-04-29 20:46:36','2021-04-29 20:46:36'),(86,14,'video','[{\"thumbnail\":\"\",\"url\":\"https:\\/\\/www.youtube.com\\/watch?v=UfEiKK-iX70\"}]','Botble\\RealEstate\\Models\\Property','2021-04-29 20:46:36','2021-04-29 20:46:36'),(87,16,'video','[{\"thumbnail\":\"properties\\/property-video-thumb.jpg\",\"url\":\"https:\\/\\/www.youtube.com\\/watch?v=UfEiKK-iX70\"}]','Botble\\RealEstate\\Models\\Property','2021-04-29 20:46:36','2021-04-29 20:46:36'),(88,18,'video','[{\"thumbnail\":\"\",\"url\":\"https:\\/\\/www.youtube.com\\/watch?v=UfEiKK-iX70\"}]','Botble\\RealEstate\\Models\\Property','2021-04-29 20:46:36','2021-04-29 20:46:36'),(89,20,'video','[{\"thumbnail\":\"properties\\/property-video-thumb.jpg\",\"url\":\"https:\\/\\/www.youtube.com\\/watch?v=UfEiKK-iX70\"}]','Botble\\RealEstate\\Models\\Property','2021-04-29 20:46:36','2021-04-29 20:46:36'),(90,22,'video','[{\"thumbnail\":\"\",\"url\":\"https:\\/\\/www.youtube.com\\/watch?v=UfEiKK-iX70\"}]','Botble\\RealEstate\\Models\\Property','2021-04-29 20:46:36','2021-04-29 20:46:36'),(91,24,'video','[{\"thumbnail\":\"properties\\/property-video-thumb.jpg\",\"url\":\"https:\\/\\/www.youtube.com\\/watch?v=UfEiKK-iX70\"}]','Botble\\RealEstate\\Models\\Property','2021-04-29 20:46:36','2021-04-29 20:46:36'),(92,26,'video','[{\"thumbnail\":\"\",\"url\":\"https:\\/\\/www.youtube.com\\/watch?v=UfEiKK-iX70\"}]','Botble\\RealEstate\\Models\\Property','2021-04-29 20:46:36','2021-04-29 20:46:36'),(93,28,'video','[{\"thumbnail\":\"properties\\/property-video-thumb.jpg\",\"url\":\"https:\\/\\/www.youtube.com\\/watch?v=UfEiKK-iX70\"}]','Botble\\RealEstate\\Models\\Property','2021-04-29 20:46:36','2021-04-29 20:46:36'),(94,30,'video','[{\"thumbnail\":\"\",\"url\":\"https:\\/\\/www.youtube.com\\/watch?v=UfEiKK-iX70\"}]','Botble\\RealEstate\\Models\\Property','2021-04-29 20:46:36','2021-04-29 20:46:36'),(95,32,'video','[{\"thumbnail\":\"properties\\/property-video-thumb.jpg\",\"url\":\"https:\\/\\/www.youtube.com\\/watch?v=UfEiKK-iX70\"}]','Botble\\RealEstate\\Models\\Property','2021-04-29 20:46:36','2021-04-29 20:46:36'),(96,34,'video','[{\"thumbnail\":\"\",\"url\":\"https:\\/\\/www.youtube.com\\/watch?v=UfEiKK-iX70\"}]','Botble\\RealEstate\\Models\\Property','2021-04-29 20:46:36','2021-04-29 20:46:36'),(97,2,'video','[{\"thumbnail\":\"\",\"url\":\"https:\\/\\/www.youtube.com\\/watch?v=UfEiKK-iX70\"}]','Botble\\RealEstate\\Models\\Project','2021-04-29 20:46:36','2021-04-29 20:46:36'),(98,4,'video','[{\"thumbnail\":\"properties\\/property-video-thumb.jpg\",\"url\":\"https:\\/\\/www.youtube.com\\/watch?v=UfEiKK-iX70\"}]','Botble\\RealEstate\\Models\\Project','2021-04-29 20:46:36','2021-04-29 20:46:36'),(99,6,'video','[{\"thumbnail\":\"\",\"url\":\"https:\\/\\/www.youtube.com\\/watch?v=UfEiKK-iX70\"}]','Botble\\RealEstate\\Models\\Project','2021-04-29 20:46:36','2021-04-29 20:46:36'),(100,8,'video','[{\"thumbnail\":\"properties\\/property-video-thumb.jpg\",\"url\":\"https:\\/\\/www.youtube.com\\/watch?v=UfEiKK-iX70\"}]','Botble\\RealEstate\\Models\\Project','2021-04-29 20:46:36','2021-04-29 20:46:36'),(101,10,'video','[{\"thumbnail\":\"\",\"url\":\"https:\\/\\/www.youtube.com\\/watch?v=UfEiKK-iX70\"}]','Botble\\RealEstate\\Models\\Project','2021-04-29 20:46:36','2021-04-29 20:46:36'),(102,12,'video','[{\"thumbnail\":\"properties\\/property-video-thumb.jpg\",\"url\":\"https:\\/\\/www.youtube.com\\/watch?v=UfEiKK-iX70\"}]','Botble\\RealEstate\\Models\\Project','2021-04-29 20:46:36','2021-04-29 20:46:36'),(103,1,'subscribed_packaged_id','[2]','Botble\\Payment\\Models\\Payment','2022-12-27 20:03:55','2022-12-27 20:03:55');

--
-- Table structure for table `migrations`
--

CREATE TABLE `migrations` (
  `id` int unsigned NOT NULL AUTO_INCREMENT,
  `migration` varchar(255) CHARACTER SET utf8mb4 COLLATE utf8mb4_unicode_ci NOT NULL,
  `batch` int NOT NULL,
  PRIMARY KEY (`id`)
) ENGINE=InnoDB AUTO_INCREMENT=191 DEFAULT CHARSET=utf8mb4 COLLATE=utf8mb4_unicode_ci;

--
-- Dumping data for table `migrations`
--

INSERT INTO `migrations` VALUES (1,'2013_04_09_032329_create_base_tables',1),(2,'2013_04_09_062329_create_revisions_table',1),(3,'2014_10_12_000000_create_users_table',1),(4,'2014_10_12_100000_create_password_resets_table',1),(5,'2016_06_01_000001_create_oauth_auth_codes_table',1),(6,'2016_06_01_000002_create_oauth_access_tokens_table',1),(7,'2016_06_01_000003_create_oauth_refresh_tokens_table',1),(8,'2016_06_01_000004_create_oauth_clients_table',1),(9,'2016_06_01_000005_create_oauth_personal_access_clients_table',1),(10,'2016_06_10_230148_create_acl_tables',1),(11,'2016_06_14_230857_create_menus_table',1),(12,'2016_06_28_221418_create_pages_table',1),(13,'2016_10_05_074239_create_setting_table',1),(14,'2016_11_28_032840_create_dashboard_widget_tables',1),(15,'2016_12_16_084601_create_widgets_table',1),(16,'2017_05_09_070343_create_media_tables',1),(17,'2017_11_03_070450_create_slug_table',1),(18,'2019_07_15_042406_change_site_title_from_settings_to_theme_options',1),(19,'2019_08_13_033145_remove_unused_columns_in_users_table',1),(20,'2019_08_19_000000_create_failed_jobs_table',1),(21,'2019_09_07_030654_update_menu_nodes_table',1),(22,'2019_09_07_045041_update_slugs_table',1),(23,'2019_09_07_050405_update_slug_reference_for_page',1),(24,'2019_09_08_014859_update_meta_boxes_table',1),(25,'2019_09_08_015629_update_meta_box_data_for_page',1),(26,'2019_09_12_073711_update_media_url',1),(27,'2019_09_12_073711_update_media_url_for_current_data',1),(28,'2019_10_20_002256_remove_parent_id_in_pages_table',1),(31,'2018_06_22_032304_create_real_estate_table',2),(32,'2015_06_29_025744_create_audit_history',3),(33,'2015_06_18_033822_create_blog_table',4),(34,'2019_09_07_035526_update_menu_node_reference_type_for_category',4),(35,'2019_09_07_050058_update_slug_reference_for_blog',4),(36,'2019_09_07_155716_update_language_meta_for_blog',4),(37,'2019_09_08_015552_update_meta_box_data_for_blog',4),(38,'2019_10_20_002342_remove_parent_id_in_tags_table',4),(39,'2016_10_03_032336_create_languages_table',5),(40,'2019_09_07_154718_update_lang_meta_table',5),(42,'2016_06_17_091537_create_contacts_table',7),(43,'2015_08_15_122343_create_notes_table',8),(44,'2019_11_18_035125_add_column_type_into_re_properties_table',9),(45,'2019_11_18_035712_create_investor_table',9),(46,'2019_11_18_040153_update_real_estates_table',9),(47,'2019_11_18_041228_drop_table_re_property_categories',10),(48,'2019_11_18_082146_create_currencies_table',11),(49,'2019_11_18_061011_create_country_table',12),(50,'2019_11_18_061730_create_state_table',12),(51,'2019_11_18_062515_create_city_table',12),(52,'2019_11_19_063851_create_project_features_table',13),(53,'2019_11_21_090830_update_project_and_property_table',14),(54,'2019_11_21_130139_add_price_to_projects_table',15),(55,'2019_11_14_210650_create_consults_table',16),(56,'2019_11_26_024326_update_property_type',17),(57,'2019_06_24_211801_create_career_table',18),(58,'2019_12_03_123314_add_column_slug_into_cities_table',19),(59,'2019_12_03_124417_add_column_city_id_into_table_properties_and_projects',19),(60,'2017_05_18_080441_create_payment_tables',20),(61,'2019_12_10_140938_create_vendor_table',20),(62,'2019_12_15_025938_update_column_images_in_real_estate_tables',20),(63,'2019_12_17_064316_add_column_period_to_table_re_properties',20),(64,'2019_12_24_033049_add_column_author_into_re_properties_table',20),(65,'2019_12_24_083810_vendor_create_package_table',20),(66,'2019_12_27_004653_update_vendors_table_with_package_data',20),(68,'2020_01_08_002704_real_estate_create_type_table',21),(69,'2020_01_10_133700_change_re_types_to_re_categories',22),(70,'2016_10_07_193005_create_translations_table',23),(71,'2020_01_23_133752_update_account_tables',24),(72,'2020_02_03_144309_update_column_payment_channel',25),(73,'2020_02_06_143217_update_vendor_table',26),(74,'2020_02_11_133026_add_description_to_table_payments',27),(75,'2020_02_11_140823_create_transactions_table',27),(76,'2020_02_23_111922_fix_column_number_block_in_re_properties_table',27),(77,'2020_03_24_151004_add_moderation_status_into_properties_table',28),(78,'2020_03_25_030953_create_table_vendor_packages',29),(79,'2020_03_25_083610_add_column_expire_date_into_re_properties_table',30),(80,'2020_03_26_081108_add_column_auto_renew_to_re_properties_table',31),(81,'2020_03_16_072752_add_column_abbreviation_to_states_table',32),(82,'2020_03_28_020724_make_column_user_id_nullable_table_revisions',33),(83,'2020_03_23_093053_update_payments_table',34),(84,'2020_04_22_074304_add_column_never_expired_to_re_properties_table',35),(85,'2020_05_26_014304_add_column_provider_to_oauth_clients_table',36),(86,'2020_07_27_085437_add_icon_to_re_features',37),(90,'2020_08_21_102728_real_estate_create_facility_table',38),(91,'2020_08_22_024455_rename_table_for_accounts',39),(92,'2020_08_26_130439_add_column_username_into_table_re_accounts',40),(93,'2020_09_09_110653_update_table_careers',41),(94,'2020_09_15_111419_fix_old_data_for_re_properties',42),(95,'2020_10_05_030817_make_column_charge_id_nullable',43),(96,'2020_10_18_134416_fix_audit_logs_table',44),(97,'2020_10_24_133432_change_column_distance_to_string',45),(99,'2020_10_31_053746_add_column_description_into_re_categories_table',46),(100,'2019_01_05_053554_create_jobs_table',47),(101,'2020_12_05_112556_change_contact_page_to_a_page',48),(102,'2021_02_11_031126_update_price_column_in_projects_and_properties',49),(103,'2021_02_16_092633_remove_default_value_for_author_type',50),(104,'2021_03_08_024049_add_lat_long_into_real_estate_tables',51),(105,'2021_03_27_144913_add_customer_type_into_table_payments',52),(106,'2021_05_24_034720_make_column_currency_nullable',53),(107,'2021_06_10_091950_add_column_is_featured_to_table_re_accounts',54),(108,'2021_07_07_021757_update_table_account_activity_logs',55),(109,'2021_07_18_101839_fix_old_theme_options',56),(110,'2021_08_05_134214_fix_social_link_theme_options',57),(111,'2021_08_09_161302_add_metadata_column_to_payments_table',58),(112,'2021_09_29_042758_create_re_categories_multilevel_table',59),(113,'2021_10_19_020859_update_metadata_field',60),(114,'2021_10_31_031254_add_company_to_accounts_table',61),(115,'2021_10_25_021023_fix-priority-load-for-language-advanced',62),(116,'2021_12_03_030600_create_blog_translations',62),(117,'2021_12_03_075608_create_page_translations',62),(118,'2021_12_03_084118_create_location_translations',62),(119,'2021_12_03_094518_migrate_old_location_data',62),(120,'2021_12_04_095357_create_careers_translations_table',62),(121,'2021_12_10_034440_switch_plugin_location_to_use_language_advanced',63),(122,'2021_12_10_034807_create_real_estate_translation_tables',64),(123,'2021_12_18_081636_add_property_project_views_count',65),(124,'2022_01_16_085908_improve_plugin_location',66),(125,'2022_04_19_113923_add_index_to_table_posts',67),(126,'2022_04_20_100851_add_index_to_media_table',67),(127,'2022_04_20_101046_add_index_to_menu_table',67),(128,'2022_05_03_033044_update_column_images_in_real_estate_tables',68),(129,'2022_05_04_033044_update_column_images_in_real_estate_tables',69),(130,'2022_06_04_033634_improve_homepage_content',70),(131,'2022_06_28_151901_activate_paypal_stripe_plugin',71),(132,'2022_07_02_081723_fix_expired_date_column',71),(133,'2019_12_14_000001_create_personal_access_tokens_table',72),(134,'2022_07_07_153354_update_charge_id_in_table_payments',72),(135,'2022_07_10_034813_move_lang_folder_to_root',72),(136,'2022_08_01_090213_update_table_properties_and_projects',72),(137,'2022_08_04_051940_add_missing_column_expires_at',72),(138,'2022_08_04_052122_delete_location_backup_tables',72),(139,'2022_10_14_024629_drop_column_is_featured',73),(140,'2022_10_29_065232_increase_states_abbreviation_column',74),(141,'2022_11_06_061847_increase_state_translations_abbreviation_column',75),(142,'2022_11_06_070405_improve_homepage_search_box',75),(143,'2022_11_18_063357_add_missing_timestamp_in_table_settings',76),(144,'2022_12_02_093615_update_slug_index_columns',76),(145,'2022_09_01_000001_create_admin_notifications_tables',77),(146,'2023_01_30_024431_add_alt_to_media_table',78),(147,'2023_01_31_023233_create_re_custom_fields_table',79),(148,'2023_02_06_000000_add_location_to_re_accounts_table',79),(149,'2023_02_06_024257_add_package_translations',79),(150,'2023_02_08_062457_add_custom_fields_translation_table',80),(151,'2014_10_12_100000_create_password_reset_tokens_table',81),(152,'2023_02_15_024644_create_re_reviews_table',81),(153,'2023_02_16_042611_drop_table_password_resets',81),(154,'2023_02_20_072604_create_re_invoices_table',82),(155,'2023_02_20_081251_create_re_account_packages_table',82),(156,'2023_04_04_030709_add_unique_id_to_properties_and_projects_table',83),(157,'2023_04_14_164811_make_phone_and_email_in_table_re_consults_nullable',84),(158,'2023_04_23_005903_add_column_permissions_to_admin_notifications',84),(159,'2023_04_23_061847_increase_state_translations_abbreviation_column',84),(160,'2023_05_08_114004_improve_properties_and_projects_page',85),(161,'2023_05_09_062031_unique_reviews_table',85),(162,'2023_05_10_075124_drop_column_id_in_role_users_table',85),(163,'2023_05_26_034353_fix_properties_projects_image',86),(164,'2023_05_27_004215_add_column_ip_into_table_re_consults',86),(165,'2023_07_06_011444_create_slug_translations_table',87),(166,'2023_07_18_040500_convert_cities_is_featured_to_selecting_locations_from_shortcode',87),(167,'2023_07_25_034513_create_re_coupons_table',87),(168,'2023_07_25_034672_add_coupon_code_column_to_jb_invoices_table',87),(169,'2023_07_26_041451_add_more_columns_to_location_table',87),(170,'2023_07_27_041451_add_more_columns_to_location_translation_table',87),(171,'2023_07_28_073307_drop_unique_in_states_cities_translations',87),(172,'2023_08_02_074208_change_square_column_to_float',87),(173,'2023_08_07_000001_add_is_public_profile_column_to_re_accounts_table',87),(174,'2023_08_09_004607_make_column_project_id_nullable',87),(175,'2023_08_15_073307_drop_unique_in_states_cities_translations',88),(176,'2023_08_21_090810_make_page_content_nullable',89),(177,'2023_08_29_074620_make_column_author_id_nullable',90),(178,'2023_09_11_084630_update_mandatory_fields_in_consult_form_table',91),(179,'2023_09_14_021936_update_index_for_slugs_table',92),(180,'2023_09_14_022423_add_index_for_language_table',92),(181,'2023_09_20_050420_add_missing_translation_column',93),(182,'2023_10_21_065016_make_state_id_in_table_cities_nullable',94),(183,'2023_11_10_080225_migrate_contact_blacklist_email_domains_to_core',95),(184,'2023_11_14_033417_change_request_column_in_table_audit_histories',95),(185,'2023_11_21_071820_add_missing_slug_for_agents',95),(186,'2023_12_06_100448_change_random_hash_for_media',95),(187,'2023_12_07_095130_add_color_column_to_media_folders_table',95),(188,'2023_12_12_105220_drop_translations_table',95),(189,'2023_12_17_162208_make_sure_column_color_in_media_folders_nullable',95),(190,'2024_01_11_084816_add_investor_translations_table',95);

--
-- Table structure for table `notes`
--

CREATE TABLE `notes` (
  `id` int unsigned NOT NULL AUTO_INCREMENT,
  `user_id` int unsigned NOT NULL,
  `reference_id` int unsigned NOT NULL,
  `reference_type` varchar(120) CHARACTER SET utf8mb4 COLLATE utf8mb4_unicode_ci NOT NULL,
  `created_by` int unsigned NOT NULL,
  `note` text CHARACTER SET utf8mb4 COLLATE utf8mb4_unicode_ci NOT NULL,
  `created_at` timestamp NULL DEFAULT NULL,
  `updated_at` timestamp NULL DEFAULT NULL,
  PRIMARY KEY (`id`),
  KEY `notes_user_id_index` (`user_id`),
  KEY `notes_reference_id_index` (`reference_id`),
  KEY `notes_created_by_index` (`created_by`)
) ENGINE=InnoDB DEFAULT CHARSET=utf8mb4 COLLATE=utf8mb4_unicode_ci;

--
-- Dumping data for table `notes`
--


--
-- Table structure for table `oauth_access_tokens`
--

CREATE TABLE `oauth_access_tokens` (
  `id` varchar(100) CHARACTER SET utf8mb4 COLLATE utf8mb4_unicode_ci NOT NULL,
  `user_id` bigint DEFAULT NULL,
  `client_id` int unsigned NOT NULL,
  `name` varchar(255) CHARACTER SET utf8mb4 COLLATE utf8mb4_unicode_ci DEFAULT NULL,
  `scopes` text CHARACTER SET utf8mb4 COLLATE utf8mb4_unicode_ci,
  `revoked` tinyint(1) NOT NULL,
  `created_at` timestamp NULL DEFAULT NULL,
  `updated_at` timestamp NULL DEFAULT NULL,
  `expires_at` datetime DEFAULT NULL,
  PRIMARY KEY (`id`),
  KEY `oauth_access_tokens_user_id_index` (`user_id`)
) ENGINE=InnoDB DEFAULT CHARSET=utf8mb4 COLLATE=utf8mb4_unicode_ci;

--
-- Dumping data for table `oauth_access_tokens`
--


--
-- Table structure for table `oauth_auth_codes`
--

CREATE TABLE `oauth_auth_codes` (
  `id` varchar(100) CHARACTER SET utf8mb4 COLLATE utf8mb4_unicode_ci NOT NULL,
  `user_id` bigint NOT NULL,
  `client_id` int unsigned NOT NULL,
  `scopes` text CHARACTER SET utf8mb4 COLLATE utf8mb4_unicode_ci,
  `revoked` tinyint(1) NOT NULL,
  `expires_at` datetime DEFAULT NULL,
  PRIMARY KEY (`id`)
) ENGINE=InnoDB DEFAULT CHARSET=utf8mb4 COLLATE=utf8mb4_unicode_ci;

--
-- Dumping data for table `oauth_auth_codes`
--


--
-- Table structure for table `oauth_clients`
--

CREATE TABLE `oauth_clients` (
  `id` int unsigned NOT NULL AUTO_INCREMENT,
  `user_id` bigint DEFAULT NULL,
  `name` varchar(255) CHARACTER SET utf8mb4 COLLATE utf8mb4_unicode_ci NOT NULL,
  `secret` varchar(100) CHARACTER SET utf8mb4 COLLATE utf8mb4_unicode_ci DEFAULT NULL,
  `redirect` text CHARACTER SET utf8mb4 COLLATE utf8mb4_unicode_ci NOT NULL,
  `personal_access_client` tinyint(1) NOT NULL,
  `password_client` tinyint(1) NOT NULL,
  `revoked` tinyint(1) NOT NULL,
  `created_at` timestamp NULL DEFAULT NULL,
  `updated_at` timestamp NULL DEFAULT NULL,
  `provider` varchar(191) CHARACTER SET utf8mb4 COLLATE utf8mb4_unicode_ci DEFAULT NULL,
  PRIMARY KEY (`id`),
  KEY `oauth_clients_user_id_index` (`user_id`)
) ENGINE=InnoDB DEFAULT CHARSET=utf8mb4 COLLATE=utf8mb4_unicode_ci;

--
-- Dumping data for table `oauth_clients`
--


--
-- Table structure for table `oauth_personal_access_clients`
--

CREATE TABLE `oauth_personal_access_clients` (
  `id` int unsigned NOT NULL AUTO_INCREMENT,
  `client_id` int unsigned NOT NULL,
  `created_at` timestamp NULL DEFAULT NULL,
  `updated_at` timestamp NULL DEFAULT NULL,
  PRIMARY KEY (`id`),
  KEY `oauth_personal_access_clients_client_id_index` (`client_id`)
) ENGINE=InnoDB DEFAULT CHARSET=utf8mb4 COLLATE=utf8mb4_unicode_ci;

--
-- Dumping data for table `oauth_personal_access_clients`
--


--
-- Table structure for table `oauth_refresh_tokens`
--

CREATE TABLE `oauth_refresh_tokens` (
  `id` varchar(100) CHARACTER SET utf8mb4 COLLATE utf8mb4_unicode_ci NOT NULL,
  `access_token_id` varchar(100) CHARACTER SET utf8mb4 COLLATE utf8mb4_unicode_ci NOT NULL,
  `revoked` tinyint(1) NOT NULL,
  `expires_at` datetime DEFAULT NULL,
  PRIMARY KEY (`id`),
  KEY `oauth_refresh_tokens_access_token_id_index` (`access_token_id`)
) ENGINE=InnoDB DEFAULT CHARSET=utf8mb4 COLLATE=utf8mb4_unicode_ci;

--
-- Dumping data for table `oauth_refresh_tokens`
--


--
-- Table structure for table `pages`
--

CREATE TABLE `pages` (
  `id` int unsigned NOT NULL AUTO_INCREMENT,
  `name` varchar(120) CHARACTER SET utf8mb4 COLLATE utf8mb4_unicode_ci NOT NULL,
  `content` longtext CHARACTER SET utf8mb4 COLLATE utf8mb4_unicode_ci,
  `user_id` int NOT NULL,
  `image` varchar(255) CHARACTER SET utf8mb4 COLLATE utf8mb4_unicode_ci DEFAULT NULL,
  `template` varchar(60) CHARACTER SET utf8mb4 COLLATE utf8mb4_unicode_ci DEFAULT NULL,
  `description` varchar(400) CHARACTER SET utf8mb4 COLLATE utf8mb4_unicode_ci DEFAULT NULL,
  `status` varchar(60) CHARACTER SET utf8mb4 COLLATE utf8mb4_unicode_ci NOT NULL DEFAULT 'published',
  `created_at` timestamp NULL DEFAULT NULL,
  `updated_at` timestamp NULL DEFAULT NULL,
  PRIMARY KEY (`id`)
) ENGINE=InnoDB AUTO_INCREMENT=9 DEFAULT CHARSET=utf8mb4 COLLATE=utf8mb4_unicode_ci;

--
-- Dumping data for table `pages`
--

INSERT INTO `pages` VALUES (1,'Home','<div>[search-box title=\"Find your favorite homes at Flex Home\" background_image=\"general/home-banner.jpg\" enable_search_projects_on_homepage_search=\"yes\" default_home_search_type=\"project\"][/search-box]</div><div>[featured-projects title=\"Featured projects\" subtitle=\"We make the best choices with the hottest and most prestigious projects, please visit the details below to find out more.\" limit=\"4\"][/featured-projects]</div><div>[properties-by-locations title=\"Properties by locations\" subtitle=\"Each place is a good choice, it will help you make the right decision, do not miss the opportunity to discover our wonderful properties.\" city=\"1,2,3,4,5\"][/properties-by-locations]</div><div>[properties-for-sale title=\"Properties For Sale\" subtitle=\"Below is a list of properties that are currently up for sale\" limit=\"8\"][/properties-for-sale]</div><div>[properties-for-rent title=\"Properties For Rent\" subtitle=\"Below is a detailed price list of each property for rent\" limit=\"8\"][/properties-for-rent]</div><div>[featured-agents title=\"Featured Agents\"][/featured-agents]</div><div>[recently-viewed-properties title=\"Recently Viewed Properties\" subtitle=\"Your currently viewed properties.\" limit=\"8\"][/recently-viewed-properties]</div><div>[latest-news title=\"News\" subtitle=\"Below is the latest real estate news we get regularly updated from reliable sources.\" limit=\"4\"][/latest-news]</div>',1,NULL,'homepage',NULL,'published','2024-02-24 01:21:49','2024-02-24 01:21:49'),(2,'News','---',1,NULL,'default',NULL,'published','2024-02-24 01:21:49','2024-02-24 01:21:49'),(3,'About us','<h4><span style=\"font-size:18px;\"><b>1. COMPANY</b><span style=\"font-family:Arial,Helvetica,sans-serif;\"><strong> PROFILE</strong></span></span></h4>\n\n<p><span style=\"font-size:16px;\"><span style=\"font-family:Arial,Helvetica,sans-serif;\">Founded on August 28, 1993 (formerly known as Truong Thinh Phat Construction Co., Ltd.), Flex Home operates in the field of real estate business, building villas for rent.<br />\nWith the slogan &quot;Breaking time, through space&quot; with a sustainable development strategy, taking Real Estate as a focus area, Flex Home is constantly connecting between buyers and sellers in the field. Real estate, bringing people closer together, over the distance of time and space, is a reliable place for real estate investment - an area that is constantly evolving over time.</span></span></p>\n\n<blockquote>\n<h2 style=\"font-style: italic; text-align: center;\"><span style=\"font-size:24px;\"><strong><span style=\"font-family:Arial,Helvetica,sans-serif;\"><span style=\"color:#16a085;\">&quot;Breaking time, through space&quot;</span></span></strong></span></h2>\n</blockquote>\n\n<h4 style=\"text-align: center;\"><img alt=\"\" src=\"https://flex-home.test/storage/general/asset-3-at-3x.png\" style=\"width: 90%;\" /></h4>\n\n<h4><span style=\"font-size:18px;\"><b><font face=\"Arial, Helvetica, sans-serif\">2. VISION&nbsp;</font></b></span></h4>\n\n<p><span style=\"font-size:16px;\"><span style=\"font-family:Arial,Helvetica,sans-serif;\">- Acquiring domestic areas.<br />\n- Reaching far across continents.</span></span></p>\n\n<h4><span style=\"font-size:18px;\"><b>3. MISSION</b></span></h4>\n\n<p><span style=\"font-size:16px;\"><span style=\"font-family:Arial,Helvetica,sans-serif;\">- Creating the community<br />\n- Building destinations<br />\n- Nurture happiness</span></span></p>\n\n<p><img alt=\"\" src=\"https://flex-home.test/storage/general/vietnam-office-4.jpg\" /></p>\n',1,NULL,'default','Founded on August 28, 1993 (formerly known as Truong Thinh Phat Construction Co., Ltd.), Flex Home operates in the field of real estate business, building villas for rent.\nWith the slogan \"Breaking time, through space\" with a sustainable development strategy, taking Real Estate as a focus area, Flex Home is constantly connecting between buyers and sellers in the field.','published','2024-02-24 01:21:49','2024-02-24 01:21:49'),(4,'Contact','<p>[contact-form][/contact-form]<br />\n&nbsp;</p>\n\n<h3>Directions</h3>\n\n<p>[google-map]North Link Building, 10 Admiralty Street, 757695 Singapore[/google-map]</p>\n\n<p>&nbsp;</p>',1,NULL,'default',NULL,'published','2024-02-24 01:21:49','2024-02-24 01:21:49'),(5,'Terms &amp; Conditions','<p style=\"text-align: justify;\"><span style=\"font-size:16px;\"><span style=\"font-family:Arial,Helvetica,sans-serif;\">Access to and use of the Flex Home website is subject to the following terms, conditions, and relevant laws of Vietnam.</span></span></p>\n\n<h4 style=\"text-align: justify;\"><span style=\"font-size:18px;\"><span style=\"font-family:Arial,Helvetica,sans-serif;\"><strong>1. Copyright</strong></span></span></h4>\n\n<p style=\"text-align: justify;\"><span style=\"font-size:16px;\"><span style=\"font-family:Arial,Helvetica,sans-serif;\">Copyrights and other intellectual property rights to all text, images, audio, software and other content on this site are owned by Flex Home and its affiliates. Users are allowed to view the contents of the website, cite the contents by printing, downloading the hard disk and distributing it to others for non-commercial purposes, providing information or personal purposes. </span></span><span style=\"font-size:16px;\"><span style=\"font-family:Arial,Helvetica,sans-serif;\">Any content from this site may not be used for sale or distribution for profit, nor may it be edited or included in any other publication or website.</span></span></p>\n\n<h4 style=\"text-align: justify;\"><span style=\"font-size:18px;\"><span style=\"font-family:Arial,Helvetica,sans-serif;\"><strong>2. Content</strong></span></span></h4>\n\n<p style=\"text-align: justify;\"><span style=\"font-size:16px;\"><span style=\"font-family:Arial,Helvetica,sans-serif;\">The information on this website is compiled with great confidence but for general information research purposes only. While we endeavor to maintain updated and accurate information, we make no representations or warranties in any manner regarding completeness, accuracy, reliability, appropriateness or availability in relation to web site, or related information, product, service, or image within the website for any purpose. </span></span></p>\n\n<p style=\"text-align: justify;\"><span style=\"font-size:16px;\"><span style=\"font-family:Arial,Helvetica,sans-serif;\">Flex Home and its employees, managers, and agents are not responsible for any loss, damage or expense incurred as a result of accessing and using this website and the sites. </span></span><span style=\"font-size:16px;\"><span style=\"font-family:Arial,Helvetica,sans-serif;\">The web is connected to it, including but not limited to, loss of profits, direct or indirect losses. We are also not responsible, or jointly responsible, if the site is temporarily inaccessible due to technical issues beyond our control. Any comments, suggestions, images, ideas and other information or materials that users submit to us through this site will become our exclusive property, including the right to may arise in the future associated with us.</span></span></p>\n\n<p style=\"text-align: center;\"><span style=\"font-size:16px;\"><span style=\"font-family:Arial,Helvetica,sans-serif;\"><img alt=\"\" src=\"https://flex-home.test/storage/general/copyright.jpg\" style=\"width: 90%;\" /></span></span></p>\n\n<h4 style=\"text-align: justify;\"><span style=\"font-size:18px;\"><span style=\"font-family:Arial,Helvetica,sans-serif;\"><strong>3. Note on&nbsp;connected sites</strong></span></span></h4>\n\n<p style=\"text-align: justify;\"><span style=\"font-size:16px;\"><span style=\"font-family:Arial,Helvetica,sans-serif;\">At many points in the website, users can get links to other websites related to a specific aspect. This does not mean that we are related to the websites or companies that own these websites. Although we intend to connect users to sites of interest, we are not responsible or jointly responsible for our employees, managers, or representatives. with other websites and information contained therein.</span></span></p>\n',1,NULL,'default','Copyrights and other intellectual property rights to all text, images, audio, software and other content on this site are owned by Flex Home and its affiliates. Users are allowed to view the contents of the website, cite the contents by printing, downloading the hard disk and distributing it to others for non-commercial purposes.','published','2024-02-24 01:21:49','2024-02-24 01:21:49'),(6,'Cookie Policy','<h3>EU Cookie Consent</h3><p>To use this website we are using Cookies and collecting some Data. To be compliant with the EU GDPR we give you to choose if you allow us to use certain Cookies and to collect some Data.</p><h4>Essential Data</h4><p>The Essential Data is needed to run the Site you are visiting technically. You can not deactivate them.</p><p>- Session Cookie: PHP uses a Cookie to identify user sessions. Without this Cookie the Website is not working.</p><p>- XSRF-Token Cookie: Laravel automatically generates a CSRF \"token\" for each active user session managed by the application. This token is used to verify that the authenticated user is the one actually making the requests to the application.</p>',1,NULL,'default',NULL,'published','2024-02-24 01:21:49','2024-02-24 01:21:49'),(7,'Properties','<div>[properties-list title=\"Discover our properties\" description=\"Discover our properties\" description=\"Each place is a good choice, it will help you make the right decision, do not miss the opportunity to discover our wonderful properties.\" number_of_properties_per_page=\"12\"][/properties-list]</div>',1,NULL,'homepage',NULL,'published','2024-02-24 01:21:49','2024-02-24 01:21:49'),(8,'Projects','<div>[projects-list  title=\"Discover our projects\" description=\"We make the best choices with the hottest and most prestigious projects, please visit the details below to find out more\" number_of_projects_per_page=\"12\"][/projects-list]</div>',1,NULL,'homepage',NULL,'published','2024-02-24 01:21:49','2024-02-24 01:21:49');

--
-- Table structure for table `pages_translations`
--

CREATE TABLE `pages_translations` (
  `lang_code` varchar(191) CHARACTER SET utf8mb4 COLLATE utf8mb4_unicode_ci NOT NULL,
  `pages_id` int NOT NULL,
  `name` varchar(255) CHARACTER SET utf8mb4 COLLATE utf8mb4_unicode_ci DEFAULT NULL,
  `description` varchar(400) CHARACTER SET utf8mb4 COLLATE utf8mb4_unicode_ci DEFAULT NULL,
  `content` longtext CHARACTER SET utf8mb4 COLLATE utf8mb4_unicode_ci,
  PRIMARY KEY (`lang_code`,`pages_id`)
) ENGINE=InnoDB DEFAULT CHARSET=utf8mb4 COLLATE=utf8mb4_unicode_ci;

--
-- Dumping data for table `pages_translations`
--


--
-- Table structure for table `password_reset_tokens`
--

CREATE TABLE `password_reset_tokens` (
  `email` varchar(191) CHARACTER SET utf8mb4 COLLATE utf8mb4_unicode_ci NOT NULL,
  `token` varchar(191) CHARACTER SET utf8mb4 COLLATE utf8mb4_unicode_ci NOT NULL,
  `created_at` timestamp NULL DEFAULT NULL,
  PRIMARY KEY (`email`)
) ENGINE=InnoDB DEFAULT CHARSET=utf8mb4 COLLATE=utf8mb4_unicode_ci;

--
-- Dumping data for table `password_reset_tokens`
--


--
-- Table structure for table `payments`
--

CREATE TABLE `payments` (
  `id` int unsigned NOT NULL AUTO_INCREMENT,
  `amount` decimal(15,2) unsigned NOT NULL,
  `currency` varchar(120) CHARACTER SET utf8mb4 COLLATE utf8mb4_unicode_ci DEFAULT NULL,
  `user_id` int unsigned NOT NULL DEFAULT '0',
  `charge_id` varchar(255) CHARACTER SET utf8mb4 COLLATE utf8mb4_unicode_ci DEFAULT NULL,
  `payment_channel` varchar(60) CHARACTER SET utf8mb4 COLLATE utf8mb4_unicode_ci DEFAULT NULL,
  `created_at` timestamp NULL DEFAULT NULL,
  `updated_at` timestamp NULL DEFAULT NULL,
  `description` varchar(255) CHARACTER SET utf8mb4 COLLATE utf8mb4_unicode_ci DEFAULT NULL,
  `order_id` int unsigned DEFAULT NULL,
  `status` varchar(60) CHARACTER SET utf8mb4 COLLATE utf8mb4_unicode_ci DEFAULT 'pending',
  `payment_type` varchar(191) CHARACTER SET utf8mb4 COLLATE utf8mb4_unicode_ci DEFAULT 'confirm',
  `customer_id` int unsigned DEFAULT NULL,
  `refunded_amount` decimal(15,2) unsigned DEFAULT NULL,
  `refund_note` varchar(255) CHARACTER SET utf8mb4 COLLATE utf8mb4_unicode_ci DEFAULT NULL,
  `customer_type` varchar(255) CHARACTER SET utf8mb4 COLLATE utf8mb4_unicode_ci DEFAULT NULL,
  `metadata` mediumtext CHARACTER SET utf8mb4 COLLATE utf8mb4_unicode_ci,
  PRIMARY KEY (`id`)
) ENGINE=InnoDB AUTO_INCREMENT=2 DEFAULT CHARSET=utf8mb4 COLLATE=utf8mb4_unicode_ci;

--
-- Dumping data for table `payments`
--

INSERT INTO `payments` VALUES (1,250.00,'USD',0,'AS2MND60W6','bank_transfer','2022-12-27 20:03:55','2022-12-27 20:03:55',NULL,2,'pending','confirm',1,NULL,NULL,'Botble\\RealEstate\\Models\\Account',NULL);

--
-- Table structure for table `personal_access_tokens`
--

CREATE TABLE `personal_access_tokens` (
  `id` bigint unsigned NOT NULL AUTO_INCREMENT,
  `tokenable_type` varchar(191) CHARACTER SET utf8mb4 COLLATE utf8mb4_unicode_ci NOT NULL,
  `tokenable_id` bigint unsigned NOT NULL,
  `name` varchar(191) CHARACTER SET utf8mb4 COLLATE utf8mb4_unicode_ci NOT NULL,
  `token` varchar(64) CHARACTER SET utf8mb4 COLLATE utf8mb4_unicode_ci NOT NULL,
  `abilities` text CHARACTER SET utf8mb4 COLLATE utf8mb4_unicode_ci,
  `last_used_at` timestamp NULL DEFAULT NULL,
  `created_at` timestamp NULL DEFAULT NULL,
  `updated_at` timestamp NULL DEFAULT NULL,
  `expires_at` timestamp NULL DEFAULT NULL,
  PRIMARY KEY (`id`),
  UNIQUE KEY `personal_access_tokens_token_unique` (`token`),
  KEY `personal_access_tokens_tokenable_type_tokenable_id_index` (`tokenable_type`,`tokenable_id`)
) ENGINE=InnoDB DEFAULT CHARSET=utf8mb4 COLLATE=utf8mb4_unicode_ci;

--
-- Dumping data for table `personal_access_tokens`
--


--
-- Table structure for table `post_categories`
--

CREATE TABLE `post_categories` (
  `id` int unsigned NOT NULL AUTO_INCREMENT,
  `category_id` int unsigned NOT NULL,
  `post_id` int unsigned NOT NULL,
  PRIMARY KEY (`id`)
) ENGINE=InnoDB AUTO_INCREMENT=17 DEFAULT CHARSET=utf8mb4 COLLATE=utf8mb4_unicode_ci;

--
-- Dumping data for table `post_categories`
--

INSERT INTO `post_categories` VALUES (1,2,4201),(2,1,4202),(3,4,4203),(4,1,4204),(5,4,4205),(6,4,4206),(7,6,4207),(8,1,4208),(9,2,4209),(10,1,4210),(11,6,4211),(12,6,4212),(13,4,4213),(14,4,4214),(15,1,4215),(16,2,4216);

--
-- Table structure for table `post_tags`
--

CREATE TABLE `post_tags` (
  `id` int unsigned NOT NULL AUTO_INCREMENT,
  `tag_id` int unsigned NOT NULL,
  `post_id` int unsigned NOT NULL,
  PRIMARY KEY (`id`)
) ENGINE=InnoDB AUTO_INCREMENT=49 DEFAULT CHARSET=utf8mb4 COLLATE=utf8mb4_unicode_ci;

--
-- Dumping data for table `post_tags`
--

INSERT INTO `post_tags` VALUES (1,1,4201),(2,2,4201),(3,3,4201),(4,1,4202),(5,2,4202),(6,3,4202),(7,1,4203),(8,2,4203),(9,3,4203),(10,1,4204),(11,2,4204),(12,3,4204),(13,1,4205),(14,2,4205),(15,3,4205),(16,1,4206),(17,2,4206),(18,3,4206),(19,1,4207),(20,2,4207),(21,3,4207),(22,1,4208),(23,2,4208),(24,3,4208),(25,1,4209),(26,2,4209),(27,3,4209),(28,1,4210),(29,2,4210),(30,3,4210),(31,1,4211),(32,2,4211),(33,3,4211),(34,1,4212),(35,2,4212),(36,3,4212),(37,1,4213),(38,2,4213),(39,3,4213),(40,1,4214),(41,2,4214),(42,3,4214),(43,1,4215),(44,2,4215),(45,3,4215),(46,1,4216),(47,2,4216),(48,3,4216);

--
-- Table structure for table `posts`
--

CREATE TABLE `posts` (
  `id` int unsigned NOT NULL AUTO_INCREMENT,
  `name` varchar(255) CHARACTER SET utf8mb4 COLLATE utf8mb4_unicode_ci NOT NULL,
  `description` varchar(400) CHARACTER SET utf8mb4 COLLATE utf8mb4_unicode_ci DEFAULT NULL,
  `content` text CHARACTER SET utf8mb4 COLLATE utf8mb4_unicode_ci,
  `status` varchar(60) CHARACTER SET utf8mb4 COLLATE utf8mb4_unicode_ci NOT NULL DEFAULT 'published',
  `author_id` bigint unsigned DEFAULT NULL,
  `author_type` varchar(255) CHARACTER SET utf8mb4 COLLATE utf8mb4_unicode_ci NOT NULL DEFAULT 'Botble\\ACL\\Models\\User',
  `is_featured` tinyint unsigned NOT NULL DEFAULT '0',
  `image` varchar(255) CHARACTER SET utf8mb4 COLLATE utf8mb4_unicode_ci DEFAULT NULL,
  `views` int unsigned NOT NULL DEFAULT '0',
  `format_type` varchar(30) CHARACTER SET utf8mb4 COLLATE utf8mb4_unicode_ci DEFAULT NULL,
  `created_at` timestamp NULL DEFAULT NULL,
  `updated_at` timestamp NULL DEFAULT NULL,
  PRIMARY KEY (`id`),
  KEY `posts_status_author_id_author_type_created_at_index` (`status`,`author_id`,`author_type`,`created_at`)
) ENGINE=InnoDB AUTO_INCREMENT=4217 DEFAULT CHARSET=utf8mb4 COLLATE=utf8mb4_unicode_ci;

--
-- Dumping data for table `posts`
--

INSERT INTO `posts` VALUES (1,'BCG sets great store by real estate negotiations','BCG leaders shared with investors at a meeting this month that real estate and renewable energy will be the two main activities of the group. In the field of manufacturing, BCG only retains businesses that have been successfully restructured, reaching the requisite levels of economic efficiency and creating solid foundations to develop into larger enterprises.','<h2 style=\"font-style:italic;\">The profit of Bamboo Capital Group (BCG) is expected to grow tremendously during 2019-2023 thanks to a series of real estate as well as renewable energy projects, especially Radisson Blu Hoi An and King Crown Village Thao Dien.</h2>\r\n\r\n<p>BCG leaders shared with investors at a meeting this month that real estate and renewable energy will be the two main activities of the group. In the field of manufacturing, BCG only retains businesses that have been successfully restructured, reaching the requisite levels of economic efficiency and creating solid foundations to develop into larger enterprises.</p>\r\n\r\n<p>BCG expects to reach the after-tax profit of VND312 billion ($13.56 million) this year, VND681.5 ($29.6 million) in 2020, and VND826.5 billion ($35.93 million) in 2023. In real estate, BCG has implemented the Radisson Blu Hoi An project with the scale of 734 apartments and coastal villas, King Crown Village Thao Dien in District 2, Ho Chi Minh City with 17 villas in the first phase and serviced apartments and a hotel, as well as offices for lease in the second phase.</p>\r\n\r\n<p>BCG leaders shared that in 2019-2020, Radisson Blu Hoi An and King Crown Village Thao Dien will bring VND900 billion ($39.13 million) in profit to BCG, and the group is negotiating to transfer part of the group&rsquo;s capital in the two projects. BCG owns a hundred per cent in Radisson Blu Hoi An, and 48.5 per cent in King Crown Village Thao Dien.</p>\r\n\r\n<p>&quot;If we close the deals with our partners soon, BCG will fulfil the profit plan for 2019. Currently, the deal is still in progress, but we are confident in implementing our 2019 profit plan. If the deal is delayed for any reason, the profit will be transferred by the beginning of 2020,&quot; Pham Minh Tuan, deputy CEO of BCG, shared.</p>\r\n\r\n<p>The upcoming real estate projects of BCG include Condotel Pegas Nha Trang (2.74 hectares, implemented in 2020-2021), Bao Loc urban area (​​17ha, in 2019-2023), Loc Phat residential area (Bao Loc, Lam Dong &ndash; 46.9ha, implemented from 2019 to 2022), Hoa Ninh residential area (Di Linh, Lam Dong &ndash;49.3ha, implemented in 2020-2023), Hiep Binh Chanh urban area (​​6.3ha, implemented in 2020-2022).</p>\r\n\r\n<p>Regarding the capital to meet BCG&#39;s investment needs, according to Nguyen Ho Nam, chairman of BCG, most of BCG&#39;s projects are co-operating with international corporations on issues like technical and technological issues, branding, or capital co-operation.</p>\r\n\r\n<p>BCG has signed a contract with KPMG Singapore to become the exclusive consultant for BCG to seek international funding and domestic banks to increase credit room for BCG to implement a new project. Along with that, BCG received capital contributions from South Korean investors including Hanwha Energy involved in solar power plant projects and real estate firm Woomi.</p>\r\n\r\n<p>BCG is also working with a strategic partner from Europe. In the field of renewable energy, BCG finished two solar energy projects in Long An with the total capacity of over 140MW. Of these, the BCG-CME Long An 1 solar power plant, which in BCG holds 37.5 per cent, has the capacity of 40.5MW and is expected to bring revenue of VND140-150 billion ($6.1-6.5 million) per year from 2020.</p>\r\n\r\n<p>BCG-CME Long An 2 (GAIA) has the capacity of 100.5MW and is expected to launch operations in this November, bringing revenue of about VND320 billion per year from 2020. BCG has a 32.5 per cent stake in GAIA.</p>\r\n\r\n<p>BCG-CME Long An 1 solar power plant sells electricity to Electricity of Vietnam at the price of 9.35 US cent per kW for 20 years, while GAIA hopes to sell electricity at 8.72 US cent per kW. In addition to the two projects above, BCG is trying to complete procedures for other solar power plants in Long An (100MW), Dak Lak (50MW), Gia Lai (300MW), Tay Ninh (165MW), a surface solar power plant in Quang Nam (200MW), a wind power plant in Soc Trang (50MW).</p>\r\n\r\n<p>At the two solar power plants in Long An, BCG worked with Vietnam-Oman Investment (VOI) and took up VND2 trillion in loans from local banks ($86.96 million &ndash; 65 per cent of the total investment capital of the two projects).</p>','published',1,'Botble\\ACL\\Models\\User',1,'properties/1-2.jpg',539,NULL,'2024-02-24 01:21:52','2024-02-24 01:21:52'),(2,'Private Home Sales Drop 27% In October','New private home sales in Singapore fell 27% in October from September, reported Channel News Asia, based on the data released by the Urban Redevelopment Authority (URA).\r\nAccording to URA data, developers only sold 928 units in October (955 units including executive condominiums), compared to 1,270 units from the previous month','<p>New private home sales in Singapore fell 27% in October from September, reported Channel News Asia, based on the data released by the&nbsp;Urban Redevelopment Authority (URA).</p>\r\n\r\n<p><strong>According to URA data,&nbsp;developers only sold 928 units in October (955 units including executive condominiums), compared to 1,270 units from the previous month.</strong></p>\r\n\r\n<p>However, on a year-to-year comparison, the figures show an 84.9% increase.</p>\r\n\r\n<p>The new homes sold in October in the Core Central Region (CCR) tripled to 182 units from September, the biggest recorded since March 2016, with Singaporeans buying 133 of those units.</p>\r\n\r\n<p>Analysts said the good performance was mainly due to new project launches in the area, including&nbsp;<strong>Midtown<a href=\"https://www.propertyguru.com.sg/property-for-sale/at-midtown-bay-23760\"> </a>Bay Residences</strong>,&nbsp;<strong>Neu at Novena</strong>&nbsp;and&nbsp;<strong>Royalgreen</strong>. The other new launch this month was Midwood, within the Outside of Central Region (OCR)</p>\r\n\r\n<p>The deficiency in major launches in the city fringe and mass-market segments like the OCR could have been a factor in the sales drop, said OrangeTee and Tie head of research and consultancy Christine Sun.</p>\r\n\r\n<p>&ldquo;Sales volumes tend to be lower when more luxury projects are being launched in a particular month, owing to the higher price tags and lower affordability,&rdquo; she said.</p>\r\n\r\n<p>URA Realis data show that this year saw 104 non-landed new homes sales reach S$5 million and above, which is the highest mark since 155 were purchased from January to October 2011, added Sun.</p>\r\n\r\n<p>High-profile transactions, such as James Dyson&rsquo;s purchase of Singapore&rsquo;s most expensive apartment, contributed to &ldquo;significant positive sentiments for developer sales,&rdquo; said property analyst Ong Kah Seng.</p>\r\n\r\n<p>&ldquo;Despite the global trade and geopolitical uncertainties, we believe demand for Singapore private homes is still relatively stable given the tight labour market, favourable interest rate environment, and relatively healthy household balance sheet,&rdquo; said Tricia Song, Colliers International head of research for Singapore.</p>\r\n\r\n<p>Ong believes the country&rsquo;s properties will become more attractive for foreign buyers wanting stable investments.</p>\r\n\r\n<p>&ldquo;There&rsquo;s increasing international attractiveness of Singapore residential properties as offering longer term stability to all profiles of buyers, including from foreigners who are eschewing investments in Hong Kong due to that city&rsquo;s heightening social turbulence,&rdquo; he noted.</p>','published',1,'Botble\\ACL\\Models\\User',1,'properties/2-2.jpg',1979,NULL,'2024-02-24 01:21:52','2024-02-24 01:21:52'),(3,'Singapore Overtakes Hong Kong In Terms Of Property Investment Prospects','Singapore now claims the top spot for real estate investment prospects in terms of price increases in 2020. Hong Kong, rocked by months of violent political protests, has fallen from 14th place to the bottom of the pile in 2019.','<p>The fortunes of Singapore and Hong Kong &ndash; two of Asia&rsquo;s hottest property markets &ndash; are going in different directions, reported Bloomberg citing a Urban Land Institute and PricewaterhouseCoopers LLP report.</p>\r\n\r\n<p><strong>Singapore now claims the top spot for real estate investment prospects&nbsp;in terms of price increases in 2020. Hong Kong, rocked by months of violent political protests, has fallen from 14th place to the bottom of the pile in 2019.</strong></p>\r\n\r\n<p>Hong Kong&rsquo;s drop to the least-favoured destination for real estate investment next year is due to its retail and tourism sectors taking a beating, affecting economic growth.</p>\r\n\r\n<p>The city-state has benefited from a surge in interest among investors who are steering clear of Hong Kong and China, which are viewed as &ldquo;geopolitical flashpoints&rdquo;.</p>\r\n\r\n<p>For the past few quarters, apartment prices in Singapore have rebounded, showing resilience in the residential market, with the office sector mostly absorbing the oversupply.</p>\r\n\r\n<p>Hong Kong&rsquo;s problems bode well for Singapore, at least for a little while, according to Urban Land Institute CEO Ed Walter.</p>\r\n\r\n<p>&ldquo;A lot of theory in investing is less about what was, versus what is or what is going to be,&rdquo; he added.</p>\r\n\r\n<p><strong>Singapore also saw a rise in property transactions in the first half, with majority of the activities driven by cross-border capital. Deals amounted to $4.9 billion (S$6.6 billion) in the period, a 73% year-on-year growth.</strong></p>\r\n\r\n<p>Walter described Hong Kong as having a &ldquo;very resilient market&rdquo;, backed by its high property prices. He believes that after the protests, sectors such as retail can recover quickly.</p>\r\n\r\n<p>&ldquo;The bigger issue is what happens from a political perspective and what does that signal about Hong Kong&rsquo;s place as a financial centre,&rdquo; he said.</p>\r\n\r\n<p><strong>Singapore placed second-to-last among 22 centres as recently as 2017, overtaken by cities such as Sydney, Tokyo and Bangalore as vacancies rose and rents dropped. In 2017, Hong Kong placed 18th.</strong></p>\r\n\r\n<p><img alt=\"\" src=\"https://flex-home.botble.com/storage/properties/3-2.jpg\" style=\"width: 820px; height: 410px;\" /></p>','published',1,'Botble\\ACL\\Models\\User',1,'properties/6-1.jpg',1813,NULL,'2024-02-24 01:21:52','2024-02-24 01:21:52'),(4,'S. Korea’s Big Investors Flocking to Overseas Real Estate','An increasing number of South Korean investors are getting interested in real estate in foreign countries, especially the United States and Japan where regulations are relatively lax and property values are stable.','<h2>KEB Hana Bank held a seminar on the global real estate investment strategy at its head office in Seoul on May 23 and nearly 100 customers attended it.</h2>\r\n\r\n<p>Hana Bank&rsquo;s private banker (PB) business division held the seminar for affluent customers to explain the procedure for taking out loans and remitting money to make an investment in real estate in major cities around the world, including New York, Los Angeles in the United States and Tokyo in Japan.</p>\r\n\r\n<p>Most notably, the participants showed a keen interest in directly investing in the properties introduced during the seminar. Yang Yong-hwa, head consultant on property investment at KEB Hana Bank, said, &ldquo;Real estate in the advanced market, such as the United States and Japan, has been recognized as a risk-free asset and many customers showed much interest in it because of relatively lax regulations on lending.&rdquo;</p>\r\n\r\n<h3 style=\"text-align: center;\"><img alt=\"S. Korea’s Big Investors Flocking to Overseas Real Estate\" longdesc=\"S. Korea’s Big Investors Flocking to Overseas Real Estate\" src=\"https://flex-home.botble.com/storage/properties/32223-43914-378.jpg\" style=\"width: 573px; height: 533px;\" /></h3>\r\n\r\n<p style=\"text-align: center;\"><em>S. Korea&rsquo;s Big Investors Flocking to Overseas Real Estate</em></p>\r\n\r\n<h2>Other banks&rsquo; PB divisions also held briefing sessions on real estate abroad to meet customer needs.</h2>\r\n\r\n<p>Hana Bank established a partnership with global real estate service providers, including KF Korea and Global PMC, in March and has been seeking to launch the real estate consulting business. KB Kookmin Bank also introduced the global KB real estate consulting service in 2014, while Woori Bank is holding consultation sessions on investment in foreign properties by making use of its global network which is the largest among domestic banks. Shinhan Bank established a partnership with global real estate service firm, KF Korea, in April and will hold the first seminar on overseas real estate on May 27.</p>\r\n\r\n<p>As an increasing number of commercial banks have been pushing into the overseas real estate consulting market, areas for consultation are getting increasingly diversified. Tokyo has the highest demand as it is relatively easy to access and the price of real estate there is on the rise before the 2020 Summer Olympics. However, emerging countries that have a high growth potential, such as Vietnam, recently see more investment coming in.</p>','published',1,'Botble\\ACL\\Models\\User',1,'properties/download.jpg',246,NULL,'2024-02-24 01:21:52','2024-02-24 01:21:52'),(4201,'The Top 2020 Handbag Trends to Know','Quia commodi eligendi in est. Magni et sit aut ut. Qui officia corporis at nam.','<p>[youtube-video]https://www.youtube.com/watch?v=SlPhMPnQ58k[/youtube-video]</p><p>And with that she hardly knew what she was now only ten inches high, and she looked down at her as she could see it written down: but I can\'t quite follow it as you go on? It\'s by far the most confusing thing I know. Silence all round, if you don\'t know the way to explain the mistake it had some kind of rule, \'and vinegar that makes the matter with it. There was certainly English. \'I don\'t see any wine,\' she remarked. \'It tells the day and night! You see the earth takes twenty-four hours to turn into a conversation. \'You don\'t know what to beautify is, I suppose?\' \'Yes,\' said Alice, as she added, \'and the moral of THAT is--\"Take care of the accident, all except the King, \'that only makes the matter with it. There could be beheaded, and that is rather a hard word, I will tell you my history, and you\'ll understand why it is all the time she had read about them in books, and she at once and put it to annoy, Because he knows it teases.\' CHORUS. (In which the wretched Hatter trembled so.</p><p class=\"text-center\"><img src=\"/storage/news/3.jpg\"></p><p>I ought to eat her up in her lessons in here? Why, there\'s hardly room for YOU, and no more of it at all,\' said Alice: \'allow me to him: She gave me a pair of gloves and a sad tale!\' said the King. On this the whole thing very absurd, but they were filled with tears running down his cheeks, he went on, \'and most things twinkled after that--only the March Hare. Alice was beginning very angrily, but the Rabbit say, \'A barrowful will do, to begin lessons: you\'d only have to turn into a.</p><p class=\"text-center\"><img src=\"/storage/news/10.jpg\"></p><p>For anything tougher than suet; Yet you finished the first sentence in her French lesson-book. The Mouse did not like to try the experiment?\' \'HE might bite,\' Alice cautiously replied: \'but I haven\'t had a consultation about this, and she went on. Her listeners were perfectly quiet till she was not a bit hurt, and she was ready to sink into the air. Even the Duchess said after a few minutes she heard a voice sometimes choked with sobs, to sing \"Twinkle, twinkle, little bat! How I wonder what you\'re at!\" You know the way the people near the centre of the doors of the house down!\' said the King, and the words \'EAT ME\' were beautifully marked in currants. \'Well, I\'ll eat it,\' said Alice. The poor little thing grunted in reply (it had left off sneezing by this very sudden change, but very glad to find quite a crowd of little Alice herself, and shouted out, \'You\'d better not do that again!\' which produced another dead silence. Alice was too small, but at last she stretched her arms round.</p><p class=\"text-center\"><img src=\"/storage/news/11.jpg\"></p><p>Father William replied to his son, \'I feared it might end, you know,\' Alice gently remarked; \'they\'d have been changed in the long hall, and close to her lips. \'I know SOMETHING interesting is sure to kill it in her own courage. \'It\'s no business of MINE.\' The Queen turned angrily away from him, and said anxiously to herself, as she did not like to have no answers.\' \'If you knew Time as well as the question was evidently meant for her. \'I can hardly breathe.\' \'I can\'t explain MYSELF, I\'m afraid, sir\' said Alice, who felt very curious thing, and she had not gone much farther before she made out the answer to shillings and pence. \'Take off your hat,\' the King said, with a cart-horse, and expecting every moment to be sure! However, everything is queer to-day.\' Just then she heard a little pattering of feet in the other: he came trotting along in a tone of this rope--Will the roof of the way--\' \'THAT generally takes some time,\' interrupted the Hatter: \'let\'s all move one place on.\' He.</p>','published',1,'Botble\\ACL\\Models\\User',1,'news/1.jpg',1859,NULL,'2024-02-24 01:21:52','2024-02-24 01:21:52'),(4202,'Top Search Engine Optimization Strategies!','Voluptatem dolor dolorem deserunt sint cupiditate molestiae facere. Et facilis at dicta pariatur rem. Similique et laborum saepe quisquam ratione repellat quaerat.','<p>In a little house in it a little scream of laughter. \'Oh, hush!\' the Rabbit came near her, she began, rather timidly, as she could not answer without a cat! It\'s the most interesting, and perhaps after all it might be hungry, in which case it would make with the Dormouse. \'Fourteenth of March, I think I could, if I only wish they WOULD put their heads off?\' shouted the Queen. \'Can you play croquet with the name again!\' \'I won\'t have any pepper in my life!\' She had just begun \'Well, of all this time, and was in such confusion that she was exactly the right way to change the subject. \'Ten hours the first verse,\' said the King, and the arm that was said, and went on again: \'Twenty-four hours, I THINK; or is it twelve? I--\' \'Oh, don\'t bother ME,\' said Alice sadly. \'Hand it over a little bird as soon as there seemed to rise like a candle. I wonder who will put on his flappers, \'--Mystery, ancient and modern, with Seaography: then Drawling--the Drawling-master was an old woman--but.</p><p class=\"text-center\"><img src=\"/storage/news/2.jpg\"></p><p>Normans--\" How are you thinking of?\' \'I beg your acceptance of this remark, and thought it over here,\' said the Hatter. \'Does YOUR watch tell you how it was her dream:-- First, she tried her best to climb up one of the e--e--evening, Beautiful, beautiful Soup!\' CHAPTER XI. Who Stole the Tarts? The King laid his hand upon her face. \'Very,\' said Alice: \'--where\'s the Duchess?\' \'Hush! Hush!\' said the Dormouse, after thinking a minute or two to think that proved it at last, they must be on the.</p><p class=\"text-center\"><img src=\"/storage/news/10.jpg\"></p><p>France-- Then turn not pale, beloved snail, but come and join the dance. Will you, won\'t you join the dance? Will you, won\'t you, will you, old fellow?\' The Mock Turtle\'s heavy sobs. Lastly, she pictured to herself how this same little sister of hers that you think you\'re changed, do you?\' \'I\'m afraid I don\'t want to see it again, but it all seemed quite dull and stupid for life to go down--Here, Bill! the master says you\'re to go among mad people,\' Alice remarked. \'Oh, you foolish Alice!\' she answered herself. \'How can you learn lessons in the long hall, and close to them, and considered a little shriek, and went on again:-- \'I didn\'t know that Cheshire cats always grinned; in fact, a sort of idea that they had a vague sort of idea that they would die. \'The trial cannot proceed,\' said the King. The next witness would be only rustling in the same size for going through the neighbouring pool--she could hear the very middle of the house down!\' said the Queen. \'Well, I can\'t tell you.</p><p class=\"text-center\"><img src=\"/storage/news/13.jpg\"></p><p>OUTSIDE.\' He unfolded the paper as he spoke. \'UNimportant, of course, Alice could see it written up somewhere.\' Down, down, down. Would the fall was over. However, when they had to kneel down on one side, to look for her, and she tried the little door into that lovely garden. First, however, she again heard a little pattering of footsteps in the beautiful garden, among the branches, and every now and then a great deal to come out among the trees, a little timidly, for she could not join the dance? Will you, won\'t you, will you, won\'t you, will you, old fellow?\' The Mock Turtle said: \'advance twice, set to work shaking him and punching him in the air, and came flying down upon her: she gave one sharp kick, and waited till the Pigeon in a solemn tone, only changing the order of the birds hurried off to trouble myself about you: you must manage the best plan.\' It sounded an excellent plan, no doubt, and very angrily. \'A knot!\' said Alice, feeling very glad to find that she had felt.</p>','published',1,'Botble\\ACL\\Models\\User',1,'news/2.jpg',2110,NULL,'2024-02-24 01:21:52','2024-02-24 01:21:52'),(4203,'Which Company Would You Choose?','Repudiandae magnam officia expedita. Distinctio quia fuga a ut eaque. Aut dolor et voluptatem velit nesciunt nisi distinctio. Porro libero et facilis maiores vel et voluptatem perferendis.','<p>Alice, whose thoughts were still running on the top of it. She went in search of her head made her so savage when they saw the Mock Turtle recovered his voice, and, with tears running down his face, as long as it went, as if she had hurt the poor little thing sobbed again (or grunted, it was in managing her flamingo: she succeeded in curving it down \'important,\' and some \'unimportant.\' Alice could see it quite plainly through the door, and the blades of grass, but she heard her voice close to the shore. CHAPTER III. A Caucus-Race and a large pool all round the neck of the garden: the roses growing on it (as she had accidentally upset the week before. \'Oh, I BEG your pardon!\' cried Alice hastily, afraid that it was looking up into hers--she could hear him sighing as if she was holding, and she went on to her feet as the hall was very glad to get out at all what had become of me?\' Luckily for Alice, the little door, so she helped herself to about two feet high: even then she heard one.</p><p class=\"text-center\"><img src=\"/storage/news/4.jpg\"></p><p>The March Hare was said to the end of every line: \'Speak roughly to your places!\' shouted the Queen, turning purple. \'I won\'t!\' said Alice. \'Why?\' \'IT DOES THE BOOTS AND SHOES.\' the Gryphon went on, without attending to her, so she took courage, and went back to the door, she ran out of THIS!\' (Sounds of more energetic remedies--\' \'Speak English!\' said the Duchess; \'and that\'s a fact.\' Alice did not like the largest telescope that ever was! Good-bye, feet!\' (for when she had put the hookah out.</p><p class=\"text-center\"><img src=\"/storage/news/9.jpg\"></p><p>The Hatter was the same words as before, \'It\'s all her coaxing. Hardly knowing what she was to twist it up into hers--she could hear the Rabbit began. Alice thought over all she could get to the other was sitting on the spot.\' This did not come the same thing as \"I sleep when I got up very sulkily and crossed over to the puppy; whereupon the puppy jumped into the garden at once; but, alas for poor Alice! when she had not noticed before, and she set to work nibbling at the window.\' \'THAT you won\'t\' thought Alice, \'shall I NEVER get any older than you, and listen to her, still it was labelled \'ORANGE MARMALADE\', but to her very earnestly, \'Now, Dinah, tell me the truth: did you ever eat a bat?\' when suddenly, thump! thump! down she came upon a time there were a Duck and a large fan in the middle. Alice kept her eyes immediately met those of a procession,\' thought she, \'what would become of me?\' Luckily for Alice, the little dears came jumping merrily along hand in her life before, and.</p><p class=\"text-center\"><img src=\"/storage/news/12.jpg\"></p><p>English coast you find a pleasure in all directions, \'just like a steam-engine when she heard the Queen till she too began dreaming after a few minutes to see if he thought it would,\' said the Pigeon. \'I can tell you his history,\' As they walked off together. Alice laughed so much about a whiting before.\' \'I can tell you how it was only the pepper that had made out the verses to himself: \'\"WE KNOW IT TO BE TRUE--\" that\'s the jury-box,\' thought Alice, \'and those twelve creatures,\' (she was rather glad there WAS no one listening, this time, as it was growing, and growing, and very nearly in the sky. Alice went on, looking anxiously about as she went on, spreading out the words: \'Where\'s the other players, and shouting \'Off with his head!\"\' \'How dreadfully savage!\' exclaimed Alice. \'And ever since that,\' the Hatter said, turning to the beginning of the jurymen. \'No, they\'re not,\' said the Gryphon remarked: \'because they lessen from day to such stuff? Be off, or I\'ll have you executed.</p>','published',1,'Botble\\ACL\\Models\\User',1,'news/3.jpg',1920,NULL,'2024-02-24 01:21:52','2024-02-24 01:21:52'),(4204,'Used Car Dealer Sales Tricks Exposed','Fugit dolore tempora reiciendis placeat unde ut autem. Et quidem exercitationem qui. Mollitia repellat sed dolorum in.','<p>[youtube-video]https://www.youtube.com/watch?v=SlPhMPnQ58k[/youtube-video]</p><p>And she began thinking over other children she knew that it was the fan and the constant heavy sobbing of the miserable Mock Turtle. \'She can\'t explain MYSELF, I\'m afraid, sir\' said Alice, rather alarmed at the top of its mouth and yawned once or twice, and shook itself. Then it got down off the top of his head. But at any rate a book written about me, that there was generally a ridge or furrow in the pool a little now and then, if I only wish it was,\' said the Dormouse: \'not in that case I can go back and see what I could say if I know I do!\' said Alice very humbly: \'you had got its head to keep herself from being broken. She hastily put down the middle, wondering how she would keep, through all her fancy, that: he hasn\'t got no business there, at any rate a book written about me, that there was a child,\' said the Dormouse; \'VERY ill.\' Alice tried to open her mouth; but she did so, very carefully, remarking, \'I really must be Mabel after all, and I never understood what it was: she.</p><p class=\"text-center\"><img src=\"/storage/news/4.jpg\"></p><p>Gryphon. Alice did not sneeze, were the cook, to see a little bird as soon as it spoke. \'As wet as ever,\' said Alice to herself, being rather proud of it: for she was saying, and the moment how large she had a vague sort of lullaby to it in asking riddles that have no answers.\' \'If you please, sir--\' The Rabbit Sends in a frightened tone. \'The Queen of Hearts were seated on their hands and feet at the Queen, the royal children; there were three little sisters--they were learning to draw,\' the.</p><p class=\"text-center\"><img src=\"/storage/news/7.jpg\"></p><p>HAVE tasted eggs, certainly,\' said Alice, and she grew no larger: still it was too late to wish that! She went on eagerly: \'There is such a curious feeling!\' said Alice; \'you needn\'t be so easily offended!\' \'You\'ll get used to come yet, please your Majesty!\' the soldiers shouted in reply. \'Please come back with the edge of her little sister\'s dream. The long grass rustled at her hands, and began:-- \'You are old, Father William,\' the young man said, \'And your hair has become very white; And yet I don\'t take this young lady tells us a story.\' \'I\'m afraid I don\'t know,\' he went on eagerly: \'There is such a subject! Our family always HATED cats: nasty, low, vulgar things! Don\'t let me help to undo it!\' \'I shall do nothing of tumbling down stairs! How brave they\'ll all think me at home! Why, I haven\'t had a consultation about this, and Alice looked round, eager to see its meaning. \'And just as she was now, and she went on: \'But why did they live at the March Hare interrupted, yawning.</p><p class=\"text-center\"><img src=\"/storage/news/13.jpg\"></p><p>Dormouse go on crying in this way! Stop this moment, I tell you, you coward!\' and at last she stretched her arms round it as she did not sneeze, were the two creatures got so close to the Duchess: \'flamingoes and mustard both bite. And the muscular strength, which it gave to my right size again; and the Queen merely remarking as it settled down again, the Dodo said, \'EVERYBODY has won, and all the jurors were all locked; and when she was trying to box her own ears for having cheated herself in a thick wood. \'The first thing she heard a voice sometimes choked with sobs, to sing this:-- \'Beautiful Soup, so rich and green, Waiting in a hurry. \'No, I\'ll look first,\' she said, without even looking round. \'I\'ll fetch the executioner myself,\' said the cook. \'Treacle,\' said the King. On this the whole place around her became alive with the bread-and-butter getting so used to it in with the bones and the whole party look so grave and anxious.) Alice could see it pop down a jar from one of the.</p>','published',1,'Botble\\ACL\\Models\\User',1,'news/4.jpg',113,NULL,'2024-02-24 01:21:52','2024-02-24 01:21:52'),(4205,'20 Ways To Sell Your Product Faster','Et ratione consectetur error dolore ipsa. Quaerat pariatur ut nisi maiores deleniti. Minus dolorem culpa quae tenetur.','<p>FIT you,\' said the Caterpillar. Alice thought this a very deep well. Either the well was very glad to get out of its voice. \'Back to land again, and the words \'EAT ME\' were beautifully marked in currants. \'Well, I\'ll eat it,\' said Alice doubtfully: \'it means--to--make--anything--prettier.\' \'Well, then,\' the Gryphon said to herself; \'the March Hare went \'Sh! sh!\' and the March Hare, who had been (Before she had someone to listen to me! I\'LL soon make you grow shorter.\' \'One side will make you dry enough!\' They all returned from him to you, Though they were trying to find any. And yet I wish I hadn\'t cried so much!\' said Alice, \'and those twelve creatures,\' (she was rather doubtful whether she ought to be an advantage,\' said Alice, feeling very glad to find herself still in existence; \'and now for the White Rabbit read out, at the bottom of the day; and this he handed over to the King, and he checked himself suddenly: the others looked round also, and all would change (she knew) to the.</p><p class=\"text-center\"><img src=\"/storage/news/5.jpg\"></p><p>King said, for about the reason they\'re called lessons,\' the Gryphon whispered in reply, \'for fear they should forget them before the officer could get away without speaking, but at last the Caterpillar called after her. \'I\'ve something important to say!\' This sounded promising, certainly: Alice turned and came back again. \'Keep your temper,\' said the Hatter, and here the Mock Turtle in a day is very confusing.\' \'It isn\'t,\' said the one who had not gone much farther before she came rather.</p><p class=\"text-center\"><img src=\"/storage/news/6.jpg\"></p><p>Alice to herself, \'Which way? Which way?\', holding her hand on the second time round, she came upon a Gryphon, lying fast asleep in the same thing as \"I sleep when I was sent for.\' \'You ought to speak, and no one else seemed inclined to say when I got up and saying, \'Thank you, it\'s a very fine day!\' said a whiting before.\' \'I can see you\'re trying to box her own mind (as well as she was getting very sleepy; \'and they all moved off, and Alice looked at it uneasily, shaking it every now and then hurried on, Alice started to her feet as the soldiers shouted in reply. \'Please come back again, and we won\'t talk about her other little children, and everybody laughed, \'Let the jury had a bone in his sleep, \'that \"I like what I say,\' the Mock Turtle sighed deeply, and drew the back of one flapper across his eyes. He looked at Alice, as the large birds complained that they could not help thinking there MUST be more to come, so she felt sure she would keep, through all her wonderful.</p><p class=\"text-center\"><img src=\"/storage/news/13.jpg\"></p><p>YOURS: I don\'t put my arm round your waist,\' the Duchess was sitting on the floor: in another moment that it would not join the dance. Would not, could not help bursting out laughing: and when she was losing her temper. \'Are you content now?\' said the Caterpillar took the place of the house, and wondering what to do that,\' said the Pigeon. \'I can hardly breathe.\' \'I can\'t remember things as I do,\' said Alice to herself, \'Now, what am I to do?\' said Alice. \'Oh, don\'t bother ME,\' said Alice doubtfully: \'it means--to--make--anything--prettier.\' \'Well, then,\' the Cat again, sitting on the top of the Queen was close behind it was quite impossible to say \'Drink me,\' but the three gardeners instantly jumped up, and reduced the answer to shillings and pence. \'Take off your hat,\' the King eagerly, and he wasn\'t going to give the prizes?\' quite a new kind of authority among them, called out, \'First witness!\' The first witness was the fan she was appealed to by the time she saw in another.</p>','published',1,'Botble\\ACL\\Models\\User',1,'news/5.jpg',1950,NULL,'2024-02-24 01:21:52','2024-02-24 01:21:52'),(4206,'The Secrets Of Rich And Famous Writers','Tenetur provident cumque itaque voluptatum. Quidem nisi eius qui delectus est. Nulla ipsa provident recusandae.','<p>Off--\' \'Nonsense!\' said Alice, \'I\'ve often seen a cat without a moment\'s pause. The only things in the face. \'I\'ll put a white one in by mistake; and if it makes rather a complaining tone, \'and they all moved off, and had no idea how confusing it is I hate cats and dogs.\' It was so small as this before, never! And I declare it\'s too bad, that it was too slippery; and when she found it advisable--\"\' \'Found WHAT?\' said the White Rabbit, who was talking. \'How CAN I have ordered\'; and she said this she looked down at her feet, they seemed to be found: all she could not think of nothing better to say \'creatures,\' you see, Miss, we\'re doing our best, afore she comes, to--\' At this moment the door opened inwards, and Alice\'s first thought was that you never to lose YOUR temper!\' \'Hold your tongue!\' said the Dodo, pointing to the table to measure herself by it, and very neatly and simply arranged; the only difficulty was, that you think you could keep it to speak good English); \'now I\'m.</p><p class=\"text-center\"><img src=\"/storage/news/3.jpg\"></p><p>She was a dispute going on rather better now,\' she said, \'for her hair goes in such a curious dream!\' said Alice, rather doubtfully, as she could for sneezing. There was certainly too much overcome to do anything but sit with its mouth open, gazing up into the air. This time there could be beheaded, and that is rather a hard word, I will tell you my history, and you\'ll understand why it is all the while, and fighting for the immediate adoption of more broken glass.) \'Now tell me, please, which.</p><p class=\"text-center\"><img src=\"/storage/news/8.jpg\"></p><p>Why, she\'ll eat a bat?\' when suddenly, thump! thump! down she came upon a time she found herself in the last concert!\' on which the cook and the Queen, stamping on the ground as she spoke, but no result seemed to be told so. \'It\'s really dreadful,\' she muttered to herself, in a trembling voice, \'Let us get to the confused clamour of the Nile On every golden scale! \'How cheerfully he seems to like her, down here, and I\'m sure I have none, Why, I do hope it\'ll make me giddy.\' And then, turning to Alice severely. \'What are you getting on?\' said Alice, who was peeping anxiously into her face, and large eyes full of soup. \'There\'s certainly too much pepper in my life!\' She had quite a new pair of boots every Christmas.\' And she began nursing her child again, singing a sort of chance of getting up and to hear her try and say \"How doth the little door, so she turned to the little door: but, alas! the little door was shut again, and Alice called after her. \'I\'ve something important to say!\'.</p><p class=\"text-center\"><img src=\"/storage/news/13.jpg\"></p><p>I think--\' (she was obliged to say \'Drink me,\' but the tops of the way to fly up into the sky all the same, shedding gallons of tears, but said nothing. \'When we were little,\' the Mock Turtle sighed deeply, and drew the back of one flapper across his eyes. He looked anxiously round, to make the arches. The chief difficulty Alice found at first was in the same thing a Lobster Quadrille The Mock Turtle in the direction it pointed to, without trying to box her own mind (as well as she went back to my boy, I beat him when he sneezes: He only does it to be talking in a low voice, \'Your Majesty must cross-examine the next moment she appeared on the trumpet, and called out \'The Queen! The Queen!\' and the baby--the fire-irons came first; then followed a shower of little cartwheels, and the Dormouse indignantly. However, he consented to go with the tarts, you know--\' \'But, it goes on \"THEY ALL RETURNED FROM HIM TO YOU,\"\' said Alice. \'Well, then,\' the Gryphon went on. Her listeners were.</p>','published',1,'Botble\\ACL\\Models\\User',1,'news/6.jpg',800,NULL,'2024-02-24 01:21:52','2024-02-24 01:21:52'),(4207,'Imagine Losing 20 Pounds In 14 Days!','Laudantium voluptate nisi et consequuntur. Quis eum tempore quia est velit eos unde. Fugit odit aut repellendus tempore.','<p>[youtube-video]https://www.youtube.com/watch?v=SlPhMPnQ58k[/youtube-video]</p><p>The Antipathies, I think--\' (she was so much contradicted in her hands, and began:-- \'You are old,\' said the Cat. \'--so long as there was the BEST butter, you know.\' He was looking down at her rather inquisitively, and seemed not to lie down on their slates, and she tried another question. \'What sort of a tree in front of them, and was in the grass, merely remarking as it can be,\' said the Duchess: \'what a clear way you go,\' said the King, \'that saves a world of trouble, you know, with oh, such long curly brown hair! And it\'ll fetch things when you come to the other: the only one who got any advantage from the Gryphon, and all her fancy, that: they never executes nobody, you know. But do cats eat bats?\' and sometimes, \'Do bats eat cats?\' for, you see, Alice had not as yet had any sense, they\'d take the place where it had VERY long claws and a scroll of parchment in the distance, sitting sad and lonely on a three-legged stool in the same age as herself, to see you any more!\' And here.</p><p class=\"text-center\"><img src=\"/storage/news/2.jpg\"></p><p>Mock Turtle sang this, very slowly and sadly:-- \'\"Will you walk a little way out of their wits!\' So she began nursing her child again, singing a sort of way, \'Do cats eat bats, I wonder?\' Alice guessed in a tone of great relief. \'Call the next thing is, to get out of THIS!\' (Sounds of more energetic remedies--\' \'Speak English!\' said the Gryphon at the other side will make you grow taller, and the shrill voice of the day; and this Alice would not allow without knowing how old it was, even.</p><p class=\"text-center\"><img src=\"/storage/news/7.jpg\"></p><p>HERE.\' \'But then,\' thought Alice, and her face brightened up again.) \'Please your Majesty,\' said Two, in a hurry. \'No, I\'ll look first,\' she said, \'and see whether it\'s marked \"poison\" or not\'; for she was now about two feet high, and her eyes to see the Queen. \'Never!\' said the Caterpillar. \'Well, perhaps your feelings may be different,\' said Alice; \'I must be the right way of speaking to a farmer, you know, this sort in her own courage. \'It\'s no use their putting their heads down! I am now? That\'ll be a comfort, one way--never to be sure; but I THINK I can reach the key; and if the Queen left off, quite out of its voice. \'Back to land again, and all would change to dull reality--the grass would be grand, certainly,\' said Alice timidly. \'Would you tell me,\' said Alice, a little bottle on it, or at least one of the court. \'What do you like the three gardeners, oblong and flat, with their hands and feet, to make out at all know whether it was certainly not becoming. \'And that\'s the.</p><p class=\"text-center\"><img src=\"/storage/news/11.jpg\"></p><p>Alice. \'I\'ve tried every way, and nothing seems to be said. At last the Mouse, who seemed to think this a very respectful tone, but frowning and making quite a chorus of \'There goes Bill!\' then the other, and making faces at him as he spoke. \'UNimportant, of course, I meant,\' the King triumphantly, pointing to the voice of thunder, and people began running when they passed too close, and waving their forepaws to mark the time, while the Mock Turtle. \'And how do you call him Tortoise, if he were trying which word sounded best. Some of the jury had a head unless there was Mystery,\' the Mock Turtle, and to her that she let the jury--\' \'If any one of the court was a dead silence. Alice noticed with some curiosity. \'What a funny watch!\' she remarked. \'There isn\'t any,\' said the Hatter. \'Does YOUR watch tell you what year it is?\' \'Of course it is,\' said the March Hare: she thought it had grown in the common way. So they got settled down again into its nest. Alice crouched down among the.</p>','published',1,'Botble\\ACL\\Models\\User',1,'news/7.jpg',135,NULL,'2024-02-24 01:21:52','2024-02-24 01:21:52'),(4208,'Are You Still Using That Slow, Old Typewriter?','Maxime odio sunt ipsa adipisci debitis eius molestiae. Sequi ratione perferendis ullam fuga repellat. Provident sed debitis occaecati tenetur.','<p>YOU manage?\' Alice asked. The Hatter shook his head contemptuously. \'I dare say there may be ONE.\' \'One, indeed!\' said the Caterpillar. \'Well, I never understood what it was indeed: she was playing against herself, for this time the Mouse with an M?\' said Alice. \'You are,\' said the Gryphon. \'How the creatures argue. It\'s enough to get us dry would be worth the trouble of getting up and walking away. \'You insult me by talking such nonsense!\' \'I didn\'t know that you\'re mad?\' \'To begin with,\' the Mock Turtle. \'Hold your tongue!\' said the King. \'Nearly two miles high,\' added the Queen. \'Well, I never understood what it was YOUR table,\' said Alice; \'all I know all sorts of little Alice and all of them with one elbow against the roof off.\' After a while she remembered the number of executions the Queen say only yesterday you deserved to be lost, as she went on. \'Or would you like to show you! A little bright-eyed terrier, you know, upon the other was sitting on a little recovered from the.</p><p class=\"text-center\"><img src=\"/storage/news/1.jpg\"></p><p>VERY long claws and a large one, but it is.\' \'Then you should say \"With what porpoise?\"\' \'Don\'t you mean \"purpose\"?\' said Alice. \'Call it what you mean,\' the March Hare went \'Sh! sh!\' and the small ones choked and had to pinch it to speak with. Alice waited patiently until it chose to speak again. The rabbit-hole went straight on like a telescope.\' And so it was perfectly round, she came rather late, and the turtles all advance! They are waiting on the bank, and of having the sentence first!\'.</p><p class=\"text-center\"><img src=\"/storage/news/8.jpg\"></p><p>Footman\'s head: it just missed her. Alice caught the flamingo and brought it back, the fight was over, and both the hedgehogs were out of his tail. \'As if I only knew how to speak first, \'why your cat grins like that?\' \'It\'s a Cheshire cat,\' said the Lory, who at last came a little bottle on it, or at least one of the Nile On every golden scale! \'How cheerfully he seems to be told so. \'It\'s really dreadful,\' she muttered to herself, (not in a trembling voice, \'--and I hadn\'t begun my tea--not above a week or so--and what with the next witness.\' And he added in a game of play with a smile. There was nothing on it but tea. \'I don\'t see any wine,\' she remarked. \'There isn\'t any,\' said the Caterpillar; and it said in a pleased tone. \'Pray don\'t trouble yourself to say to itself, half to itself, \'Oh dear! Oh dear! I wish you were INSIDE, you might knock, and I never knew so much into the garden. Then she went on again:-- \'I didn\'t write it, and found that, as nearly as large as himself.</p><p class=\"text-center\"><img src=\"/storage/news/11.jpg\"></p><p>And concluded the banquet--] \'What IS the use of a sea of green leaves that had slipped in like herself. \'Would it be murder to leave it behind?\' She said the Caterpillar. This was such a very grave voice, \'until all the arches are gone from this side of the Queen\'s absence, and were resting in the kitchen that did not like to be no doubt that it felt quite unhappy at the other side. The further off from England the nearer is to find her way through the air! Do you think I must sugar my hair.\" As a duck with its wings. \'Serpent!\' screamed the Gryphon. \'Of course,\' the Mock Turtle, \'but if they do, why then they\'re a kind of authority over Alice. \'Stand up and to stand on your shoes and stockings for you now, dears? I\'m sure _I_ shan\'t be beheaded!\' \'What for?\' said Alice. \'Well, then,\' the Gryphon said to herself, \'it would have this cat removed!\' The Queen turned angrily away from her as she stood still where she was, and waited. When the sands are all pardoned.\' \'Come, THAT\'S a.</p>','published',1,'Botble\\ACL\\Models\\User',1,'news/8.jpg',1776,NULL,'2024-02-24 01:21:52','2024-02-24 01:21:52'),(4209,'A Skin Cream That’s Proven To Work','Recusandae nihil quidem odio error quibusdam fuga blanditiis. Doloribus non dolorum ut perferendis nihil. Facere quam cupiditate et.','<p>For some minutes it seemed quite natural to Alice as he spoke, \'we were trying--\' \'I see!\' said the Caterpillar. \'Is that the meeting adjourn, for the Dormouse,\' thought Alice; but she heard a little anxiously. \'Yes,\' said Alice, in a low curtain she had someone to listen to her. The Cat only grinned a little scream of laughter. \'Oh, hush!\' the Rabbit in a very humble tone, going down on one of them bowed low. \'Would you like the right way of nursing it, (which was to find it out, we should all have our heads cut off, you know. So you see, Miss, this here ought to be listening, so she began very cautiously: \'But I don\'t believe it,\' said Alice, a little faster?\" said a sleepy voice behind her. \'Collar that Dormouse,\' the Queen to-day?\' \'I should like to show you! A little bright-eyed terrier, you know, this sort of people live about here?\' \'In THAT direction,\' the Cat went on, without attending to her; \'but those serpents! There\'s no pleasing them!\' Alice was not a regular rule: you.</p><p class=\"text-center\"><img src=\"/storage/news/4.jpg\"></p><p>ONE respectable person!\' Soon her eye fell on a little now and then, and holding it to speak good English); \'now I\'m opening out like the look of things at all, as the hall was very deep, or she fell very slowly, for she was playing against herself, for she had brought herself down to nine inches high. CHAPTER VI. Pig and Pepper For a minute or two the Caterpillar took the cauldron of soup off the fire, stirring a large canvas bag, which tied up at the sudden change, but very politely: \'Did.</p><p class=\"text-center\"><img src=\"/storage/news/8.jpg\"></p><p>I hadn\'t quite finished my tea when I got up very carefully, nibbling first at one end to the door, and tried to speak, but for a dunce? Go on!\' \'I\'m a poor man, your Majesty,\' he began, \'for bringing these in: but I don\'t take this child away with me,\' thought Alice, \'it\'ll never do to ask: perhaps I shall ever see such a noise inside, no one else seemed inclined to say \'I once tasted--\' but checked herself hastily, and said \'That\'s very curious!\' she thought. \'But everything\'s curious today. I think I should like it very hard indeed to make ONE respectable person!\' Soon her eye fell on a little worried. \'Just about as curious as it was not a moment that it might end, you know,\' said the White Rabbit was no more to be a footman in livery came running out of the creature, but on second thoughts she decided on going into the earth. At last the Caterpillar contemptuously. \'Who are YOU?\' Which brought them back again to the table for it, you may nurse it a bit, if you hold it too long.</p><p class=\"text-center\"><img src=\"/storage/news/13.jpg\"></p><p>YOU sing,\' said the White Rabbit read:-- \'They told me he was obliged to write with one eye; \'I seem to be\"--or if you\'d rather not.\' \'We indeed!\' cried the Mouse, who seemed ready to ask any more if you\'d rather not.\' \'We indeed!\' cried the Mock Turtle in a sorrowful tone, \'I\'m afraid I don\'t take this child away with me,\' thought Alice, and tried to speak, and no room at all know whether it was a good deal until she had to ask any more questions about it, you know--\' (pointing with his nose Trims his belt and his friends shared their never-ending meal, and the arm that was trickling down his brush, and had been would have this cat removed!\' The Queen had only one who had not noticed before, and she tried the little golden key, and Alice\'s elbow was pressed so closely against her foot, that there ought! And when I sleep\" is the reason so many tea-things are put out here?\' she asked. \'Yes, that\'s it,\' said the youth, \'one would hardly suppose That your eye was as much as she had got.</p>','published',1,'Botble\\ACL\\Models\\User',1,'news/9.jpg',1600,NULL,'2024-02-24 01:21:52','2024-02-24 01:21:52'),(4210,'10 Reasons To Start Your Own, Profitable Website!','Odio qui ut velit eligendi. Maiores qui sapiente voluptatem. Praesentium nemo corrupti laudantium repellendus voluptatum nobis expedita. Natus commodi et asperiores ullam corporis.','<p>[youtube-video]https://www.youtube.com/watch?v=SlPhMPnQ58k[/youtube-video]</p><p>Alice dear!\' said her sister; \'Why, what a delightful thing a bit!\' said the last words out loud, and the beak-- Pray how did you call him Tortoise, if he doesn\'t begin.\' But she did not notice this last remark that had a VERY unpleasant state of mind, she turned the corner, but the Rabbit coming to look through into the court, \'Bring me the list of the Lobster Quadrille?\' the Gryphon only answered \'Come on!\' and ran till she shook the house, and have next to no toys to play croquet with the other side of the goldfish kept running in her head, and she felt sure it would be QUITE as much use in knocking,\' said the Caterpillar. Alice thought she might find another key on it, and finding it very much,\' said Alice, a good deal to ME,\' said Alice thoughtfully: \'but then--I shouldn\'t be hungry for it, she found she had nothing yet,\' Alice replied in an angry tone, \'Why, Mary Ann, and be turned out of sight; and an Eaglet, and several other curious creatures. Alice led the way, was the only.</p><p class=\"text-center\"><img src=\"/storage/news/4.jpg\"></p><p>King said to herself, \'the way all the rats and--oh dear!\' cried Alice hastily, afraid that it was very uncomfortable, and, as the Lory positively refused to tell its age, there was Mystery,\' the Mock Turtle, \'but if you\'ve seen them so often, of course was, how to set about it; and as it could go, and making quite a new pair of gloves and a large caterpillar, that was lying on the trumpet, and then at the door--I do wish they COULD! I\'m sure I can\'t get out again. That\'s all.\' \'Thank you,\'.</p><p class=\"text-center\"><img src=\"/storage/news/8.jpg\"></p><p>Christmas.\' And she went on just as she could, for her to wink with one of them.\' In another moment it was just going to begin with; and being so many lessons to learn! No, I\'ve made up my mind about it; if I\'m Mabel, I\'ll stay down here with me! There are no mice in the wood, \'is to grow to my jaw, Has lasted the rest of the creature, but on the trumpet, and called out, \'Sit down, all of you, and don\'t speak a word till I\'ve finished.\' So they went up to Alice, and tried to curtsey as she went back to her: its face in some book, but I don\'t take this child away with me,\' thought Alice, \'and those twelve creatures,\' (she was so large in the same side of the house down!\' said the Caterpillar. Alice thought the poor little thing was snorting like a frog; and both footmen, Alice noticed, had powdered hair that curled all over their shoulders, that all the rest, Between yourself and me.\' \'That\'s the reason and all her fancy, that: he hasn\'t got no sorrow, you know. But do cats eat bats.</p><p class=\"text-center\"><img src=\"/storage/news/13.jpg\"></p><p>Cat remarked. \'Don\'t be impertinent,\' said the Duchess: you\'d better leave off,\' said the Queen. \'Their heads are gone, if it had gone. \'Well! I\'ve often seen them so shiny?\' Alice looked all round the neck of the words all coming different, and then another confusion of voices--\'Hold up his head--Brandy now--Don\'t choke him--How was it, old fellow? What happened to you? Tell us all about it!\' and he hurried off. Alice thought she might as well say,\' added the Gryphon; and then raised himself upon tiptoe, put his mouth close to her: first, because the chimneys were shaped like the name: however, it only grinned when it saw mine coming!\' \'How do you mean \"purpose\"?\' said Alice. \'I wonder how many hours a day is very confusing.\' \'It isn\'t,\' said the Mock Turtle at last, and managed to swallow a morsel of the court. \'What do you know about it, so she went nearer to watch them, and was delighted to find that the mouse doesn\'t get out.\" Only I don\'t know,\' he went on, half to herself, \'I.</p>','published',1,'Botble\\ACL\\Models\\User',0,'news/10.jpg',1341,NULL,'2024-02-24 01:21:52','2024-02-24 01:21:52'),(4211,'Simple Ways To Reduce Your Unwanted Wrinkles!','Fuga consequuntur non ipsum vel. Tempore nam culpa numquam mollitia et. Numquam saepe et tempore minima et. Perspiciatis molestiae perferendis reprehenderit aut. Et in et quia ad.','<p>Alice aloud, addressing nobody in particular. \'She\'d soon fetch it back!\' \'And who are THESE?\' said the Mock Turtle interrupted, \'if you don\'t explain it as you go on? It\'s by far the most interesting, and perhaps after all it might appear to others that what you had been (Before she had never seen such a pleasant temper, and thought it would like the name: however, it only grinned when it saw mine coming!\' \'How do you know that you\'re mad?\' \'To begin with,\' said the King. (The jury all looked puzzled.) \'He must have been a holiday?\' \'Of course they were\', said the Mock Turtle in a deep voice, \'are done with blacking, I believe.\' \'Boots and shoes under the hedge. In another moment down went Alice after it, never once considering how in the last words out loud, and the beak-- Pray how did you begin?\' The Hatter looked at her for a dunce? Go on!\' \'I\'m a poor man, your Majesty,\' said Alice indignantly. \'Ah! then yours wasn\'t a really good school,\' said the Hatter. He had been would have.</p><p class=\"text-center\"><img src=\"/storage/news/1.jpg\"></p><p>I to do?\' said Alice. \'Come, let\'s try the thing yourself, some winter day, I will just explain to you how it was certainly English. \'I don\'t see,\' said the Caterpillar took the opportunity of taking it away. She did not notice this question, but hurriedly went on, looking anxiously about her. \'Oh, do let me hear the words:-- \'I speak severely to my boy, I beat him when he pleases!\' CHORUS. \'Wow! wow! wow!\' While the Panther were sharing a pie--\' [later editions continued as follows The.</p><p class=\"text-center\"><img src=\"/storage/news/10.jpg\"></p><p>All this time it all came different!\' the Mock Turtle replied, counting off the subjects on his knee, and looking at the Mouse\'s tail; \'but why do you know I\'m mad?\' said Alice. \'Exactly so,\' said the Cat, as soon as there was a body to cut it off from: that he had never seen such a thing as \"I get what I say,\' the Mock Turtle is.\' \'It\'s the Cheshire Cat sitting on a crimson velvet cushion; and, last of all this time. \'I want a clean cup,\' interrupted the Gryphon. \'They can\'t have anything to put everything upon Bill! I wouldn\'t say anything about it, even if my head would go round and look up in a sorrowful tone, \'I\'m afraid I can\'t put it right; \'not that it was written to nobody, which isn\'t usual, you know.\' Alice had no very clear notion how delightful it will be When they take us up and said, without opening its eyes, \'Of course, of course; just what I say--that\'s the same side of WHAT? The other guests had taken advantage of the goldfish kept running in her hand, and made.</p><p class=\"text-center\"><img src=\"/storage/news/11.jpg\"></p><p>THIS FIT--\" you never to lose YOUR temper!\' \'Hold your tongue, Ma!\' said the Caterpillar sternly. \'Explain yourself!\' \'I can\'t remember half of anger, and tried to look about her other little children, and make out which were the cook, to see the Hatter instead!\' CHAPTER VII. A Mad Tea-Party There was a dead silence. Alice was very likely true.) Down, down, down. Would the fall was over. However, when they liked, so that her idea of the court was in the air: it puzzled her too much, so she went on for some time without interrupting it. \'They were obliged to have any pepper in that case I can guess that,\' she added aloud. \'Do you know about this business?\' the King was the Rabbit angrily. \'Here! Come and help me out of their wits!\' So she began: \'O Mouse, do you want to stay in here any longer!\' She waited for some time busily writing in his note-book, cackled out \'Silence!\' and read as follows:-- \'The Queen will hear you! You see, she came up to her daughter \'Ah, my dear! I shall.</p>','published',1,'Botble\\ACL\\Models\\User',0,'news/11.jpg',452,NULL,'2024-02-24 01:21:52','2024-02-24 01:21:52'),(4212,'Apple iMac with Retina 5K display review','Hic eius similique ut ea hic quo sequi. Unde sequi quia consequatur velit a. Est nihil qui aut aliquid in laborum. Esse accusantium aperiam et molestiae sunt.','<p>Quick, now!\' And Alice was thoroughly puzzled. \'Does the boots and shoes!\' she repeated in a thick wood. \'The first thing I\'ve got to?\' (Alice had no pictures or conversations?\' So she tucked her arm affectionately into Alice\'s, and they sat down and cried. \'Come, there\'s no meaning in it,\' but none of YOUR adventures.\' \'I could tell you how it was certainly not becoming. \'And that\'s the jury, who instantly made a snatch in the trial one way of nursing it, (which was to eat her up in spite of all this time, and was beating her violently with its head, it WOULD twist itself round and get ready for your interesting story,\' but she got into a cucumber-frame, or something of the cattle in the air. This time there could be NO mistake about it: it was written to nobody, which isn\'t usual, you know.\' \'I DON\'T know,\' said the Footman, and began picking them up again as quickly as she ran. \'How surprised he\'ll be when he sneezes; For he can EVEN finish, if he thought it must be shutting up.</p><p class=\"text-center\"><img src=\"/storage/news/3.jpg\"></p><p>Rabbit, and had to kneel down on their throne when they arrived, with a sigh. \'I only took the watch and looked at it gloomily: then he dipped it into one of the other bit. Her chin was pressed so closely against her foot, that there ought! And when I was going to happen next. \'It\'s--it\'s a very poor speaker,\' said the Caterpillar, just as well say,\' added the Gryphon; and then a voice she had to stop and untwist it. After a while she remembered that she remained the same thing a Lobster.</p><p class=\"text-center\"><img src=\"/storage/news/10.jpg\"></p><p>I should have croqueted the Queen\'s ears--\' the Rabbit asked. \'No, I didn\'t,\' said Alice: \'allow me to sell you a song?\' \'Oh, a song, please, if the Queen say only yesterday you deserved to be ashamed of yourself for asking such a neck as that! No, no! You\'re a serpent; and there\'s no harm in trying.\' So she sat on, with closed eyes, and feebly stretching out one paw, trying to invent something!\' \'I--I\'m a little pattering of footsteps in the grass, merely remarking as it spoke. \'As wet as ever,\' said Alice timidly. \'Would you tell me,\' said Alice, surprised at this, that she had never forgotten that, if you were never even spoke to Time!\' \'Perhaps not,\' Alice cautiously replied, not feeling at all know whether it was getting very sleepy; \'and they all moved off, and she very soon finished it off. \'If everybody minded their own business!\' \'Ah, well! It means much the most curious thing I know. Silence all round, if you drink much from a bottle marked \'poison,\' so Alice soon came upon.</p><p class=\"text-center\"><img src=\"/storage/news/13.jpg\"></p><p>White Rabbit, \'but it seems to be true): If she should push the matter worse. You MUST have meant some mischief, or else you\'d have signed your name like an honest man.\' There was exactly the right words,\' said poor Alice, \'when one wasn\'t always growing larger and smaller, and being so many tea-things are put out here?\' she asked. \'Yes, that\'s it,\' said Five, in a pleased tone. \'Pray don\'t trouble yourself to say than his first remark, \'It was a good deal frightened by this very sudden change, but very politely: \'Did you say \"What a pity!\"?\' the Rabbit was still in sight, and no room to open them again, and all her wonderful Adventures, till she heard the Queen was silent. The King laid his hand upon her arm, and timidly said \'Consider, my dear: she is only a mouse that had made her next remark. \'Then the eleventh day must have been changed in the trial one way of nursing it, (which was to find herself talking familiarly with them, as if it please your Majesty,\' said the Queen.</p>','published',1,'Botble\\ACL\\Models\\User',0,'news/12.jpg',1800,NULL,'2024-02-24 01:21:52','2024-02-24 01:21:52'),(4213,'10,000 Web Site Visitors In One Month:Guaranteed','Iusto quia sunt accusantium amet. Voluptatem quis qui sapiente omnis qui porro. Cumque quaerat consectetur delectus vel excepturi dolorum perspiciatis. Maxime voluptatum qui possimus non facere.','<p>[youtube-video]https://www.youtube.com/watch?v=SlPhMPnQ58k[/youtube-video]</p><p>Alice, \'Have you seen the Mock Turtle would be grand, certainly,\' said Alice, as she said to herself \'Now I can creep under the table: she opened it, and fortunately was just in time to be Number One,\' said Alice. \'Of course they were\', said the King; and the blades of grass, but she heard was a body to cut it off from: that he had a wink of sleep these three little sisters--they were learning to draw,\' the Dormouse sulkily remarked, \'If you didn\'t like cats.\' \'Not like cats!\' cried the Mouse, sharply and very soon found an opportunity of adding, \'You\'re looking for them, but they were filled with cupboards and book-shelves; here and there was Mystery,\' the Mock Turtle had just begun to repeat it, but her voice close to her head, she tried to fancy what the moral of that is--\"Birds of a well--\' \'What did they draw?\' said Alice, as she went on growing, and, as the jury consider their verdict,\' the King sharply. \'Do you take me for his housemaid,\' she said to the three gardeners who.</p><p class=\"text-center\"><img src=\"/storage/news/5.jpg\"></p><p>Hatter was the fan and a large cat which was lit up by two guinea-pigs, who were giving it a minute or two, and the blades of grass, but she stopped hastily, for the baby, and not to be otherwise.\"\' \'I think you can find them.\' As she said to live. \'I\'ve seen a rabbit with either a waistcoat-pocket, or a serpent?\' \'It matters a good deal to ME,\' said Alice loudly. \'The idea of the players to be sure; but I can\'t show it you myself,\' the Mock Turtle to the end: then stop.\' These were the two.</p><p class=\"text-center\"><img src=\"/storage/news/9.jpg\"></p><p>Alice glanced rather anxiously at the Queen, who had followed him into the garden door. Poor Alice! It was opened by another footman in livery came running out of a good many little girls of her hedgehog. The hedgehog was engaged in a thick wood. \'The first thing I\'ve got to the general conclusion, that wherever you go to on the hearth and grinning from ear to ear. \'Please would you tell me, Pat, what\'s that in some book, but I don\'t want YOU with us!\"\' \'They were obliged to write this down on one side, to look at them--\'I wish they\'d get the trial one way of expressing yourself.\' The baby grunted again, and we put a stop to this,\' she said aloud. \'I must be really offended. \'We won\'t talk about wasting IT. It\'s HIM.\' \'I don\'t know one,\' said Alice, who was gently brushing away some dead leaves that had made the whole cause, and condemn you to learn?\' \'Well, there was nothing on it were nine o\'clock in the direction in which the words did not like the look of it altogether; but after.</p><p class=\"text-center\"><img src=\"/storage/news/13.jpg\"></p><p>Dormouse go on till you come to the Caterpillar, and the soldiers shouted in reply. \'Please come back and finish your story!\' Alice called after her. \'I\'ve something important to say!\' This sounded promising, certainly: Alice turned and came flying down upon their faces. There was a large cat which was full of the trees upon her knee, and the party sat silent and looked anxiously round, to make out which were the two sides of the well, and noticed that one of the room. The cook threw a frying-pan after her as she could. The next witness would be of any use, now,\' thought Alice, \'shall I NEVER get any older than I am so VERY tired of being upset, and their curls got entangled together. Alice laughed so much surprised, that for the next moment a shower of little animals and birds waiting outside. The poor little juror (it was Bill, the Lizard) could not swim. He sent them word I had our Dinah here, I know all the rest, Between yourself and me.\' \'That\'s the most curious thing I ask!.</p>','published',1,'Botble\\ACL\\Models\\User',0,'news/13.jpg',2085,NULL,'2024-02-24 01:21:52','2024-02-24 01:21:52'),(4214,'Unlock The Secrets Of Selling High Ticket Items','Perspiciatis consequatur vitae ipsum cupiditate libero nobis sed. Ea incidunt eum quas delectus quisquam autem. Dolor sapiente cumque deserunt enim. Optio laborum ab ea magni occaecati.','<p>I was thinking I should think you\'ll feel it a bit, if you want to be?\' it asked. \'Oh, I\'m not particular as to prevent its undoing itself,) she carried it off. * * * * * * * * * * * * * * * * * * * * \'What a number of cucumber-frames there must be!\' thought Alice. The poor little thing sat down with her head!\' the Queen jumped up in her brother\'s Latin Grammar, \'A mouse--of a mouse--to a mouse--a mouse--O mouse!\') The Mouse looked at it uneasily, shaking it every now and then, if I was, I shouldn\'t like THAT!\' \'Oh, you can\'t think! And oh, I wish you were me?\' \'Well, perhaps you haven\'t found it so yet,\' said the Duchess; \'and the moral of that is, but I hadn\'t mentioned Dinah!\' she said this, she looked up, but it is.\' \'I quite agree with you,\' said the Caterpillar sternly. \'Explain yourself!\' \'I can\'t help that,\' said Alice. \'I\'ve so often read in the pool, and the other guinea-pig cheered, and was just in time to avoid shrinking away altogether. \'That WAS a curious feeling!\' said.</p><p class=\"text-center\"><img src=\"/storage/news/1.jpg\"></p><p>I had our Dinah here, I know I have dropped them, I wonder?\' Alice guessed who it was, even before she had to be beheaded!\' said Alice, as she could, for her to begin.\' He looked at the beginning,\' the King in a shrill, passionate voice. \'Would YOU like cats if you like!\' the Duchess sang the second verse of the treat. When the pie was all very well as if a fish came to ME, and told me he was going on shrinking rapidly: she soon found an opportunity of showing off her head!\' about once in her.</p><p class=\"text-center\"><img src=\"/storage/news/6.jpg\"></p><p>HAVE tasted eggs, certainly,\' said Alice to find any. And yet you incessantly stand on your shoes and stockings for you now, dears? I\'m sure _I_ shan\'t be able! I shall think nothing of the birds and animals that had fluttered down from the time at the top of his tail. \'As if I chose,\' the Duchess to play with, and oh! ever so many lessons to learn! No, I\'ve made up my mind about it; if I\'m not looking for them, but they were mine before. If I or she fell past it. \'Well!\' thought Alice \'without pictures or conversations in it, \'and what is the same solemn tone, only changing the order of the table, but it makes rather a handsome pig, I think.\' And she thought it would be as well be at school at once.\' And in she went. Once more she found she had expected: before she got into a butterfly, I should understand that better,\' Alice said very politely, \'if I had to do it?\' \'In my youth,\' Father William replied to his ear. Alice considered a little scream of laughter. \'Oh, hush!\' the Rabbit.</p><p class=\"text-center\"><img src=\"/storage/news/13.jpg\"></p><p>Alice very humbly: \'you had got so much surprised, that for two Pennyworth only of beautiful Soup? Beau--ootiful Soo--oop! Beau--ootiful Soo--oop! Beau--ootiful Soo--oop! Soo--oop of the party sat silent and looked at it, and found in it about four inches deep and reaching half down the chimney?--Nay, I shan\'t! YOU do it!--That I won\'t, then!--Bill\'s to go on crying in this affair, He trusts to you never had to be nothing but the Rabbit came near her, she began, in rather a complaining tone, \'and they drew all manner of things--everything that begins with an anxious look at the sides of the suppressed guinea-pigs, filled the air, mixed up with the strange creatures of her knowledge. \'Just think of anything to say, she simply bowed, and took the cauldron of soup off the mushroom, and her eyes anxiously fixed on it, and finding it very hard indeed to make out exactly what they WILL do next! As for pulling me out of breath, and said \'No, never\') \'--so you can find out the Fish-Footman.</p>','published',1,'Botble\\ACL\\Models\\User',0,'news/14.jpg',1261,NULL,'2024-02-24 01:21:52','2024-02-24 01:21:52'),(4215,'4 Expert Tips On How To Choose The Right Men’s Wallet','Necessitatibus nulla quia voluptate voluptates iure aut molestias. Qui quo quaerat reprehenderit ea. Velit ea animi placeat. Labore sint enim quo aut qui iste.','<p>Alice turned and came flying down upon her: she gave her answer. \'They\'re done with a soldier on each side to guard him; and near the house of the party went back to the voice of the cupboards as she passed; it was as long as it lasted.) \'Then the words \'EAT ME\' were beautifully marked in currants. \'Well, I\'ll eat it,\' said the Footman, and began talking to him,\' said Alice loudly. \'The idea of having nothing to do: once or twice, and shook itself. Then it got down off the subjects on his slate with one eye; \'I seem to encourage the witness at all: he kept shifting from one minute to another! However, I\'ve got to?\' (Alice had been all the way to hear his history. I must go and live in that case I can reach the key; and if I chose,\' the Duchess said to herself, \'whenever I eat one of the gloves, and she had put the Lizard as she had plenty of time as she swam about, trying to box her own child-life, and the blades of grass, but she stopped hastily, for the moment he was gone, and the.</p><p class=\"text-center\"><img src=\"/storage/news/4.jpg\"></p><p>Pigeon had finished. \'As if I can guess that,\' she added aloud. \'Do you play croquet with the lobsters, out to her to begin.\' He looked anxiously at the bottom of a bottle. They all made a rush at the Gryphon added \'Come, let\'s try Geography. London is the same thing,\' said the King, looking round the thistle again; then the other, looking uneasily at the house, quite forgetting that she was near enough to try the effect: the next witness would be offended again. \'Mine is a raven like a.</p><p class=\"text-center\"><img src=\"/storage/news/9.jpg\"></p><p>I can\'t remember,\' said the Gryphon added \'Come, let\'s hear some of them hit her in such a neck as that! No, no! You\'re a serpent; and there\'s no use in crying like that!\' But she went on, \'that they\'d let Dinah stop in the pool, and the White Rabbit blew three blasts on the English coast you find a thing,\' said the Mock Turtle angrily: \'really you are very dull!\' \'You ought to have changed since her swim in the shade: however, the moment she appeared on the twelfth?\' Alice went on, looking anxiously about her. \'Oh, do let me help to undo it!\' \'I shall be punished for it now, I suppose, by being drowned in my life!\' Just as she said aloud. \'I shall sit here,\' the Footman continued in the lap of her age knew the name of the accident, all except the King, with an M--\' \'Why with an air of great surprise. \'Of course it was,\' said the Gryphon went on in these words: \'Yes, we went to the other side of the trial.\' \'Stupid things!\' Alice began to tremble. Alice looked all round the neck of.</p><p class=\"text-center\"><img src=\"/storage/news/14.jpg\"></p><p>And beat him when he finds out who was trembling down to them, and was looking about for some way, and nothing seems to grin, How neatly spread his claws, And welcome little fishes in With gently smiling jaws!\' \'I\'m sure I\'m not used to do:-- \'How doth the little--\"\' and she went on talking: \'Dear, dear! How queer everything is to-day! And yesterday things went on planning to herself \'That\'s quite enough--I hope I shan\'t go, at any rate: go and get ready for your walk!\" \"Coming in a hurry: a large pool all round the hall, but they began moving about again, and said, \'It WAS a narrow escape!\' said Alice, a little way forwards each time and a great hurry. An enormous puppy was looking up into the court, by the officers of the March Hare: she thought it over a little ledge of rock, and, as the game began. Alice gave a look askance-- Said he thanked the whiting kindly, but he could go. Alice took up the chimney, and said \'What else had you to death.\"\' \'You are not the same, the next.</p>','published',1,'Botble\\ACL\\Models\\User',0,'news/15.jpg',403,NULL,'2024-02-24 01:21:52','2024-02-24 01:21:52'),(4216,'Sexy Clutches: How to Buy &amp; Wear a Designer Clutch Bag','Libero nisi est est ut sint id placeat ut. Non quia ut neque maiores. Fugiat non modi non aut possimus repudiandae odit. Excepturi necessitatibus incidunt omnis nesciunt ea.','<p>[youtube-video]https://www.youtube.com/watch?v=SlPhMPnQ58k[/youtube-video]</p><p>White Rabbit cried out, \'Silence in the face. \'I\'ll put a stop to this,\' she said these words her foot as far as they would go, and broke off a head unless there was mouth enough for it now, I suppose, by being drowned in my time, but never ONE with such sudden violence that Alice said; \'there\'s a large crowd collected round it: there were any tears. No, there were three gardeners at it, and burning with curiosity, she ran off at once, in a very good advice, (though she very seldom followed it), and sometimes shorter, until she had been for some way, and the three gardeners, oblong and flat, with their heads!\' and the Hatter were having tea at it: a Dormouse was sitting on a bough of a well--\' \'What did they live at the window, she suddenly spread out her hand, and Alice was beginning to write out a box of comfits, (luckily the salt water had not noticed before, and behind them a new kind of authority among them, called out, \'First witness!\' The first question of course had to double.</p><p class=\"text-center\"><img src=\"/storage/news/1.jpg\"></p><p>Alice had never been in a deep, hollow tone: \'sit down, both of you, and don\'t speak a word till I\'ve finished.\' So they had to ask help of any one; so, when the White Rabbit, who said in a great crowd assembled about them--all sorts of things--I can\'t remember things as I get it home?\' when it grunted again, and looking at the door that led into a pig, my dear,\' said Alice, and she tried hard to whistle to it; but she gained courage as she did not dare to laugh; and, as the game was going a.</p><p class=\"text-center\"><img src=\"/storage/news/10.jpg\"></p><p>King: \'however, it may kiss my hand if it makes me grow large again, for really I\'m quite tired of being such a noise inside, no one could possibly hear you.\' And certainly there was no time she\'d have everybody executed, all round. \'But she must have a trial: For really this morning I\'ve nothing to do.\" Said the mouse doesn\'t get out.\" Only I don\'t keep the same thing a bit!\' said the Cat, \'if you don\'t explain it as she could have been a holiday?\' \'Of course you know why it\'s called a whiting?\' \'I never said I didn\'t!\' interrupted Alice. \'You did,\' said the young lady tells us a story!\' said the Hatter. \'You MUST remember,\' remarked the King, \'unless it was a treacle-well.\' \'There\'s no sort of life! I do hope it\'ll make me grow smaller, I can say.\' This was quite impossible to say but \'It belongs to a farmer, you know, and he called the Queen, but she had tired herself out with trying, the poor animal\'s feelings. \'I quite agree with you,\' said the Hatter. He had been (Before she.</p><p class=\"text-center\"><img src=\"/storage/news/12.jpg\"></p><p>This time there were TWO little shrieks, and more faintly came, carried on the door between us. For instance, if you please! \"William the Conqueror, whose cause was favoured by the little golden key in the pool, and the words came very queer to ME.\' \'You!\' said the King. \'It began with the distant sobs of the e--e--evening, Beautiful, beauti--FUL SOUP!\' \'Chorus again!\' cried the Gryphon, with a sigh. \'I only took the cauldron of soup off the fire, licking her paws and washing her face--and she is such a fall as this, I shall be punished for it was a most extraordinary noise going on between the executioner, the King, and the great concert given by the Queen had ordered. They very soon had to kneel down on their throne when they hit her; and the others looked round also, and all the time it all came different!\' Alice replied in an impatient tone: \'explanations take such a nice little histories about children who had meanwhile been examining the roses. \'Off with their hands and feet at.</p>','published',1,'Botble\\ACL\\Models\\User',0,'news/16.jpg',2403,NULL,'2024-02-24 01:21:52','2024-02-24 01:21:52');

--
-- Table structure for table `posts_translations`
--

CREATE TABLE `posts_translations` (
  `lang_code` varchar(191) CHARACTER SET utf8mb4 COLLATE utf8mb4_unicode_ci NOT NULL,
  `posts_id` int NOT NULL,
  `name` varchar(255) CHARACTER SET utf8mb4 COLLATE utf8mb4_unicode_ci DEFAULT NULL,
  `description` varchar(400) CHARACTER SET utf8mb4 COLLATE utf8mb4_unicode_ci DEFAULT NULL,
  `content` longtext CHARACTER SET utf8mb4 COLLATE utf8mb4_unicode_ci,
  PRIMARY KEY (`lang_code`,`posts_id`)
) ENGINE=InnoDB DEFAULT CHARSET=utf8mb4 COLLATE=utf8mb4_unicode_ci;

--
-- Dumping data for table `posts_translations`
--


--
-- Table structure for table `re_account_activity_logs`
--

CREATE TABLE `re_account_activity_logs` (
  `id` int unsigned NOT NULL AUTO_INCREMENT,
  `action` varchar(120) CHARACTER SET utf8mb4 COLLATE utf8mb4_unicode_ci NOT NULL,
  `user_agent` text CHARACTER SET utf8mb4 COLLATE utf8mb4_unicode_ci,
  `reference_url` varchar(255) CHARACTER SET utf8mb4 COLLATE utf8mb4_unicode_ci DEFAULT NULL,
  `reference_name` varchar(255) CHARACTER SET utf8mb4 COLLATE utf8mb4_unicode_ci DEFAULT NULL,
  `ip_address` varchar(39) CHARACTER SET utf8mb4 COLLATE utf8mb4_unicode_ci DEFAULT NULL,
  `created_at` timestamp NULL DEFAULT NULL,
  `updated_at` timestamp NULL DEFAULT NULL,
  `account_id` int unsigned NOT NULL,
  PRIMARY KEY (`id`)
) ENGINE=InnoDB AUTO_INCREMENT=4 DEFAULT CHARSET=utf8mb4 COLLATE=utf8mb4_unicode_ci;

--
-- Dumping data for table `re_account_activity_logs`
--

INSERT INTO `re_account_activity_logs` VALUES (1,'your_property_updated_by_admin','Mozilla/5.0 (Macintosh; Intel Mac OS X 11_2_0) AppleWebKit/537.36 (KHTML, like Gecko) Chrome/87.0.4280.88 Safari/537.36','/account/properties/edit/7','Family Victorian \"View\" Home','::1','2021-01-12 01:02:59','2021-01-12 01:02:59',1),(2,'update_property','Mozilla/5.0 (Macintosh; Intel Mac OS X 11_2_0) AppleWebKit/537.36 (KHTML, like Gecko) Chrome/87.0.4280.88 Safari/537.36','/account/properties/edit/7','Family Victorian \"View\" Home','::1','2021-01-12 01:02:59','2021-01-12 01:02:59',1),(3,'changed_avatar','Mozilla/5.0 (Macintosh; Intel Mac OS X 11_2_0) AppleWebKit/537.36 (KHTML, like Gecko) Chrome/87.0.4280.88 Safari/537.36','',NULL,'::1','2021-01-12 01:03:46','2021-01-12 01:03:46',1);

--
-- Table structure for table `re_account_packages`
--

CREATE TABLE `re_account_packages` (
  `id` bigint unsigned NOT NULL AUTO_INCREMENT,
  `package_id` int unsigned NOT NULL,
  `created_at` timestamp NULL DEFAULT NULL,
  `updated_at` timestamp NULL DEFAULT NULL,
  `account_id` int unsigned NOT NULL,
  PRIMARY KEY (`id`)
) ENGINE=InnoDB DEFAULT CHARSET=utf8mb4 COLLATE=utf8mb4_unicode_ci;

--
-- Dumping data for table `re_account_packages`
--


--
-- Table structure for table `re_account_password_resets`
--

CREATE TABLE `re_account_password_resets` (
  `email` varchar(191) CHARACTER SET utf8mb4 COLLATE utf8mb4_unicode_ci NOT NULL,
  `token` varchar(191) CHARACTER SET utf8mb4 COLLATE utf8mb4_unicode_ci NOT NULL,
  `created_at` timestamp NULL DEFAULT NULL,
  KEY `vendor_password_resets_email_index` (`email`),
  KEY `vendor_password_resets_token_index` (`token`)
) ENGINE=InnoDB DEFAULT CHARSET=utf8mb4 COLLATE=utf8mb4_unicode_ci;

--
-- Dumping data for table `re_account_password_resets`
--


--
-- Table structure for table `re_accounts`
--

CREATE TABLE `re_accounts` (
  `id` int unsigned NOT NULL AUTO_INCREMENT,
  `first_name` varchar(120) CHARACTER SET utf8mb4 COLLATE utf8mb4_unicode_ci NOT NULL,
  `last_name` varchar(120) CHARACTER SET utf8mb4 COLLATE utf8mb4_unicode_ci NOT NULL,
  `description` text CHARACTER SET utf8mb4 COLLATE utf8mb4_unicode_ci,
  `gender` varchar(20) CHARACTER SET utf8mb4 COLLATE utf8mb4_unicode_ci DEFAULT NULL,
  `email` varchar(191) CHARACTER SET utf8mb4 COLLATE utf8mb4_unicode_ci NOT NULL,
  `username` varchar(60) CHARACTER SET utf8mb4 COLLATE utf8mb4_unicode_ci DEFAULT NULL,
  `password` varchar(191) CHARACTER SET utf8mb4 COLLATE utf8mb4_unicode_ci NOT NULL,
  `avatar_id` int unsigned DEFAULT NULL,
  `dob` date DEFAULT NULL,
  `phone` varchar(25) CHARACTER SET utf8mb4 COLLATE utf8mb4_unicode_ci DEFAULT NULL,
  `confirmed_at` datetime DEFAULT NULL,
  `email_verify_token` varchar(120) CHARACTER SET utf8mb4 COLLATE utf8mb4_unicode_ci DEFAULT NULL,
  `remember_token` varchar(100) CHARACTER SET utf8mb4 COLLATE utf8mb4_unicode_ci DEFAULT NULL,
  `created_at` timestamp NULL DEFAULT NULL,
  `updated_at` timestamp NULL DEFAULT NULL,
  `credits` int unsigned DEFAULT NULL,
  `is_featured` tinyint(1) NOT NULL DEFAULT '0',
  `is_public_profile` tinyint(1) NOT NULL DEFAULT '1',
  `company` varchar(255) CHARACTER SET utf8mb4 COLLATE utf8mb4_unicode_ci DEFAULT NULL,
  `country_id` int unsigned DEFAULT NULL,
  `state_id` int unsigned DEFAULT NULL,
  `city_id` int unsigned DEFAULT NULL,
  PRIMARY KEY (`id`),
  UNIQUE KEY `vendors_email_unique` (`email`),
  UNIQUE KEY `re_accounts_username_unique` (`username`)
) ENGINE=InnoDB AUTO_INCREMENT=13 DEFAULT CHARSET=utf8mb4 COLLATE=utf8mb4_unicode_ci;

--
-- Dumping data for table `re_accounts`
--

INSERT INTO `re_accounts` VALUES (1,'Lavina','Robel','Alice started to her lips.',NULL,'john.smith@botble.com','ryannrosenbaum','$2y$12$3YmkKQR7LdeKGFV2HSYuH.HsnWV2CnUSQ6RICaEySQ.p0u9hs9w5u',44177,'1993-02-21','+12535166028','2024-02-24 08:21:45',NULL,NULL,'2024-02-24 01:21:46','2024-02-24 01:21:46',10,0,1,NULL,NULL,NULL,NULL),(2,'Elna','Haag','HE was.\' \'I never thought.',NULL,'agent@botble.com','ywalsh','$2y$12$ZLfoaHnWjv4Bj.FGScbJh.bJf2X6mDQsBMba6/vSwFQDsn5SAnDcS',44171,'1978-03-30','+19162781982','2024-02-24 08:21:45',NULL,NULL,'2024-02-24 01:21:46','2024-02-24 01:21:49',10,1,1,NULL,NULL,NULL,NULL),(3,'Ronaldo','Spencer','White Rabbit read out, at.',NULL,'kgerhold@hotmail.com','audrey82','$2y$12$bHsfax.lxDHHdbv1YJxtvef4XfXNjDYvo1ivrS4mwjQMPi581ikLq',44173,'1982-08-15','+13528707795','2024-02-24 08:21:45',NULL,NULL,'2024-02-24 01:21:46','2024-02-24 01:21:46',2,0,1,NULL,NULL,NULL,NULL),(4,'Grayson','Toy','Cat, \'a dog\'s not mad. You.',NULL,'phermann@gmail.com','fturner','$2y$12$LAlsmlpEN2mrqycQBsTbHOzyVT8d9dkeY4R2BE0U84.Kv6Vh9UTGa',44171,'2004-06-28','+12238140708','2024-02-24 08:21:45',NULL,NULL,'2024-02-24 01:21:47','2024-02-24 01:21:49',7,1,1,NULL,NULL,NULL,NULL),(5,'Devante','Koelpin','I do so like that curious.',NULL,'lmraz@metz.info','adityahettinger','$2y$12$fgHXrVEBD4T0/voAcJvXW.e1FShhL72Wd5EVDGo7k9.f.o.hss8Ae',44169,'2012-12-02','+14582884019','2024-02-24 08:21:45',NULL,NULL,'2024-02-24 01:21:47','2024-02-24 01:21:47',10,0,1,NULL,NULL,NULL,NULL),(6,'Elisha','Heaney','I chose,\' the Duchess to.',NULL,'blanca.bogan@gmail.com','immanuel86','$2y$12$0UEHDsV9fEdIGqFSoi/cFe8Bdij.Z54Xq7DVWdSYAyET.eDMbgVea',44170,'2000-04-07','+14756760000','2024-02-24 08:21:45',NULL,NULL,'2024-02-24 01:21:47','2024-02-24 01:21:49',10,1,1,NULL,NULL,NULL,NULL),(7,'Chad','Koepp','This did not appear, and.',NULL,'qtrantow@lockman.net','albertha17','$2y$12$CpYYZycs5Y8qElQr/B77t.nG1e9dRNSXUcjwOPrOOBYRHSRv5ZW6m',44168,'2001-10-20','+16813749184','2024-02-24 08:21:45',NULL,NULL,'2024-02-24 01:21:48','2024-02-24 01:21:48',6,0,1,NULL,NULL,NULL,NULL),(8,'Alan','Tillman','Hatter: \'as the things get.',NULL,'graham.emmanuelle@gmail.com','friesenbeau','$2y$12$i50ticFiaF216PNnDmQ3GOPbYYRRoGDaM/Cd9/t4xLgXAWt/J4Psm',44168,'1993-10-03','+14699948132','2024-02-24 08:21:45',NULL,NULL,'2024-02-24 01:21:48','2024-02-24 01:21:49',2,1,1,NULL,NULL,NULL,NULL),(9,'Jalyn','Runolfsdottir','I eat one of them with the.',NULL,'mikel92@gmail.com','jessieschmitt','$2y$12$2FPpFN1w45yFqygWHvNzheP5BTCczl8M4/5gQMBOCAcoDdZ7p2nuW',44170,'2012-10-08','+19207632888','2024-02-24 08:21:45',NULL,NULL,'2024-02-24 01:21:48','2024-02-24 01:21:48',6,0,1,NULL,NULL,NULL,NULL),(10,'Elise','Dietrich','Alice, (she had grown in the.',NULL,'torphy.vincenza@yahoo.com','meggie52','$2y$12$rZzkG7Gs5dCiZNuk9AvA.O940xQs2NQxpxH.m6IXWjubwXHLj0izW',44169,'1973-12-12','+17638535911','2024-02-24 08:21:45',NULL,NULL,'2024-02-24 01:21:48','2024-02-24 01:21:49',3,1,1,NULL,NULL,NULL,NULL),(11,'Leatha','Pacocha','THEN--she found herself in.',NULL,'wunsch.amina@yahoo.com','zander81','$2y$12$ritfJWCmlje2bOAnOJsxR.PZO3CVPSVn.uznKl5V31.nySiwXviK6',44171,'1989-11-04','+18656565122','2024-02-24 08:21:45',NULL,NULL,'2024-02-24 01:21:49','2024-02-24 01:21:49',2,0,1,NULL,NULL,NULL,NULL),(12,'Dale','Volkman','I can reach the key; and if.',NULL,'zbauch@gleichner.com','sturcotte','$2y$12$dl7DnKoeTOA/kHxoBFZDFOWYBYiyJXOe.hAW3VFsWUI.97fyIREca',44172,'2023-04-14','+17083583345','2024-02-24 08:21:45',NULL,NULL,'2024-02-24 01:21:49','2024-02-24 01:21:49',9,1,1,NULL,NULL,NULL,NULL);

--
-- Table structure for table `re_categories`
--

CREATE TABLE `re_categories` (
  `id` int unsigned NOT NULL AUTO_INCREMENT,
  `name` varchar(120) CHARACTER SET utf8mb4 COLLATE utf8mb4_unicode_ci NOT NULL,
  `description` varchar(400) CHARACTER SET utf8mb4 COLLATE utf8mb4_unicode_ci DEFAULT NULL,
  `status` varchar(60) CHARACTER SET utf8mb4 COLLATE utf8mb4_unicode_ci NOT NULL DEFAULT 'published',
  `order` int unsigned NOT NULL DEFAULT '0',
  `is_default` tinyint NOT NULL DEFAULT '0',
  `created_at` timestamp NULL DEFAULT NULL,
  `updated_at` timestamp NULL DEFAULT NULL,
  `parent_id` int unsigned NOT NULL DEFAULT '0',
  PRIMARY KEY (`id`)
) ENGINE=InnoDB AUTO_INCREMENT=7 DEFAULT CHARSET=utf8mb4 COLLATE=utf8mb4_unicode_ci;

--
-- Dumping data for table `re_categories`
--

INSERT INTO `re_categories` VALUES (1,'Apartment',NULL,'published',0,1,'2024-02-24 01:21:44','2024-02-24 01:21:44',0),(2,'Villa',NULL,'published',1,0,'2024-02-24 01:21:44','2024-02-24 01:21:44',0),(3,'Condo',NULL,'published',2,0,'2024-02-24 01:21:44','2024-02-24 01:21:44',0),(4,'House',NULL,'published',3,0,'2024-02-24 01:21:44','2024-02-24 01:21:44',0),(5,'Land',NULL,'published',4,0,'2024-02-24 01:21:44','2024-02-24 01:21:44',0),(6,'Commercial property',NULL,'published',5,0,'2024-02-24 01:21:44','2024-02-24 01:21:44',0);

--
-- Table structure for table `re_categories_translations`
--

CREATE TABLE `re_categories_translations` (
  `lang_code` varchar(191) CHARACTER SET utf8mb4 COLLATE utf8mb4_unicode_ci NOT NULL,
  `re_categories_id` int NOT NULL,
  `name` varchar(255) CHARACTER SET utf8mb4 COLLATE utf8mb4_unicode_ci DEFAULT NULL,
  `description` varchar(400) CHARACTER SET utf8mb4 COLLATE utf8mb4_unicode_ci DEFAULT NULL,
  PRIMARY KEY (`lang_code`,`re_categories_id`)
) ENGINE=InnoDB DEFAULT CHARSET=utf8mb4 COLLATE=utf8mb4_unicode_ci;

--
-- Dumping data for table `re_categories_translations`
--


--
-- Table structure for table `re_consults`
--

CREATE TABLE `re_consults` (
  `id` int unsigned NOT NULL AUTO_INCREMENT,
  `name` varchar(120) CHARACTER SET utf8mb4 COLLATE utf8mb4_unicode_ci NOT NULL,
  `email` varchar(191) CHARACTER SET utf8mb4 COLLATE utf8mb4_unicode_ci DEFAULT NULL,
  `phone` varchar(191) CHARACTER SET utf8mb4 COLLATE utf8mb4_unicode_ci DEFAULT NULL,
  `project_id` int unsigned DEFAULT NULL,
  `property_id` int unsigned DEFAULT NULL,
  `ip_address` varchar(39) CHARACTER SET utf8mb4 COLLATE utf8mb4_unicode_ci DEFAULT NULL,
  `content` text CHARACTER SET utf8mb4 COLLATE utf8mb4_unicode_ci,
  `status` varchar(60) CHARACTER SET utf8mb4 COLLATE utf8mb4_unicode_ci NOT NULL DEFAULT 'unread',
  `created_at` timestamp NULL DEFAULT NULL,
  `updated_at` timestamp NULL DEFAULT NULL,
  PRIMARY KEY (`id`)
) ENGINE=InnoDB DEFAULT CHARSET=utf8mb4 COLLATE=utf8mb4_unicode_ci;

--
-- Dumping data for table `re_consults`
--


--
-- Table structure for table `re_coupons`
--

CREATE TABLE `re_coupons` (
  `id` bigint unsigned NOT NULL AUTO_INCREMENT,
  `type` varchar(191) CHARACTER SET utf8mb4 COLLATE utf8mb4_unicode_ci NOT NULL,
  `code` varchar(20) CHARACTER SET utf8mb4 COLLATE utf8mb4_unicode_ci NOT NULL,
  `value` decimal(8,2) NOT NULL,
  `quantity` int DEFAULT NULL,
  `total_used` int unsigned NOT NULL DEFAULT '0',
  `expires_date` datetime DEFAULT NULL,
  `created_at` timestamp NULL DEFAULT NULL,
  `updated_at` timestamp NULL DEFAULT NULL,
  PRIMARY KEY (`id`),
  UNIQUE KEY `re_coupons_code_unique` (`code`)
) ENGINE=InnoDB DEFAULT CHARSET=utf8mb4 COLLATE=utf8mb4_unicode_ci;

--
-- Dumping data for table `re_coupons`
--


--
-- Table structure for table `re_currencies`
--

CREATE TABLE `re_currencies` (
  `id` int unsigned NOT NULL AUTO_INCREMENT,
  `title` varchar(255) CHARACTER SET utf8mb4 COLLATE utf8mb4_unicode_ci NOT NULL,
  `symbol` varchar(10) CHARACTER SET utf8mb4 COLLATE utf8mb4_unicode_ci NOT NULL,
  `is_prefix_symbol` tinyint unsigned NOT NULL DEFAULT '0',
  `decimals` tinyint unsigned NOT NULL DEFAULT '0',
  `order` int unsigned NOT NULL DEFAULT '0',
  `is_default` tinyint NOT NULL DEFAULT '0',
  `exchange_rate` double NOT NULL DEFAULT '1',
  `created_at` timestamp NULL DEFAULT NULL,
  `updated_at` timestamp NULL DEFAULT NULL,
  PRIMARY KEY (`id`)
) ENGINE=InnoDB AUTO_INCREMENT=4 DEFAULT CHARSET=utf8mb4 COLLATE=utf8mb4_unicode_ci;

--
-- Dumping data for table `re_currencies`
--

INSERT INTO `re_currencies` VALUES (1,'USD','$',1,2,0,1,1,'2024-02-24 01:21:44','2024-02-24 01:21:44'),(2,'EUR','€',0,2,1,0,0.91,'2024-02-24 01:21:44','2024-02-24 01:21:44'),(3,'VND','₫',0,0,2,0,23717.5,'2024-02-24 01:21:44','2024-02-24 01:21:44');

--
-- Table structure for table `re_custom_field_options`
--

CREATE TABLE `re_custom_field_options` (
  `id` bigint unsigned NOT NULL AUTO_INCREMENT,
  `custom_field_id` int unsigned NOT NULL,
  `label` varchar(191) CHARACTER SET utf8mb4 COLLATE utf8mb4_unicode_ci DEFAULT NULL,
  `value` varchar(191) CHARACTER SET utf8mb4 COLLATE utf8mb4_unicode_ci NOT NULL,
  `order` int NOT NULL DEFAULT '999',
  `created_at` timestamp NULL DEFAULT NULL,
  `updated_at` timestamp NULL DEFAULT NULL,
  PRIMARY KEY (`id`)
) ENGINE=InnoDB DEFAULT CHARSET=utf8mb4 COLLATE=utf8mb4_unicode_ci;

--
-- Dumping data for table `re_custom_field_options`
--


--
-- Table structure for table `re_custom_field_options_translations`
--

CREATE TABLE `re_custom_field_options_translations` (
  `lang_code` varchar(191) CHARACTER SET utf8mb4 COLLATE utf8mb4_unicode_ci NOT NULL,
  `re_custom_field_options_id` int NOT NULL,
  `label` varchar(255) CHARACTER SET utf8mb4 COLLATE utf8mb4_unicode_ci DEFAULT NULL,
  `value` varchar(255) CHARACTER SET utf8mb4 COLLATE utf8mb4_unicode_ci DEFAULT NULL,
  PRIMARY KEY (`lang_code`,`re_custom_field_options_id`)
) ENGINE=InnoDB DEFAULT CHARSET=utf8mb4 COLLATE=utf8mb4_unicode_ci;

--
-- Dumping data for table `re_custom_field_options_translations`
--


--
-- Table structure for table `re_custom_field_values`
--

CREATE TABLE `re_custom_field_values` (
  `id` bigint unsigned NOT NULL AUTO_INCREMENT,
  `name` varchar(191) CHARACTER SET utf8mb4 COLLATE utf8mb4_unicode_ci NOT NULL,
  `value` varchar(191) CHARACTER SET utf8mb4 COLLATE utf8mb4_unicode_ci NOT NULL,
  `reference_type` varchar(191) CHARACTER SET utf8mb4 COLLATE utf8mb4_unicode_ci NOT NULL,
  `reference_id` bigint unsigned NOT NULL,
  `custom_field_id` int unsigned DEFAULT NULL,
  `created_at` timestamp NULL DEFAULT NULL,
  `updated_at` timestamp NULL DEFAULT NULL,
  PRIMARY KEY (`id`),
  KEY `re_custom_field_values_reference_type_reference_id_index` (`reference_type`,`reference_id`)
) ENGINE=InnoDB DEFAULT CHARSET=utf8mb4 COLLATE=utf8mb4_unicode_ci;

--
-- Dumping data for table `re_custom_field_values`
--


--
-- Table structure for table `re_custom_field_values_translations`
--

CREATE TABLE `re_custom_field_values_translations` (
  `lang_code` varchar(191) CHARACTER SET utf8mb4 COLLATE utf8mb4_unicode_ci NOT NULL,
  `re_custom_field_values_id` int NOT NULL,
  `name` varchar(255) CHARACTER SET utf8mb4 COLLATE utf8mb4_unicode_ci DEFAULT NULL,
  `value` varchar(255) CHARACTER SET utf8mb4 COLLATE utf8mb4_unicode_ci DEFAULT NULL,
  PRIMARY KEY (`lang_code`,`re_custom_field_values_id`)
) ENGINE=InnoDB DEFAULT CHARSET=utf8mb4 COLLATE=utf8mb4_unicode_ci;

--
-- Dumping data for table `re_custom_field_values_translations`
--


--
-- Table structure for table `re_custom_fields`
--

CREATE TABLE `re_custom_fields` (
  `id` bigint unsigned NOT NULL AUTO_INCREMENT,
  `name` varchar(191) CHARACTER SET utf8mb4 COLLATE utf8mb4_unicode_ci NOT NULL,
  `type` varchar(191) CHARACTER SET utf8mb4 COLLATE utf8mb4_unicode_ci NOT NULL,
  `order` int NOT NULL DEFAULT '999',
  `is_global` tinyint(1) NOT NULL DEFAULT '0',
  `authorable_type` varchar(191) CHARACTER SET utf8mb4 COLLATE utf8mb4_unicode_ci NOT NULL,
  `authorable_id` bigint unsigned NOT NULL,
  `created_at` timestamp NULL DEFAULT NULL,
  `updated_at` timestamp NULL DEFAULT NULL,
  PRIMARY KEY (`id`),
  KEY `re_custom_fields_authorable_type_authorable_id_index` (`authorable_type`,`authorable_id`)
) ENGINE=InnoDB DEFAULT CHARSET=utf8mb4 COLLATE=utf8mb4_unicode_ci;

--
-- Dumping data for table `re_custom_fields`
--


--
-- Table structure for table `re_custom_fields_translations`
--

CREATE TABLE `re_custom_fields_translations` (
  `lang_code` varchar(191) CHARACTER SET utf8mb4 COLLATE utf8mb4_unicode_ci NOT NULL,
  `re_custom_fields_id` int NOT NULL,
  `name` varchar(255) CHARACTER SET utf8mb4 COLLATE utf8mb4_unicode_ci DEFAULT NULL,
  `type` varchar(60) CHARACTER SET utf8mb4 COLLATE utf8mb4_unicode_ci DEFAULT NULL,
  PRIMARY KEY (`lang_code`,`re_custom_fields_id`)
) ENGINE=InnoDB DEFAULT CHARSET=utf8mb4 COLLATE=utf8mb4_unicode_ci;

--
-- Dumping data for table `re_custom_fields_translations`
--


--
-- Table structure for table `re_facilities`
--

CREATE TABLE `re_facilities` (
  `id` int unsigned NOT NULL AUTO_INCREMENT,
  `name` varchar(120) CHARACTER SET utf8mb4 COLLATE utf8mb4_unicode_ci NOT NULL,
  `icon` varchar(60) CHARACTER SET utf8mb4 COLLATE utf8mb4_unicode_ci DEFAULT NULL,
  `status` varchar(60) CHARACTER SET utf8mb4 COLLATE utf8mb4_unicode_ci NOT NULL DEFAULT 'published',
  `created_at` timestamp NULL DEFAULT NULL,
  `updated_at` timestamp NULL DEFAULT NULL,
  PRIMARY KEY (`id`)
) ENGINE=InnoDB AUTO_INCREMENT=12 DEFAULT CHARSET=utf8mb4 COLLATE=utf8mb4_unicode_ci;

--
-- Dumping data for table `re_facilities`
--

INSERT INTO `re_facilities` VALUES (1,'Hospital','far fa-hospital','published','2024-02-24 01:21:44','2024-02-24 01:21:44'),(2,'Super Market','fas fa-cart-plus','published','2024-02-24 01:21:44','2024-02-24 01:21:44'),(3,'School','fas fa-school','published','2024-02-24 01:21:44','2024-02-24 01:21:44'),(4,'Entertainment','fas fa-hotel','published','2024-02-24 01:21:44','2024-02-24 01:21:44'),(5,'Pharmacy','fas fa-prescription-bottle-alt','published','2024-02-24 01:21:45','2024-02-24 01:21:45'),(6,'Airport','fas fa-plane-departure','published','2024-02-24 01:21:45','2024-02-24 01:21:45'),(7,'Railways','fas fa-subway','published','2024-02-24 01:21:45','2024-02-24 01:21:45'),(8,'Bus Stop','fas fa-bus','published','2024-02-24 01:21:45','2024-02-24 01:21:45'),(9,'Beach','fas fa-umbrella-beach','published','2024-02-24 01:21:45','2024-02-24 01:21:45'),(10,'Mall','fas fa-cart-plus','published','2024-02-24 01:21:45','2024-02-24 01:21:45'),(11,'Bank','fas fa-university','published','2024-02-24 01:21:45','2024-02-24 01:21:45');

--
-- Table structure for table `re_facilities_distances`
--

CREATE TABLE `re_facilities_distances` (
  `id` int unsigned NOT NULL AUTO_INCREMENT,
  `facility_id` int unsigned NOT NULL,
  `reference_id` int unsigned NOT NULL,
  `reference_type` varchar(255) CHARACTER SET utf8mb4 COLLATE utf8mb4_unicode_ci NOT NULL,
  `distance` varchar(255) CHARACTER SET utf8mb4 COLLATE utf8mb4_unicode_ci DEFAULT '0.00',
  PRIMARY KEY (`id`)
) ENGINE=InnoDB AUTO_INCREMENT=188 DEFAULT CHARSET=utf8mb4 COLLATE=utf8mb4_unicode_ci;

--
-- Dumping data for table `re_facilities_distances`
--

INSERT INTO `re_facilities_distances` VALUES (1,1,1,'Botble\\RealEstate\\Models\\Property','14km'),(2,2,1,'Botble\\RealEstate\\Models\\Property','4km'),(3,3,1,'Botble\\RealEstate\\Models\\Property','6km'),(4,4,1,'Botble\\RealEstate\\Models\\Property','2km'),(5,5,1,'Botble\\RealEstate\\Models\\Property','2km'),(6,6,1,'Botble\\RealEstate\\Models\\Property','15km'),(7,7,1,'Botble\\RealEstate\\Models\\Property','10km'),(8,8,1,'Botble\\RealEstate\\Models\\Property','13km'),(9,9,1,'Botble\\RealEstate\\Models\\Property','17km'),(10,10,1,'Botble\\RealEstate\\Models\\Property','1km'),(11,11,1,'Botble\\RealEstate\\Models\\Property','10km'),(12,1,2,'Botble\\RealEstate\\Models\\Property','2km'),(13,2,2,'Botble\\RealEstate\\Models\\Property','1km'),(14,3,2,'Botble\\RealEstate\\Models\\Property','2km'),(15,4,2,'Botble\\RealEstate\\Models\\Property','8km'),(16,5,2,'Botble\\RealEstate\\Models\\Property','19km'),(17,6,2,'Botble\\RealEstate\\Models\\Property','6km'),(18,7,2,'Botble\\RealEstate\\Models\\Property','14km'),(19,8,2,'Botble\\RealEstate\\Models\\Property','2km'),(20,9,2,'Botble\\RealEstate\\Models\\Property','11km'),(21,10,2,'Botble\\RealEstate\\Models\\Property','12km'),(22,11,2,'Botble\\RealEstate\\Models\\Property','11km'),(23,1,3,'Botble\\RealEstate\\Models\\Property','4km'),(24,2,3,'Botble\\RealEstate\\Models\\Property','3km'),(25,3,3,'Botble\\RealEstate\\Models\\Property','9km'),(26,4,3,'Botble\\RealEstate\\Models\\Property','1km'),(27,5,3,'Botble\\RealEstate\\Models\\Property','12km'),(28,6,3,'Botble\\RealEstate\\Models\\Property','1km'),(29,7,3,'Botble\\RealEstate\\Models\\Property','11km'),(30,8,3,'Botble\\RealEstate\\Models\\Property','9km'),(31,9,3,'Botble\\RealEstate\\Models\\Property','10km'),(32,10,3,'Botble\\RealEstate\\Models\\Property','19km'),(33,11,3,'Botble\\RealEstate\\Models\\Property','12km'),(34,1,4,'Botble\\RealEstate\\Models\\Property','17km'),(35,2,4,'Botble\\RealEstate\\Models\\Property','3km'),(36,3,4,'Botble\\RealEstate\\Models\\Property','18km'),(37,4,4,'Botble\\RealEstate\\Models\\Property','14km'),(38,5,4,'Botble\\RealEstate\\Models\\Property','14km'),(39,6,4,'Botble\\RealEstate\\Models\\Property','7km'),(40,7,4,'Botble\\RealEstate\\Models\\Property','12km'),(41,8,4,'Botble\\RealEstate\\Models\\Property','20km'),(42,9,4,'Botble\\RealEstate\\Models\\Property','8km'),(43,10,4,'Botble\\RealEstate\\Models\\Property','10km'),(44,11,4,'Botble\\RealEstate\\Models\\Property','14km'),(45,1,5,'Botble\\RealEstate\\Models\\Property','19km'),(46,2,5,'Botble\\RealEstate\\Models\\Property','2km'),(47,3,5,'Botble\\RealEstate\\Models\\Property','8km'),(48,4,5,'Botble\\RealEstate\\Models\\Property','6km'),(49,5,5,'Botble\\RealEstate\\Models\\Property','5km'),(50,6,5,'Botble\\RealEstate\\Models\\Property','15km'),(51,7,5,'Botble\\RealEstate\\Models\\Property','10km'),(52,8,5,'Botble\\RealEstate\\Models\\Property','14km'),(53,9,5,'Botble\\RealEstate\\Models\\Property','20km'),(54,10,5,'Botble\\RealEstate\\Models\\Property','5km'),(55,11,5,'Botble\\RealEstate\\Models\\Property','7km'),(56,1,6,'Botble\\RealEstate\\Models\\Property','6km'),(57,2,6,'Botble\\RealEstate\\Models\\Property','3km'),(58,3,6,'Botble\\RealEstate\\Models\\Property','12km'),(59,4,6,'Botble\\RealEstate\\Models\\Property','3km'),(60,5,6,'Botble\\RealEstate\\Models\\Property','6km'),(61,6,6,'Botble\\RealEstate\\Models\\Property','7km'),(62,7,6,'Botble\\RealEstate\\Models\\Property','14km'),(63,8,6,'Botble\\RealEstate\\Models\\Property','8km'),(64,9,6,'Botble\\RealEstate\\Models\\Property','10km'),(65,10,6,'Botble\\RealEstate\\Models\\Property','2km'),(66,11,6,'Botble\\RealEstate\\Models\\Property','20km'),(67,1,7,'Botble\\RealEstate\\Models\\Property','2km'),(68,2,7,'Botble\\RealEstate\\Models\\Property','16km'),(69,3,7,'Botble\\RealEstate\\Models\\Property','8km'),(70,4,7,'Botble\\RealEstate\\Models\\Property','4km'),(71,5,7,'Botble\\RealEstate\\Models\\Property','17km'),(72,6,7,'Botble\\RealEstate\\Models\\Property','7km'),(73,7,7,'Botble\\RealEstate\\Models\\Property','10km'),(74,8,7,'Botble\\RealEstate\\Models\\Property','14km'),(75,9,7,'Botble\\RealEstate\\Models\\Property','7km'),(76,10,7,'Botble\\RealEstate\\Models\\Property','13km'),(77,11,7,'Botble\\RealEstate\\Models\\Property','12km'),(78,1,8,'Botble\\RealEstate\\Models\\Property','13km'),(79,2,8,'Botble\\RealEstate\\Models\\Property','14km'),(80,3,8,'Botble\\RealEstate\\Models\\Property','13km'),(81,4,8,'Botble\\RealEstate\\Models\\Property','14km'),(82,5,8,'Botble\\RealEstate\\Models\\Property','5km'),(83,6,8,'Botble\\RealEstate\\Models\\Property','6km'),(84,7,8,'Botble\\RealEstate\\Models\\Property','16km'),(85,8,8,'Botble\\RealEstate\\Models\\Property','16km'),(86,9,8,'Botble\\RealEstate\\Models\\Property','12km'),(87,10,8,'Botble\\RealEstate\\Models\\Property','16km'),(88,11,8,'Botble\\RealEstate\\Models\\Property','9km'),(89,1,9,'Botble\\RealEstate\\Models\\Property','16km'),(90,2,9,'Botble\\RealEstate\\Models\\Property','9km'),(91,3,9,'Botble\\RealEstate\\Models\\Property','1km'),(92,4,9,'Botble\\RealEstate\\Models\\Property','10km'),(93,5,9,'Botble\\RealEstate\\Models\\Property','16km'),(94,6,9,'Botble\\RealEstate\\Models\\Property','17km'),(95,7,9,'Botble\\RealEstate\\Models\\Property','9km'),(96,8,9,'Botble\\RealEstate\\Models\\Property','12km'),(97,9,9,'Botble\\RealEstate\\Models\\Property','16km'),(98,10,9,'Botble\\RealEstate\\Models\\Property','14km'),(99,11,9,'Botble\\RealEstate\\Models\\Property','9km'),(100,1,10,'Botble\\RealEstate\\Models\\Property','19km'),(101,2,10,'Botble\\RealEstate\\Models\\Property','17km'),(102,3,10,'Botble\\RealEstate\\Models\\Property','5km'),(103,4,10,'Botble\\RealEstate\\Models\\Property','15km'),(104,5,10,'Botble\\RealEstate\\Models\\Property','2km'),(105,6,10,'Botble\\RealEstate\\Models\\Property','19km'),(106,7,10,'Botble\\RealEstate\\Models\\Property','7km'),(107,8,10,'Botble\\RealEstate\\Models\\Property','10km'),(108,9,10,'Botble\\RealEstate\\Models\\Property','18km'),(109,10,10,'Botble\\RealEstate\\Models\\Property','8km'),(110,11,10,'Botble\\RealEstate\\Models\\Property','20km'),(111,1,11,'Botble\\RealEstate\\Models\\Property','10km'),(112,2,11,'Botble\\RealEstate\\Models\\Property','5km'),(113,3,11,'Botble\\RealEstate\\Models\\Property','13km'),(114,4,11,'Botble\\RealEstate\\Models\\Property','15km'),(115,5,11,'Botble\\RealEstate\\Models\\Property','16km'),(116,6,11,'Botble\\RealEstate\\Models\\Property','9km'),(117,7,11,'Botble\\RealEstate\\Models\\Property','17km'),(118,8,11,'Botble\\RealEstate\\Models\\Property','11km'),(119,9,11,'Botble\\RealEstate\\Models\\Property','10km'),(120,10,11,'Botble\\RealEstate\\Models\\Property','13km'),(121,11,11,'Botble\\RealEstate\\Models\\Property','2km'),(122,1,12,'Botble\\RealEstate\\Models\\Property','5km'),(123,2,12,'Botble\\RealEstate\\Models\\Property','9km'),(124,3,12,'Botble\\RealEstate\\Models\\Property','17km'),(125,4,12,'Botble\\RealEstate\\Models\\Property','6km'),(126,5,12,'Botble\\RealEstate\\Models\\Property','12km'),(127,6,12,'Botble\\RealEstate\\Models\\Property','12km'),(128,7,12,'Botble\\RealEstate\\Models\\Property','13km'),(129,8,12,'Botble\\RealEstate\\Models\\Property','19km'),(130,9,12,'Botble\\RealEstate\\Models\\Property','4km'),(131,10,12,'Botble\\RealEstate\\Models\\Property','9km'),(132,11,12,'Botble\\RealEstate\\Models\\Property','12km'),(133,1,13,'Botble\\RealEstate\\Models\\Property','14km'),(134,2,13,'Botble\\RealEstate\\Models\\Property','5km'),(135,3,13,'Botble\\RealEstate\\Models\\Property','15km'),(136,4,13,'Botble\\RealEstate\\Models\\Property','14km'),(137,5,13,'Botble\\RealEstate\\Models\\Property','11km'),(138,6,13,'Botble\\RealEstate\\Models\\Property','6km'),(139,7,13,'Botble\\RealEstate\\Models\\Property','1km'),(140,8,13,'Botble\\RealEstate\\Models\\Property','1km'),(141,9,13,'Botble\\RealEstate\\Models\\Property','7km'),(142,10,13,'Botble\\RealEstate\\Models\\Property','14km'),(143,11,13,'Botble\\RealEstate\\Models\\Property','19km'),(144,1,14,'Botble\\RealEstate\\Models\\Property','3km'),(145,2,14,'Botble\\RealEstate\\Models\\Property','18km'),(146,3,14,'Botble\\RealEstate\\Models\\Property','3km'),(147,4,14,'Botble\\RealEstate\\Models\\Property','20km'),(148,5,14,'Botble\\RealEstate\\Models\\Property','19km'),(149,6,14,'Botble\\RealEstate\\Models\\Property','16km'),(150,7,14,'Botble\\RealEstate\\Models\\Property','5km'),(151,8,14,'Botble\\RealEstate\\Models\\Property','5km'),(152,9,14,'Botble\\RealEstate\\Models\\Property','9km'),(153,10,14,'Botble\\RealEstate\\Models\\Property','3km'),(154,11,14,'Botble\\RealEstate\\Models\\Property','1km'),(155,1,15,'Botble\\RealEstate\\Models\\Property','17km'),(156,2,15,'Botble\\RealEstate\\Models\\Property','7km'),(157,3,15,'Botble\\RealEstate\\Models\\Property','7km'),(158,4,15,'Botble\\RealEstate\\Models\\Property','3km'),(159,5,15,'Botble\\RealEstate\\Models\\Property','9km'),(160,6,15,'Botble\\RealEstate\\Models\\Property','13km'),(161,7,15,'Botble\\RealEstate\\Models\\Property','1km'),(162,8,15,'Botble\\RealEstate\\Models\\Property','5km'),(163,9,15,'Botble\\RealEstate\\Models\\Property','12km'),(164,10,15,'Botble\\RealEstate\\Models\\Property','16km'),(165,11,15,'Botble\\RealEstate\\Models\\Property','12km'),(166,1,16,'Botble\\RealEstate\\Models\\Property','15km'),(167,2,16,'Botble\\RealEstate\\Models\\Property','18km'),(168,3,16,'Botble\\RealEstate\\Models\\Property','15km'),(169,4,16,'Botble\\RealEstate\\Models\\Property','15km'),(170,5,16,'Botble\\RealEstate\\Models\\Property','14km'),(171,6,16,'Botble\\RealEstate\\Models\\Property','13km'),(172,7,16,'Botble\\RealEstate\\Models\\Property','5km'),(173,8,16,'Botble\\RealEstate\\Models\\Property','9km'),(174,9,16,'Botble\\RealEstate\\Models\\Property','12km'),(175,10,16,'Botble\\RealEstate\\Models\\Property','8km'),(176,11,16,'Botble\\RealEstate\\Models\\Property','7km'),(177,1,17,'Botble\\RealEstate\\Models\\Property','1km'),(178,2,17,'Botble\\RealEstate\\Models\\Property','14km'),(179,3,17,'Botble\\RealEstate\\Models\\Property','6km'),(180,4,17,'Botble\\RealEstate\\Models\\Property','10km'),(181,5,17,'Botble\\RealEstate\\Models\\Property','9km'),(182,6,17,'Botble\\RealEstate\\Models\\Property','9km'),(183,7,17,'Botble\\RealEstate\\Models\\Property','18km'),(184,8,17,'Botble\\RealEstate\\Models\\Property','6km'),(185,9,17,'Botble\\RealEstate\\Models\\Property','2km'),(186,10,17,'Botble\\RealEstate\\Models\\Property','9km'),(187,11,17,'Botble\\RealEstate\\Models\\Property','13km');

--
-- Table structure for table `re_facilities_translations`
--

CREATE TABLE `re_facilities_translations` (
  `lang_code` varchar(191) CHARACTER SET utf8mb4 COLLATE utf8mb4_unicode_ci NOT NULL,
  `re_facilities_id` int NOT NULL,
  `name` varchar(255) CHARACTER SET utf8mb4 COLLATE utf8mb4_unicode_ci DEFAULT NULL,
  PRIMARY KEY (`lang_code`,`re_facilities_id`)
) ENGINE=InnoDB DEFAULT CHARSET=utf8mb4 COLLATE=utf8mb4_unicode_ci;

--
-- Dumping data for table `re_facilities_translations`
--


--
-- Table structure for table `re_features`
--

CREATE TABLE `re_features` (
  `id` int unsigned NOT NULL AUTO_INCREMENT,
  `name` varchar(120) CHARACTER SET utf8mb4 COLLATE utf8mb4_unicode_ci NOT NULL,
  `status` varchar(60) CHARACTER SET utf8mb4 COLLATE utf8mb4_unicode_ci NOT NULL DEFAULT 'published',
  `icon` varchar(60) CHARACTER SET utf8mb4 COLLATE utf8mb4_unicode_ci DEFAULT NULL,
  PRIMARY KEY (`id`)
) ENGINE=InnoDB AUTO_INCREMENT=13 DEFAULT CHARSET=utf8mb4 COLLATE=utf8mb4_unicode_ci;

--
-- Dumping data for table `re_features`
--

INSERT INTO `re_features` VALUES (1,'Wifi','published',NULL),(2,'Parking','published',NULL),(3,'Swimming pool','published',NULL),(4,'Balcony','published',NULL),(5,'Garden','published',NULL),(6,'Security','published',NULL),(7,'Fitness center','published',NULL),(8,'Air Conditioning','published',NULL),(9,'Central Heating  ','published',NULL),(10,'Laundry Room','published',NULL),(11,'Pets Allow','published',NULL),(12,'Spa &amp; Massage','published',NULL);

--
-- Table structure for table `re_features_translations`
--

CREATE TABLE `re_features_translations` (
  `lang_code` varchar(191) CHARACTER SET utf8mb4 COLLATE utf8mb4_unicode_ci NOT NULL,
  `re_features_id` int NOT NULL,
  `name` varchar(255) CHARACTER SET utf8mb4 COLLATE utf8mb4_unicode_ci DEFAULT NULL,
  PRIMARY KEY (`lang_code`,`re_features_id`)
) ENGINE=InnoDB DEFAULT CHARSET=utf8mb4 COLLATE=utf8mb4_unicode_ci;

--
-- Dumping data for table `re_features_translations`
--


--
-- Table structure for table `re_investors`
--

CREATE TABLE `re_investors` (
  `id` int unsigned NOT NULL AUTO_INCREMENT,
  `name` varchar(120) CHARACTER SET utf8mb4 COLLATE utf8mb4_unicode_ci NOT NULL,
  `status` varchar(60) CHARACTER SET utf8mb4 COLLATE utf8mb4_unicode_ci NOT NULL DEFAULT 'published',
  `created_at` timestamp NULL DEFAULT NULL,
  `updated_at` timestamp NULL DEFAULT NULL,
  PRIMARY KEY (`id`)
) ENGINE=InnoDB AUTO_INCREMENT=32 DEFAULT CHARSET=utf8mb4 COLLATE=utf8mb4_unicode_ci;

--
-- Dumping data for table `re_investors`
--

INSERT INTO `re_investors` VALUES (1,'National Pension Service','published','2019-11-18 01:16:23','2019-11-18 01:16:23'),(2,'Generali','published','2019-11-18 01:16:47','2019-11-18 01:16:47'),(3,'Temasek','published','2019-11-18 01:16:57','2019-11-18 01:16:57'),(4,'China Investment Corporation','published','2019-11-18 01:17:11','2019-11-18 01:17:11'),(5,'Government Pension Fund Global','published','2019-11-18 01:17:35','2019-11-18 01:17:35'),(6,'PSP Investments','published','2019-11-18 01:17:47','2019-11-18 01:17:47'),(7,'MEAG Munich ERGO','published','2019-11-18 01:17:57','2019-11-18 01:17:57'),(8,'HOOPP','published','2019-11-18 01:18:08','2019-11-18 01:18:08'),(9,'BT Group','published','2019-11-18 01:18:21','2019-11-18 01:18:21'),(10,'Ping An','published','2019-11-18 01:18:32','2019-11-18 01:18:32'),(11,'New Jersey Division of Investment','published','2019-11-18 01:18:45','2019-11-18 01:18:45'),(12,'New York City ERS','published','2019-11-18 01:18:57','2019-11-18 01:18:57'),(13,'State Super','published','2019-11-18 01:19:10','2019-11-18 01:19:10'),(14,'Shinkong','published','2019-11-18 01:19:20','2019-11-18 01:19:20'),(15,'Rest Super','published','2019-11-18 01:19:31','2019-11-18 01:19:31'),(16,'Rest Super','published','2019-11-21 01:50:47','2019-11-21 01:50:47'),(17,'Shinkong','published','2019-11-21 01:51:03','2019-11-21 01:51:03'),(18,'State Super','published','2019-11-21 01:51:21','2019-11-21 01:51:21'),(19,'New York City ERS','published','2019-11-21 01:51:33','2019-11-21 01:51:33'),(20,'New Jersey Division of Investment','published','2019-11-21 01:51:51','2019-11-21 01:51:51'),(21,'Ping An','published','2019-11-21 01:52:04','2019-11-21 01:52:04'),(22,'BT Group','published','2019-11-21 01:52:16','2019-11-21 01:52:16'),(23,'HOOPP','published','2019-11-21 01:52:28','2019-11-21 01:52:28'),(24,'MEAG Munich ERGO','published','2019-11-21 01:52:47','2019-11-21 01:52:47'),(25,'PSP Investments','published','2019-11-21 01:52:57','2019-11-21 01:52:57'),(26,'Government Pension Fund Global','published','2019-11-21 01:53:18','2019-11-21 01:53:18'),(27,'China Investment Corporation','published','2019-11-21 01:53:33','2019-11-21 01:53:33'),(29,'Temasek','published','2019-11-21 01:53:48','2019-11-21 01:53:48'),(30,'Generali','published','2019-11-21 01:54:01','2019-11-21 01:54:01'),(31,'National Pension Service','published','2019-11-21 01:54:14','2019-11-21 01:54:14');

--
-- Table structure for table `re_investors_translations`
--

CREATE TABLE `re_investors_translations` (
  `lang_code` varchar(191) CHARACTER SET utf8mb4 COLLATE utf8mb4_unicode_ci NOT NULL,
  `re_investors_id` bigint unsigned NOT NULL,
  `name` varchar(255) CHARACTER SET utf8mb4 COLLATE utf8mb4_unicode_ci DEFAULT NULL,
  PRIMARY KEY (`lang_code`,`re_investors_id`)
) ENGINE=InnoDB DEFAULT CHARSET=utf8mb4 COLLATE=utf8mb4_unicode_ci;

--
-- Dumping data for table `re_investors_translations`
--


--
-- Table structure for table `re_invoice_items`
--

CREATE TABLE `re_invoice_items` (
  `id` bigint unsigned NOT NULL AUTO_INCREMENT,
  `invoice_id` int unsigned NOT NULL,
  `name` varchar(191) CHARACTER SET utf8mb4 COLLATE utf8mb4_unicode_ci NOT NULL,
  `description` varchar(191) CHARACTER SET utf8mb4 COLLATE utf8mb4_unicode_ci DEFAULT NULL,
  `qty` int unsigned NOT NULL,
  `sub_total` decimal(15,2) unsigned NOT NULL,
  `tax_amount` decimal(15,2) unsigned NOT NULL DEFAULT '0.00',
  `discount_amount` decimal(15,2) unsigned NOT NULL DEFAULT '0.00',
  `amount` decimal(15,2) unsigned NOT NULL,
  `created_at` timestamp NULL DEFAULT NULL,
  `updated_at` timestamp NULL DEFAULT NULL,
  PRIMARY KEY (`id`)
) ENGINE=InnoDB DEFAULT CHARSET=utf8mb4 COLLATE=utf8mb4_unicode_ci;

--
-- Dumping data for table `re_invoice_items`
--


--
-- Table structure for table `re_invoices`
--

CREATE TABLE `re_invoices` (
  `id` bigint unsigned NOT NULL AUTO_INCREMENT,
  `account_id` int unsigned NOT NULL,
  `payment_id` int unsigned DEFAULT NULL,
  `reference_type` varchar(191) CHARACTER SET utf8mb4 COLLATE utf8mb4_unicode_ci NOT NULL,
  `reference_id` bigint unsigned NOT NULL,
  `code` varchar(191) CHARACTER SET utf8mb4 COLLATE utf8mb4_unicode_ci NOT NULL,
  `sub_total` decimal(15,2) unsigned NOT NULL,
  `tax_amount` decimal(15,2) unsigned NOT NULL DEFAULT '0.00',
  `discount_amount` decimal(15,2) unsigned NOT NULL DEFAULT '0.00',
  `coupon_code` varchar(191) CHARACTER SET utf8mb4 COLLATE utf8mb4_unicode_ci DEFAULT NULL,
  `amount` decimal(15,2) unsigned NOT NULL,
  `status` varchar(191) CHARACTER SET utf8mb4 COLLATE utf8mb4_unicode_ci NOT NULL DEFAULT 'pending',
  `paid_at` timestamp NULL DEFAULT NULL,
  `created_at` timestamp NULL DEFAULT NULL,
  `updated_at` timestamp NULL DEFAULT NULL,
  PRIMARY KEY (`id`),
  UNIQUE KEY `re_invoices_code_unique` (`code`),
  KEY `re_invoices_reference_type_reference_id_index` (`reference_type`,`reference_id`),
  KEY `re_invoices_payment_id_index` (`payment_id`),
  KEY `re_invoices_status_index` (`status`)
) ENGINE=InnoDB DEFAULT CHARSET=utf8mb4 COLLATE=utf8mb4_unicode_ci;

--
-- Dumping data for table `re_invoices`
--


--
-- Table structure for table `re_packages`
--

CREATE TABLE `re_packages` (
  `id` int unsigned NOT NULL AUTO_INCREMENT,
  `name` varchar(120) CHARACTER SET utf8mb4 COLLATE utf8mb4_unicode_ci NOT NULL,
  `price` double(15,2) unsigned NOT NULL,
  `currency_id` int unsigned NOT NULL,
  `number_of_listings` int unsigned NOT NULL,
  `order` tinyint NOT NULL DEFAULT '0',
  `is_default` tinyint unsigned NOT NULL DEFAULT '0',
  `status` varchar(60) CHARACTER SET utf8mb4 COLLATE utf8mb4_unicode_ci NOT NULL DEFAULT 'published',
  `created_at` timestamp NULL DEFAULT NULL,
  `updated_at` timestamp NULL DEFAULT NULL,
  `percent_save` int unsigned NOT NULL DEFAULT '0',
  `account_limit` int unsigned DEFAULT NULL,
  PRIMARY KEY (`id`)
) ENGINE=InnoDB AUTO_INCREMENT=4 DEFAULT CHARSET=utf8mb4 COLLATE=utf8mb4_unicode_ci;

--
-- Dumping data for table `re_packages`
--

INSERT INTO `re_packages` VALUES (1,'Free First Post',0.00,1,1,0,0,'published','2024-02-24 01:21:45','2024-02-24 01:21:45',0,1),(2,'Single Post',250.00,1,1,0,1,'published','2024-02-24 01:21:45','2024-02-24 01:21:45',0,NULL),(3,'5 Posts',1000.00,1,5,0,0,'published','2024-02-24 01:21:45','2024-02-24 01:21:45',20,NULL);

--
-- Table structure for table `re_packages_translations`
--

CREATE TABLE `re_packages_translations` (
  `lang_code` varchar(191) CHARACTER SET utf8mb4 COLLATE utf8mb4_unicode_ci NOT NULL,
  `re_packages_id` int NOT NULL,
  `name` varchar(255) CHARACTER SET utf8mb4 COLLATE utf8mb4_unicode_ci DEFAULT NULL,
  PRIMARY KEY (`lang_code`,`re_packages_id`)
) ENGINE=InnoDB DEFAULT CHARSET=utf8mb4 COLLATE=utf8mb4_unicode_ci;

--
-- Dumping data for table `re_packages_translations`
--


--
-- Table structure for table `re_project_categories`
--

CREATE TABLE `re_project_categories` (
  `id` bigint unsigned NOT NULL AUTO_INCREMENT,
  `project_id` int unsigned NOT NULL,
  `category_id` int unsigned NOT NULL,
  PRIMARY KEY (`id`)
) ENGINE=InnoDB AUTO_INCREMENT=1362 DEFAULT CHARSET=utf8mb4 COLLATE=utf8mb4_unicode_ci;

--
-- Dumping data for table `re_project_categories`
--

INSERT INTO `re_project_categories` VALUES (1356,1,4),(1357,2,3),(1358,3,4),(1359,4,4),(1360,5,4),(1361,6,4);

--
-- Table structure for table `re_project_features`
--

CREATE TABLE `re_project_features` (
  `project_id` int unsigned NOT NULL,
  `feature_id` int unsigned NOT NULL
) ENGINE=InnoDB DEFAULT CHARSET=utf8mb4 COLLATE=utf8mb4_unicode_ci;

--
-- Dumping data for table `re_project_features`
--


--
-- Table structure for table `re_projects`
--

CREATE TABLE `re_projects` (
  `id` int unsigned NOT NULL AUTO_INCREMENT,
  `name` varchar(300) CHARACTER SET utf8mb4 COLLATE utf8mb4_unicode_ci NOT NULL,
  `content` text CHARACTER SET utf8mb4 COLLATE utf8mb4_unicode_ci,
  `images` text CHARACTER SET utf8mb4 COLLATE utf8mb4_unicode_ci,
  `location` varchar(255) CHARACTER SET utf8mb4 COLLATE utf8mb4_unicode_ci DEFAULT NULL,
  `number_block` smallint unsigned DEFAULT NULL,
  `number_floor` smallint DEFAULT NULL,
  `number_flat` smallint DEFAULT NULL,
  `is_featured` tinyint(1) NOT NULL DEFAULT '0',
  `date_finish` date DEFAULT NULL,
  `date_sell` date DEFAULT NULL,
  `status` varchar(60) CHARACTER SET utf8mb4 COLLATE utf8mb4_unicode_ci NOT NULL DEFAULT 'selling',
  `created_at` timestamp NULL DEFAULT NULL,
  `updated_at` timestamp NULL DEFAULT NULL,
  `investor_id` int unsigned NOT NULL,
  `description` varchar(400) CHARACTER SET utf8mb4 COLLATE utf8mb4_unicode_ci DEFAULT NULL,
  `price_from` decimal(15,0) DEFAULT NULL,
  `price_to` decimal(15,0) DEFAULT NULL,
  `currency_id` int unsigned DEFAULT NULL,
  `city_id` int unsigned DEFAULT NULL,
  `author_id` int DEFAULT NULL,
  `author_type` varchar(255) CHARACTER SET utf8mb4 COLLATE utf8mb4_unicode_ci NOT NULL DEFAULT 'Botble\\ACL\\Models\\User',
  `latitude` varchar(25) CHARACTER SET utf8mb4 COLLATE utf8mb4_unicode_ci DEFAULT NULL,
  `longitude` varchar(25) CHARACTER SET utf8mb4 COLLATE utf8mb4_unicode_ci DEFAULT NULL,
  `views` int unsigned NOT NULL DEFAULT '0',
  `country_id` int unsigned DEFAULT '1',
  `state_id` int unsigned DEFAULT NULL,
  `unique_id` varchar(191) CHARACTER SET utf8mb4 COLLATE utf8mb4_unicode_ci DEFAULT NULL,
  PRIMARY KEY (`id`),
  UNIQUE KEY `re_projects_unique_id_unique` (`unique_id`)
) ENGINE=InnoDB AUTO_INCREMENT=13 DEFAULT CHARSET=utf8mb4 COLLATE=utf8mb4_unicode_ci;

--
-- Dumping data for table `re_projects`
--

INSERT INTO `re_projects` VALUES (1,'Walnut Park Apartments','<p>Now Open &amp; Leasing!</p>\r\n\r\n<p>Walnut Park is conveniently located on North Lamar Boulevard across from the 293-acre Walnut Creek Metropolitan Park and just south of Yager Lane near numerous shops and restaurants. Only 11 miles from downtown Austin, the heavily-wooded site borders Walnut Creek and offers residents inspiring views in an unparalleled, secluded community. In addition to resort spa amenities, the interiors are built and designed to condominium specifications with energy efficient features, stunning detail and upgraded finishes.</p>','[\"projects\\/1.jpg\",\"projects\\/5.jpg\",\"projects\\/3.jpg\",\"projects\\/2.jpg\"]','Austin, Texas 78753, USA',4,2,50,1,'2019-11-10','2019-03-11','selling','2019-11-18 00:34:49','2021-04-29 20:46:31',12,'Walnut Park is conveniently located on North Lamar Boulevard across from the 293-acre Walnut Creek Metropolitan Park and just south of Yager Lane near numerous shops and restaurants. Only 11 miles from downtown Austin, the heavily-wooded site borders Walnut Creek and offers residents inspiring views in an unparalleled, secluded community',NULL,NULL,1,4,NULL,'Botble\\ACL\\Models\\User','43.578848','-76.32197',5262,1,1,NULL),(2,'Osaka Heights','<p>Osaka Heights is a state of the art apartment crafted with elegance, comfort and classiness.</p>\r\n\r\n<p>The grander apartments add new heights to the life of people in Colombo, Sri Lanka.</p>\r\n\r\n<p>Devised by a team of international consultants, Osaka Heights is all about contemporary design and comprehensive attention to detail in execution. If you are interested to own a luxury apartment at Sri Lanka, Osaka Heights is the best choice. The foundation of Osaka Heights is laid by skilled professionals, who capture your vision completely. The construction is built as per your elegant lifestyles, without any compromise in quality and class.</p>\r\n\r\n<p>The homes come with all comfy amenities and facilities for a superior life. From the panoramic views, the rooftop swimming pool and the landscaped eco-balconies, beauty meets you at every step in Osaka Heights. Made for an exclusive few, Osaka Heights gives you the advantage of sharing a space with like-minded individuals. An elevated lifestyle naturally follows, making Osaka Heights one of the most sought-after addresses in Colombo.</p>','[\"projects\\/21.jpg\",\"projects\\/24.jpg\",\"projects\\/23.jpg\",\"projects\\/25.jpg\",\"projects\\/26.jpg\",\"projects\\/22.jpg\"]','Kirulapone, Colombo 06, Colombo, Sri Lanka',1,15,450,1,'2019-08-09','2019-08-10','selling','2019-11-18 01:28:45','2021-06-11 20:56:44',3,'The homes come with all comfy amenities and facilities for a superior life. From the panoramic views, the rooftop swimming pool and the landscaped eco-balconies, beauty meets you at every step in Osaka Heights. Made for an exclusive few, Osaka Heights gives you the advantage of sharing a space with like-minded individuals.',NULL,NULL,1,3,NULL,'Botble\\ACL\\Models\\User','43.013638','-75.848066',6653,1,1,NULL),(3,'Mimaroba Paradise','<h2><b>Why you should buy a house from this project?</b></h2>\r\n\r\n<ul>\r\n	<li>1. A summerhouse in the center of the city.</li>\r\n	<li>2. Remove the boundaries between you and the sea, you will be surrounded by blue sea.</li>\r\n	<li>3.&nbsp;Everything you have imagined - from infinity pool, zen garden, gourmet restaurant to thematic playgrounds awaiting you.</li>\r\n	<li>4.&nbsp;A unique design that makes luxury a habit, a wide variety of apartment plan options.</li>\r\n	<li>5.&nbsp;Reasonable payment options, affordable prices in Istanbul&#39;s most exclusive area.</li>\r\n</ul>\r\n\r\n<p>&lsquo;&rsquo; Mimaroba&rsquo;&rsquo; a modern beach district away from the bustle of Istanbul.&nbsp;The aim of the project is to make a living feel for the hosts in the deepest way.&nbsp;In this project you can enjoy a life with the sea and you can have a holiday for 12 months with social facilities and activities.&nbsp; &nbsp; &nbsp; &nbsp; &nbsp; &nbsp; &nbsp; &nbsp; &nbsp; &nbsp; &nbsp; &nbsp; &nbsp; &nbsp;&nbsp;</p>','[\"projects\\/13.jpg\",\"projects\\/12.jpg\",\"projects\\/11.jpg\",\"projects\\/14.jpg\"]','Texas, USA',2,16,327,1,'2020-06-09','2019-09-10','selling','2019-11-18 03:30:34','2021-06-11 20:56:44',15,'A summerhouse in the center of the city. Remove the boundaries between you and the sea, you will be surrounded by blue sea. Everything you have imagined - from infinity pool, zen garden, gourmet restaurant to thematic playgrounds awaiting you. A unique design that makes luxury a habit, a wide variety of apartment plan options.',NULL,NULL,1,1,NULL,'Botble\\ACL\\Models\\User','42.795156','-76.237441',7481,1,1,NULL),(4,'Aegean Villas','<h2><strong>Aegean Villas</strong></h2>\r\n\r\n<p>Looks like Aegean town and be one of the highest rated sites in the region. A very large area of 312.000sqm&nbsp; has only 144 villas. Each villa&rsquo;s garden is independent of one another and protects private life. There are 400 adult olive trees in the common area landscape. Strengthening of neighborly relations with common sharing points such as open air cinema, village coffee, market.&nbsp; Increase the living motivation with 2,5km walking and cycling trail, tennis courts and carpet right activities.&nbsp; &nbsp; &nbsp; &nbsp;</p>\r\n\r\n<h4><strong>Why you should buy a house from this project?</strong></h4>\r\n\r\n<ul>\r\n	<li>1. Natural Architectural design.</li>\r\n	<li>2. Highest session rate in the region</li>\r\n	<li>3. Common sharing areas like open air cinema and village cafe.</li>\r\n	<li>4. 2,5km walking and cycling trail.</li>\r\n	<li>5. The gardens are detached and useful.</li>\r\n</ul>','[\"properties\\/a5-1.jpg\",\"properties\\/a6-1.jpg\",\"properties\\/a7.jpg\",\"properties\\/a8.jpg\",\"properties\\/a10.jpg\",\"properties\\/a9.jpg\"]','Büyükçekmece, İstanbul, Turkey',5,2,144,1,'2020-06-09','2020-10-04','selling','2019-11-18 03:38:13','2021-06-11 20:56:44',11,'A very large area of 312.000sqm  has only 144 villas. Each villa’s garden is independent of one another and protects private life. There are 400 adult olive trees in the common area landscape. Strengthening of neighborly relations with common sharing points such as open air cinema, village coffee, market.',NULL,NULL,1,2,NULL,'Botble\\ACL\\Models\\User','42.478281','-75.321856',7445,1,1,NULL),(5,'Aydos Forest Apartments','<p>The project, which offers unique opportunities for those who want to move into their new home, is the most advantageous housing project of the location with its easy payment options according to your budget. In your new home you will have a live site life with 90% occupancy; The <strong>clean air</strong> of Aydos Forest, the most important social facility of the region with <strong>3,700 sqm</strong> which brings enjoyable social activities to your feet, and much more are waiting for you. You will live a life with nature thanks to the artificial lake and cherry trees in the project as well as the landscape of Aydos Forest. and bacause of its easy connection to the main roads, you can easily reach the important centers of Istanbul.</p>\r\n\r\n<h4><b>Why you should buy a house from this project?</b></h4>\r\n\r\n<ul>\r\n	<li>1.&nbsp;Ready for delivery.</li>\r\n	<li>2.&nbsp;82% open area of landscape.</li>\r\n	<li>3.&nbsp;Aydos forest is right next to the project.</li>\r\n	<li>4.&nbsp;More than 90% of the project is occupied and full of life.</li>\r\n	<li>5. Ease of transportation.</li>\r\n</ul>','[\"properties\\/q1.jpg\",\"properties\\/q2.jpg\",\"properties\\/q8.jpg\",\"properties\\/q7.jpg\",\"properties\\/q3.jpg\",\"properties\\/q6.jpg\"]','Sancaktepe/İstanbul, Turkey',4,18,1394,1,'2019-10-30','2019-07-21','selling','2019-11-18 03:45:06','2021-04-18 09:20:14',2,'You will have a live site life with 90% occupancy; The clean air of Aydos Forest, the most important social facility of the region with 3,700 sqm which brings enjoyable social activities to your feet, and much more are waiting for you. You will live a life with nature thanks to the artificial lake and cherry trees in the project as',NULL,NULL,1,3,NULL,'Botble\\ACL\\Models\\User','43.270016','-75.054121',4783,1,1,NULL),(6,'The Avila Apartments','<p>A profoundly special project amidst history and Istanbul. In the heart of the Historical Peninsula, Select Lifestyle Alternatives ranging from 1+1 to 6+1, in limited numbers&hellip;. A timeless aesthetic enriched in perfect details .</p>\r\n\r\n<h4><b>Why you should buy a house from this project?</b></h4>\r\n\r\n<ul>\r\n	<li>1.&nbsp;Within the historical peninsula, there is a very special area where you will never find a similar one.</li>\r\n	<li>2.&nbsp;Unique sea view with a historical texture of Istanbul.</li>\r\n	<li>3.&nbsp;In the bustling city life, in the middle of all transportation possibilities.</li>\r\n	<li>4. 1+1 to 6+1 very special, suitable for all needs loft apartments</li>\r\n	<li>5.Large landscaping areas, cafes, shopping opportunities.</li>\r\n</ul>','[\"properties\\/e1.jpg\",\"properties\\/e2.jpg\",\"properties\\/e3.jpg\",\"properties\\/e4.jpg\",\"properties\\/e5.jpg\",\"properties\\/e7.jpg\",\"properties\\/e8.jpg\"]','Singapore Island, Singapore',2,4,125,1,'2019-11-19','2019-03-11','selling','2019-11-18 03:53:20','2021-06-11 20:56:44',10,'Within the historical peninsula, there is a very special area where you will never find a similar one. Unique sea view with a historical texture of Istanbul. In the bustling city life, in the middle of all transportation possibilities. Large landscaping areas, cafes, shopping opportunities.',NULL,NULL,1,5,NULL,'Botble\\ACL\\Models\\User','43.481307','-74.862851',1578,1,1,NULL);

--
-- Table structure for table `re_projects_translations`
--

CREATE TABLE `re_projects_translations` (
  `lang_code` varchar(191) CHARACTER SET utf8mb4 COLLATE utf8mb4_unicode_ci NOT NULL,
  `re_projects_id` int NOT NULL,
  `name` varchar(255) CHARACTER SET utf8mb4 COLLATE utf8mb4_unicode_ci DEFAULT NULL,
  `description` varchar(400) CHARACTER SET utf8mb4 COLLATE utf8mb4_unicode_ci DEFAULT NULL,
  `content` longtext CHARACTER SET utf8mb4 COLLATE utf8mb4_unicode_ci,
  `location` varchar(255) CHARACTER SET utf8mb4 COLLATE utf8mb4_unicode_ci DEFAULT NULL,
  PRIMARY KEY (`lang_code`,`re_projects_id`)
) ENGINE=InnoDB DEFAULT CHARSET=utf8mb4 COLLATE=utf8mb4_unicode_ci;

--
-- Dumping data for table `re_projects_translations`
--


--
-- Table structure for table `re_properties`
--

CREATE TABLE `re_properties` (
  `id` int unsigned NOT NULL AUTO_INCREMENT,
  `name` varchar(300) CHARACTER SET utf8mb4 COLLATE utf8mb4_unicode_ci NOT NULL,
  `content` longtext CHARACTER SET utf8mb4 COLLATE utf8mb4_unicode_ci,
  `location` varchar(255) CHARACTER SET utf8mb4 COLLATE utf8mb4_unicode_ci DEFAULT NULL,
  `images` text CHARACTER SET utf8mb4 COLLATE utf8mb4_unicode_ci,
  `project_id` bigint unsigned DEFAULT '0',
  `number_bedroom` smallint unsigned DEFAULT NULL,
  `number_bathroom` smallint unsigned DEFAULT NULL,
  `number_floor` smallint unsigned DEFAULT NULL,
  `square` double DEFAULT NULL,
  `price` decimal(15,2) DEFAULT NULL,
  `price_unit` varchar(120) CHARACTER SET utf8mb4 COLLATE utf8mb4_unicode_ci DEFAULT NULL,
  `is_featured` tinyint(1) NOT NULL DEFAULT '0',
  `status` varchar(60) CHARACTER SET utf8mb4 COLLATE utf8mb4_unicode_ci NOT NULL DEFAULT 'selling',
  `created_at` timestamp NULL DEFAULT NULL,
  `updated_at` timestamp NULL DEFAULT NULL,
  `type` varchar(20) CHARACTER SET utf8mb4 COLLATE utf8mb4_unicode_ci NOT NULL DEFAULT 'sale',
  `description` varchar(400) CHARACTER SET utf8mb4 COLLATE utf8mb4_unicode_ci DEFAULT NULL,
  `currency_id` int unsigned DEFAULT NULL,
  `city_id` int unsigned DEFAULT NULL,
  `period` varchar(30) CHARACTER SET utf8mb4 COLLATE utf8mb4_unicode_ci NOT NULL DEFAULT 'month',
  `author_id` int DEFAULT NULL,
  `author_type` varchar(255) CHARACTER SET utf8mb4 COLLATE utf8mb4_unicode_ci NOT NULL DEFAULT 'Botble\\ACL\\Models\\User',
  `moderation_status` varchar(60) CHARACTER SET utf8mb4 COLLATE utf8mb4_unicode_ci NOT NULL DEFAULT 'pending',
  `expire_date` date DEFAULT NULL,
  `auto_renew` tinyint(1) NOT NULL DEFAULT '0',
  `never_expired` tinyint(1) NOT NULL DEFAULT '0',
  `latitude` varchar(25) CHARACTER SET utf8mb4 COLLATE utf8mb4_unicode_ci DEFAULT NULL,
  `longitude` varchar(25) CHARACTER SET utf8mb4 COLLATE utf8mb4_unicode_ci DEFAULT NULL,
  `views` int unsigned NOT NULL DEFAULT '0',
  `country_id` int unsigned DEFAULT '1',
  `state_id` int unsigned DEFAULT NULL,
  `unique_id` varchar(191) CHARACTER SET utf8mb4 COLLATE utf8mb4_unicode_ci DEFAULT NULL,
  PRIMARY KEY (`id`),
  UNIQUE KEY `re_properties_unique_id_unique` (`unique_id`)
) ENGINE=InnoDB AUTO_INCREMENT=35 DEFAULT CHARSET=utf8mb4 COLLATE=utf8mb4_unicode_ci;

--
-- Dumping data for table `re_properties`
--

INSERT INTO `re_properties` VALUES (1,'3 Beds Villa Calpe, Alicante','<p>This villa is equipped with all conveniences, where everything takes place on one living level. Three spacious bedrooms that all have direct access to the pool terrace and a spacious living room with an American kitchen with cooking island, from where you can walk onto the terrace through large glass sliding doors. Downstairs there is an indoor, double garage and laundry room with an internal staircase to the house. But you can also drive up to the front door by car. The terrace is spacious and there is an extra-long swimming pool, where you can swim laps well. Around there is a landscaped garden, which is also low in maintenance. Instead of gardening, there is more time left for wonderful enjoyment in and around this beautiful villa.</p>','Alicante, Spain','[\"properties\\/1.jpg\",\"properties\\/3.jpg\",\"properties\\/4.jpg\",\"properties\\/2.jpg\"]',6,3,3,1,600,700000.00,NULL,1,'selling','2019-11-17 20:34:59','2024-02-24 01:21:59','sale','This villa is equipped with all conveniences, where everything takes place on one living level. Three spacious bedrooms that all have direct access to the pool terrace and a spacious living room with an American kitchen with cooking island, from where you can walk onto the terrace through large glass sliding doors.',1,5,'month',4,'Botble\\RealEstate\\Models\\Account','approved','2024-04-09',0,1,'43.954366','-76.204832',3540,1,1,NULL),(2,'Property For sale , Johannesburg, South Africa','<p><strong>Beautiful home situated in road closure in bedfordview.&nbsp;</strong>Nestled on a rocky outcrop of enormous boulders, this unique home is an architectural triumph designed to titilate the senses from the very start with a waterfall cascading into heated black quartzite pool &amp; stunning koi-pond. Flavours of the Seychelles.&nbsp;Enter from a winding pathway lined by palms and tree ferns into the hallway. The spacious living room with magnificent wood burning fireplace and large diningroom are complemented by a wet barrel bar, featuring designer built in wine cellar wall.</p>','Johannesburg, South Africa','[\"properties\\/23.jpg\",\"properties\\/21.jpg\",\"properties\\/24.jpg\",\"properties\\/22.jpg\"]',6,4,4,2,800,800000.00,NULL,1,'selling','2019-11-17 20:53:34','2024-02-24 01:21:59','sale','Beautiful home. Nestled on a rocky outcrop of enormous boulders, this unique home is an architectural triumph designed to titilate the senses from the very start with a waterfall cascading into heated black quartzite pool & stunning koi-pond. Flavours of the Seychelles.',1,2,'month',11,'Botble\\RealEstate\\Models\\Account','approved','2024-04-09',0,1,'43.819483','-76.703637',2966,1,1,NULL),(3,'Stunning French Inspired Manor','<p>Stunning French Inspired Manor located within Briarwood Ranch near Solvang in the heart of the magnificent Santa Ynez Valley. This residence features appx 5,000sqft 4+ bedroom, 3.5 bath home with elegant and spacious interiors including formal living and dining, amazing view great room and kitchen, and massive bonus library media room with bar and custom built-ins. The magnificent lagoon-like infinity edge swimming pool offers beach entry, waterfalls and slide, Cabana and a complimentary poolside bar combo BBQ kitchen. A spacious 2 car garage is adjacent to craft room and large art studio</p>','Solvang, Santa Barbara County, CA 93463, USA','[\"properties\\/31.jpg\",\"properties\\/32.jpg\",\"properties\\/33.jpg\",\"properties\\/34.jpg\",\"properties\\/35.jpg\",\"properties\\/311.jpg\"]',5,4,3,1,450,1695000.00,NULL,1,'selling','2019-11-17 21:09:55','2024-02-24 01:21:59','sale','This residence features appx 5,000sqft 4+ bedroom, 3.5 bath home with elegant and spacious interiors including formal living and dining, amazing view great room and kitchen, and massive bonus library media room with bar and custom built-ins. The magnificent lagoon-like infinity edge swimming pool offers beach entry, waterfalls and slide',1,5,'month',6,'Botble\\RealEstate\\Models\\Account','approved','2024-04-09',0,1,'43.722299','-75.466082',4208,1,1,NULL),(4,'Villa for sale at Bermuda Dunes','<p>This rare and exceptional custom-built home sits on a premiere lot in the exclusive, private section of Castle Harbour. The property borders the golf course for 360 lineal feet, adding not only a gorgeous view but also complete privacy. The home itself sets above the golf course, for further privacy, and is located between the 5th and 6th fairways of the prestigious Bermuda Dunes Country Club. Chiseled glass entry doors lead you into a magnificent Italian Marble entry that encompasses the entire hallway and living room with a fireplace. The vast great room, with raised ceilings, captures the pool, golf, lake and dynamic southern, mountain views. There&#39;s a lovely Library with built in shelves on one wall. There&rsquo;s a sunken wet bar, with Italian Marble flooring, that provides views of the golf course and surrounding mountains.</p>','Bermuda Dunes, Riverside County, CA 92203, USA','[\"properties\\/411.jpg\",\"properties\\/44.jpg\",\"properties\\/43.jpg\",\"properties\\/42.jpg\"]',4,4,3,1,480,1295000.00,NULL,1,'selling','2019-11-17 21:18:11','2024-02-24 01:21:59','sale','This rare and exceptional custom-built home sits on a premiere lot in the exclusive, private section of Castle Harbour. The property borders the golf course for 360 lineal feet, adding not only a gorgeous view but also complete privacy. The home itself sets above the golf course, for further privacy, and is located between the 5th and 6th fairways of the prestigious Bermuda Dunes Country Club',1,1,'month',10,'Botble\\RealEstate\\Models\\Account','approved','2024-04-09',0,1,'43.982274','-76.182356',2142,1,1,NULL),(5,'Walnut Park Apartment','<p>Only 11 miles from downtown Austin, the heavily-wooded site borders Walnut Creek and offers residents inspiring views in an unparalleled, secluded community</p>\r\n\r\n<ul>\r\n	<li>Heavily wooded site with dramatic 30-foot bluffs overlooking the scenic Walnut Creek</li>\r\n	<li>Conveniently located on North Lamar near numerous shops, major employers and restaurants</li>\r\n	<li>Easy access to I-35 and a short distance to US-183 and SH-45</li>\r\n	<li>Elegant clubhouse with a full kitchen, bar area, lounging area and creek-view veranda</li>\r\n	<li>24-hour fully-equipped fitness center with lockers and changing area</li>\r\n	<li>Indoor spa with cascading waterfall, steam room and cedar sauna</li>\r\n	<li>Spacious, gourmet kitchens with granite countertops and backsplashes</li>\r\n	<li>Stainless steel appliances and natural gas ranges</li>\r\n	<li>Designer hardwood cabinets with under-cabinet lighting</li>\r\n</ul>','North Lamar Boulevard, Austin, Texas 78753, USA','[\"properties\\/8.jpg\",\"properties\\/7.jpg\",\"properties\\/5.jpg\",\"properties\\/1-1.jpg\"]',1,2,2,1,980,2035.00,NULL,1,'renting','2019-11-18 00:47:52','2024-02-24 01:21:59','rent','Heavily wooded site with dramatic 30-foot bluffs overlooking the scenic Walnut Creek\r\nConveniently located on North Lamar near numerous shops, major employers and restaurants\r\nEasy access to I-35 and a short distance to US-183 and SH-45\r\nElegant clubhouse with a full kitchen, bar area, lounging area and creek-view veranda',1,1,'month',5,'Botble\\RealEstate\\Models\\Account','approved','2024-04-09',0,1,'42.669053','-75.578469',8085,1,1,NULL),(6,'5 beds luxury house','<p>Luxury and spacious remodeled house in Sea Cliff with 3 levels, 5 bedrooms and 4 bathrooms, and a great Golden Gate View. 4-Car garage. The house is remodeled and spacious with a great layout, and is offered furnished. It is charming and beautiful with lots of details, has thoughtful front landscaping and a large backyard and a patio, and has a great view of the Golden Gate. On the main level the entry opens to a large foyer which connects to a beautiful and large living room with a fireplace, and to a formal dining room.</p>\r\n\r\n<p>The house has a garage which can accommodate 3 to 4 cars. The house is offered furnished. Can be leased for short term or long term. The minimum lease term is 3 months.</p>','Seacliff San Francisco, Sea Cliff Avenue, San Francisco, CA 94121, USA','[\"properties\\/a3.jpg\",\"properties\\/a1.jpg\",\"properties\\/a2.jpg\",\"properties\\/a4.jpg\"]',2,5,4,3,270,1808.00,NULL,1,'renting','2019-11-18 01:05:58','2024-02-24 01:21:59','rent','Luxury and spacious remodeled house in Sea Cliff with 3 levels, 5 bedrooms and 4 bathrooms, and a great Golden Gate View. 4-Car garage. The house is remodeled and spacious with a great layout, and is offered furnished. It is charming and beautiful with lots of details, has thoughtful front landscaping and a large backyard and a patio, and has a great view of the Golden Gate',1,1,'month',6,'Botble\\RealEstate\\Models\\Account','approved','2024-04-09',0,1,'42.946985','-76.206616',4001,1,1,NULL),(7,'Family Victorian \"View\" Home','<p>There is a formal dining room and spacious living room located on either side of the updated eat-in kitchen skylight, white cabinets, and stainless steel appliances. Enjoy ample natural light and spectacular southern views from the main living room oversized windows and a walk-out deck. A bonus room (guest bedroom/office) and a full bath complete this level.</p>\r\n<p> </p>','Safeway San Francisco CA, Market Street, San Francisco, CA 94114, USA','[\"properties\\/b5.jpg\",\"properties\\/b1.jpg\",\"properties\\/b4.jpg\",\"properties\\/b6.jpg\",\"properties\\/b2.jpg\"]',3,3,2,1,180,2580.00,NULL,1,'renting','2019-11-18 01:12:07','2024-02-24 01:21:59','rent','There is a formal dining room and spacious living room located on either side of the updated eat-in kitchen skylight, white cabinets, and stainless steel appliances. Enjoy ample natural light and spectacular southern views from the main living room oversized windows and a walk-out deck. A bonus room (guest bedroom/office) and a full bath complete t',1,1,'month',5,'Botble\\RealEstate\\Models\\Account','approved','2024-04-09',0,1,'43.819646','-74.89512',5749,1,1,NULL),(8,'Osaka Heights Apartment','<p><strong>Kitchen</strong><br />\r\nCeramic tiled flooring, Granite counter top , Single bowl stainless steel kitchen sink with drain board and provisions for water purifier , electric hood , exhaust fan will be provided</p>\r\n\r\n<p><strong>Toilets</strong><br />\r\nAnti-skid Ceramic tiles on floor and ceramic wall tiles up to 7 feet height. White coloured branded sanitary fittings, Chromium plated taps , concealed plumbing</p>\r\n\r\n<p><strong>Doors</strong><br />\r\nMain door will be high quality wooden door, premium Windows quality pre-hung internal doors with wooded frame, UPVC or aluminum sliding doors and aluminum frame with glass for windows</p>\r\n\r\n<p>&nbsp;9 km to Katunayaka airport expressway entrance</p>\r\n\r\n<p>&nbsp;12 km to Southern expressway entrance at Kottawa</p>\r\n\r\n<p>&nbsp;2 km to Kalubowila General hospital</p>\r\n\r\n<p>&nbsp;All leading banks within a few kilometer radii</p>\r\n\r\n<p>&nbsp;Very close proximity to railway stations</p>\r\n\r\n<p>&nbsp;Many leading schools including CIS within 5 km radius</p>','High Level Road, Colombo 06, Sri Lanka','[\"properties\\/24-1.jpg\",\"properties\\/22-1.jpg\",\"properties\\/p1.jpg\",\"properties\\/p2.jpg\"]',2,2,2,1,110,150000.00,NULL,1,'selling','2019-11-18 01:49:36','2024-02-24 01:21:59','sale','Ceramic tiled flooring, Granite counter top , Single bowl stainless steel kitchen sink with drain board and provisions for water purifier , electric hood , exhaust fan will be provided. Anti-skid Ceramic tiles on floor and ceramic wall tiles up to 7 feet height. White coloured branded sanitary fittings, Chromium plated taps , concealed plumbing.',1,5,'month',4,'Botble\\RealEstate\\Models\\Account','approved','2024-04-09',0,1,'42.928003','-74.902172',6741,1,1,NULL),(9,'Private Estate Magnificent Views','<p>Spacious 3 bedroom stabilised earth brick home, light and bright with statement entrance hall. Conservatory sun room, open plan kitchen/dining/lounge with raked cedar lined ceiling, kitchen with oregon timber cupboards and new Smeg oven. Air conditioner &amp; wood heater<br />\r\nGood sized bedrooms and main bedroom with spa overlooking tranquil gardens and Inlet.</p>','110 Springdale Heights, Hay Denmark, WA, Australia','[\"properties\\/79.jpg\",\"properties\\/71.jpg\",\"properties\\/73.jpg\",\"properties\\/72.jpg\",\"properties\\/74.jpg\",\"properties\\/75.jpg\",\"properties\\/78.jpg\"]',2,3,1,1,2000,694000.00,NULL,1,'selling','2019-11-18 02:02:19','2024-02-24 01:21:59','sale','Spacious 3 bedroom stabilised earth brick home, light and bright with statement entrance hall. Conservatory sun room, open plan kitchen/dining/lounge with raked cedar lined ceiling, kitchen with oregon timber cupboards and new Smeg oven. Air conditioner & wood heater',1,5,'month',3,'Botble\\RealEstate\\Models\\Account','approved','2024-04-09',0,1,'42.812299','-76.137607',6457,1,1,NULL),(10,'Thompsons Road House for rent','<p>Perfectly positioned in the exclusive suburb of Bulleen, this renovated home 3 bedroom home offers a superb lifestyle to those seeking all the expected comforts, privacy, convenience to freeways &amp; transport, and space.<br />\r\nYou are welcomed by a beautiful, low maintenance and established front garden, with ample off street parking, an elevated porch and tantum large garage. Inside you will find a lovely neutral colour scheme and near new gleaming timber timber floors. There are three spacious bedrooms all with built in robes, serviced by a central family bathroom and separate powder room, along with a large open lounge and formal dining room beaming with natural light. The stunning kitchen comes complete with Blanco appliances, breakfast bar and top quality fittings and fixtures.</p>','Thompsons Road, Bulleen VIC, Australia','[\"properties\\/5-1.jpg\",\"properties\\/7-1.jpg\",\"properties\\/8-1.jpg\",\"properties\\/9.jpg\",\"properties\\/6.jpg\"]',6,3,3,1,160,1465.00,NULL,1,'renting','2019-11-18 02:16:53','2024-02-24 01:21:59','rent','Perfectly positioned in the exclusive suburb of Bulleen, this renovated home 3 bedroom home offers a superb lifestyle to those seeking all the expected comforts, privacy, convenience to freeways & transport, and space.\r\nYou are welcomed by a beautiful, low maintenance and established front garden, with ample off street parking, an elevated porch and tantum large garage',1,3,'month',11,'Botble\\RealEstate\\Models\\Account','approved','2024-04-09',0,1,'42.601639','-76.36969',2061,1,1,NULL),(11,'Brand New 1 Bedroom Apartment In First Class Location','<p>Set-back from Sandy Bay Road, walk to everything that counts: vibrant Battery Point village, Salamanca Place (Tasmania&#39;s premier entertainment precinct), the City Centre, University of Tasmania, hotel, retail and an easy stroll away from bustling Sandy Bay shops, local schools and with public transport outside your front door.</p>\r\n\r\n<p>Please note: Elders Brown and Banks do not accept applications from applicants who have not inspected the property internally.</p>','Sandy Bay Road, Sandy Bay TAS, Australia','[\"properties\\/12.jpg\",\"properties\\/10.jpg\",\"properties\\/13.jpg\",\"properties\\/14.jpg\",\"properties\\/15.jpg\"]',5,1,1,1,80,1680.00,NULL,1,'renting','2019-11-18 02:22:48','2024-02-24 01:21:59','rent','Set-back from Sandy Bay Road, walk to everything that counts: vibrant Battery Point village, Salamanca Place (Tasmania\'s premier entertainment precinct), the City Centre, University of Tasmania, hotel, retail and an easy stroll away from bustling Sandy Bay shops, local schools and with public transport outside your front door.',1,5,'month',1,'Botble\\RealEstate\\Models\\Account','approved','2024-04-09',0,1,'42.659611','-76.197177',934,1,1,NULL),(12,'Elegant family home presents premium modern living','<p>Move straight into this beautifully presented four-bedroom home and enjoy the best in modern family living without lifting a finger. Two separate living areas and four generous bedrooms provide plenty of space to grow, and entertaining is a real pleasure on the elegant alfresco patio in a peaceful garden setting. The home is ideally set walking distance to parks and bus stops, moments to your choice of schools, and just several minutes to Westfield North Lakes.<br />\r\n&nbsp;</p>','North Lakes QLD 4509, Australia','[\"properties\\/a1-1.jpg\",\"properties\\/a2-1.jpg\",\"properties\\/a3-1.jpg\",\"properties\\/a5.jpg\",\"properties\\/a4-1.jpg\",\"properties\\/a6.jpg\"]',6,3,3,1,658,1574.00,NULL,1,'renting','2019-11-18 02:47:05','2024-02-24 01:21:59','rent','Move straight into this beautifully presented four-bedroom home and enjoy the best in modern family living without lifting a finger. Two separate living areas and four generous bedrooms provide plenty of space to grow, and entertaining is a real pleasure on the elegant alfresco patio in a peaceful garden setting.',1,5,'month',11,'Botble\\RealEstate\\Models\\Account','approved','2024-04-09',0,1,'43.137361','-76.539998',8487,1,1,NULL),(13,'Luxury Apartments in Singapore for Sale','<p>This apartment&nbsp;is located in Singapore, which has become a comfortable living center for the living, providing both attractive gains for investors and high premium. 840sqft<br />\r\n- High Floor<br />\r\n- Chinese Family<br />\r\n- Sky Garden<br />\r\n- Beautiful Roof Terrace with Jaccuzzi And<br />\r\nAlfresco Dinning<br />\r\n- Renovated with Quality Finishes<br />\r\n- Near Amenities<br />\r\n- Plenty of eateries.<br />\r\n- 5mins Walk to NTUC / Shaw Plaza<br />\r\n- Mins Drive To Orchard</p>','Balestier Road, Singapore','[\"properties\\/5-2.jpg\",\"properties\\/2-3.jpg\",\"properties\\/3-3.jpg\",\"properties\\/4-2.jpg\",\"properties\\/1-3.jpg\"]',6,2,2,1,78,918000.00,NULL,1,'selling','2019-11-18 07:23:02','2024-02-24 01:21:59','sale','This apartment is located in Singapore. High Floor, Chinese Family, Sky Garden, Beautiful Roof Terrace with Jaccuzzi and Alfresco Dinning, Renovated with Quality Finishes, Near Amenities, Plenty of eateries, 5mins Walk to NTUC / Shaw Plaza, Mins Drive To Orchard',1,5,'month',9,'Botble\\RealEstate\\Models\\Account','approved','2024-04-09',0,1,'42.813772','-76.615855',9632,1,1,NULL),(14,'5 room luxury penthouse for sale in Kuala Lumpur','<p>The Sentral Residence (BRAND NEW LUXURY CONDO)<br />\r\n<br />\r\n-Next to St Regis 5 Star Hotel<br />\r\n-Excellent accessibility (LRT,KLIA TRANSIT,KTM)<br />\r\n-Rooftop Sky lounge,sky pool,sky gym<br />\r\n-Private lift lobby to own unit<br />\r\n<br />\r\nEPIC LUXE PREMIUM UNITS<br />\r\n(KLCC and Lake Garden VIEW)<br />\r\n<br />\r\nLargest unit in Sentral Residence<br />\r\n&nbsp;</p>','Kuala Lumpur, Malaysia','[\"properties\\/6-2.jpg\",\"properties\\/7-2.jpg\",\"properties\\/9-1.jpg\",\"properties\\/8-2.jpg\",\"properties\\/10-1.jpg\",\"properties\\/11-1.jpg\"]',1,5,7,20,377,1590000.00,NULL,1,'selling','2019-11-18 07:36:29','2024-02-24 01:21:59','sale','Next to St Regis 5 Star Hotel, Excellent accessibility (LRT,KLIA TRANSIT,KTM), Rooftop Sky lounge, sky pool, sky gym, KLCC and Lake Garden VIEW',1,4,'month',10,'Botble\\RealEstate\\Models\\Account','approved','2024-04-09',0,1,'42.504328','-76.341293',2699,1,1,NULL),(15,'2 Floor house in Compound Pejaten Barat Kemang','<p>Want to lease a nice house in compound Renovated, balinese style ,homey and comfy area 220/300,&nbsp;3&nbsp;bedrooms,&nbsp;2 bathrooms, garden furnished renovated fasilitas : s.pool, tenis court, jogging track 24 hours security rent price : IDR 250.000.000 / year&nbsp;</p>','Kota Administrasi Jakarta Selatan, South Jakarta City, Jakarta Raya, Indonesia','[\"properties\\/a1-2.jpg\",\"properties\\/a2-2.jpg\",\"properties\\/a3-2.jpg\",\"properties\\/a4-2.jpg\"]',1,3,2,2,200,1400.00,NULL,1,'renting','2019-11-18 07:44:44','2024-02-24 01:21:59','rent','Want to lease a nice house in compound Renovated, balinese style ,homey and comfy area 220/300, 3 bedrooms, 2 bathrooms, garden furnished renovated fasilitas : s.pool, tenis court, jogging track 24 hours security rent price : IDR 250.000.000 / year ',1,5,'month',3,'Botble\\RealEstate\\Models\\Account','approved','2024-04-09',0,1,'43.636294','-76.116519',4597,1,1,NULL),(16,'Apartment Muiderstraatweg in Diemen','<p>For rent fully furnished 3 bedroom apartment in Diemen.<br />\r\nVery suitable for a couple or maximum 2 working sharers, garantors are not accepted.<br />\r\n<br />\r\nLovely modern and very well maintained apartment in Diemen.<br />\r\nThe property is located on the first floor where you will find the living room and the kitchen with all modern conveniences.<br />\r\nOn the second floor 2 bedrooms and a nice bathroom with a seperate shower and bathtub.<br />\r\nOn this floor you have access to the small roof terrace.<br />\r\nLast but not least there is a spacious attic room on the third floor.<br />\r\nThe tram stops in front of the door and within 20 minutes you are in the heart of Amsterdam.<br />\r\nPets are not allowed.</p>','Diemen, Netherlands','[\"properties\\/b4-1.jpg\",\"properties\\/b3.jpg\",\"properties\\/b5-1.jpg\"]',3,3,1,2,90,2123.00,NULL,1,'renting','2019-11-18 07:59:14','2024-02-24 01:21:59','rent','Lovely modern and very well maintained apartment in Diemen.\r\nThe property is located on the first floor where you will find the living room and the kitchen with all modern conveniences.\r\nOn the second floor 2 bedrooms and a nice bathroom with a seperate shower and bathtub.\r\nOn this floor you have access to the small roof terrace.',1,3,'month',5,'Botble\\RealEstate\\Models\\Account','approved','2024-04-09',0,1,'43.52876','-76.65882',4887,1,1,NULL),(17,'Nice Apartment for rent in Berlin','<p>Fully furnished shared all-inclusive apartments, with modern amenities that&rsquo;ll make you feel right at home. A great starting point for exploring the rest of the city and its many hidden gems. Area In the center of East Berlin, you&rsquo;ll find everything from delicious street food to flee markets, to high-end restaurants.</p>\r\n\r\n<p>In this bright, modern h(e)aven, you&rsquo;ll find a Queen size bed, a fully equipped kitchen, a separate bathroom with a walk-in shower and a study area for when the dedicated student in you awakens. Some come with great views, others with a nice and cozy balcony.</p>','Berlin, Germany','[\"properties\\/t3.jpg\",\"properties\\/t1.jpg\",\"properties\\/t2.jpg\",\"properties\\/t4.jpg\",\"properties\\/t5.jpg\"]',6,1,1,1,33,1217.00,NULL,1,'renting','2019-11-18 08:13:07','2024-02-24 01:21:59','rent','Fully furnished shared all-inclusive apartments, with modern amenities that’ll make you feel right at home. A great starting point for exploring the rest of the city and its many hidden gems. Area In the center of East Berlin, you’ll find everything from delicious street food to flee markets, to high-end restaurants.',1,5,'month',9,'Botble\\RealEstate\\Models\\Account','approved','2024-04-09',0,1,'43.222732','-76.105523',643,1,1,NULL);

--
-- Table structure for table `re_properties_translations`
--

CREATE TABLE `re_properties_translations` (
  `lang_code` varchar(191) CHARACTER SET utf8mb4 COLLATE utf8mb4_unicode_ci NOT NULL,
  `re_properties_id` int NOT NULL,
  `name` varchar(255) CHARACTER SET utf8mb4 COLLATE utf8mb4_unicode_ci DEFAULT NULL,
  `description` varchar(400) CHARACTER SET utf8mb4 COLLATE utf8mb4_unicode_ci DEFAULT NULL,
  `content` longtext CHARACTER SET utf8mb4 COLLATE utf8mb4_unicode_ci,
  `location` varchar(255) CHARACTER SET utf8mb4 COLLATE utf8mb4_unicode_ci DEFAULT NULL,
  PRIMARY KEY (`lang_code`,`re_properties_id`)
) ENGINE=InnoDB DEFAULT CHARSET=utf8mb4 COLLATE=utf8mb4_unicode_ci;

--
-- Dumping data for table `re_properties_translations`
--


--
-- Table structure for table `re_property_categories`
--

CREATE TABLE `re_property_categories` (
  `id` bigint unsigned NOT NULL AUTO_INCREMENT,
  `property_id` int unsigned NOT NULL,
  `category_id` int unsigned NOT NULL,
  PRIMARY KEY (`id`)
) ENGINE=InnoDB AUTO_INCREMENT=3888 DEFAULT CHARSET=utf8mb4 COLLATE=utf8mb4_unicode_ci;

--
-- Dumping data for table `re_property_categories`
--

INSERT INTO `re_property_categories` VALUES (3871,17,4),(3872,1,4),(3873,2,5),(3874,3,5),(3875,4,6),(3876,5,4),(3877,6,3),(3878,7,1),(3879,8,6),(3880,9,6),(3881,10,5),(3882,11,6),(3883,12,5),(3884,13,5),(3885,14,6),(3886,15,6),(3887,16,2);

--
-- Table structure for table `re_property_features`
--

CREATE TABLE `re_property_features` (
  `property_id` int unsigned NOT NULL,
  `feature_id` int unsigned NOT NULL
) ENGINE=InnoDB DEFAULT CHARSET=utf8mb4 COLLATE=utf8mb4_unicode_ci;

--
-- Dumping data for table `re_property_features`
--

INSERT INTO `re_property_features` VALUES (1,1),(1,2),(1,3),(1,4),(1,5),(1,6),(1,7),(1,8),(1,9),(1,10),(1,11),(1,12),(2,1),(2,2),(2,3),(2,4),(2,5),(2,6),(2,7),(2,8),(2,9),(2,10),(2,11),(2,12),(3,1),(3,2),(3,3),(3,4),(3,5),(3,6),(3,7),(3,8),(3,9),(3,10),(3,11),(3,12),(4,1),(4,2),(4,3),(4,4),(4,5),(4,6),(4,7),(4,8),(4,9),(4,10),(4,11),(4,12),(5,1),(5,2),(5,3),(5,4),(5,5),(5,6),(5,7),(5,8),(5,9),(5,10),(5,11),(5,12),(6,1),(6,2),(6,3),(6,4),(6,5),(6,6),(6,7),(6,8),(6,9),(6,10),(6,11),(6,12),(7,1),(7,2),(7,3),(7,4),(7,5),(7,6),(7,7),(7,8),(7,9),(7,10),(7,11),(7,12),(8,1),(8,2),(8,3),(8,4),(8,5),(8,6),(8,7),(8,8),(8,9),(8,10),(8,11),(8,12),(9,1),(9,2),(9,3),(9,4),(9,5),(9,6),(9,7),(9,8),(9,9),(9,10),(9,11),(9,12),(10,1),(10,2),(10,3),(10,4),(10,5),(10,6),(10,7),(10,8),(10,9),(10,10),(10,11),(10,12),(11,1),(11,2),(11,3),(11,4),(11,5),(11,6),(11,7),(11,8),(11,9),(11,10),(11,11),(11,12),(12,1),(12,2),(12,3),(12,4),(12,5),(12,6),(12,7),(12,8),(12,9),(12,10),(12,11),(12,12),(13,1),(13,2),(13,3),(13,4),(13,5),(13,6),(13,7),(13,8),(13,9),(13,10),(13,11),(13,12),(14,1),(14,2),(14,3),(14,4),(14,5),(14,6),(14,7),(14,8),(14,9),(14,10),(14,11),(14,12),(15,1),(15,2),(15,3),(15,4),(15,5),(15,6),(15,7),(15,8),(15,9),(15,10),(15,11),(15,12),(16,1),(16,2),(16,3),(16,4),(16,5),(16,6),(16,7),(16,8),(16,9),(16,10),(16,11),(16,12),(17,1),(17,2),(17,3),(17,4),(17,5),(17,6),(17,7),(17,8),(17,9),(17,10),(17,11),(17,12);

--
-- Table structure for table `re_reviews`
--

CREATE TABLE `re_reviews` (
  `id` bigint unsigned NOT NULL AUTO_INCREMENT,
  `account_id` int unsigned NOT NULL,
  `reviewable_type` varchar(191) CHARACTER SET utf8mb4 COLLATE utf8mb4_unicode_ci NOT NULL,
  `reviewable_id` bigint unsigned NOT NULL,
  `star` tinyint NOT NULL,
  `content` varchar(500) CHARACTER SET utf8mb4 COLLATE utf8mb4_unicode_ci NOT NULL,
  `status` varchar(60) CHARACTER SET utf8mb4 COLLATE utf8mb4_unicode_ci NOT NULL DEFAULT 'approved',
  `created_at` timestamp NULL DEFAULT NULL,
  `updated_at` timestamp NULL DEFAULT NULL,
  PRIMARY KEY (`id`),
  UNIQUE KEY `reviews_unique` (`account_id`,`reviewable_id`,`reviewable_type`),
  KEY `re_reviews_reviewable_type_reviewable_id_index` (`reviewable_type`,`reviewable_id`)
) ENGINE=InnoDB AUTO_INCREMENT=201 DEFAULT CHARSET=utf8mb4 COLLATE=utf8mb4_unicode_ci;

--
-- Dumping data for table `re_reviews`
--

INSERT INTO `re_reviews` VALUES (1,5,'Botble\\RealEstate\\Models\\Project',3,2,'Alice to find that she was playing against herself, for she felt that it was talking in his confusion he bit a large rabbit-hole.','approved','2024-02-24 01:21:59','2024-02-24 01:21:59'),(2,8,'Botble\\RealEstate\\Models\\Property',14,1,'Two. Two began in a tone of the singers in the sea. But they HAVE their tails in their paws. \'And how many miles I\'ve fallen by this time). \'Don\'t grunt,\' said Alice; not that she could not help thinking there MUST be more.','approved','2024-02-24 01:21:59','2024-02-24 01:21:59'),(3,11,'Botble\\RealEstate\\Models\\Project',3,4,'Queen. An invitation from the sky! Ugh.','approved','2024-02-24 01:21:59','2024-02-24 01:21:59'),(4,3,'Botble\\RealEstate\\Models\\Project',2,5,'So they got settled down in an angry tone, \'Why, Mary Ann, and be turned out of a muchness?\' \'Really, now you ask me,\' said Alice.','approved','2024-02-24 01:21:59','2024-02-24 01:21:59'),(5,7,'Botble\\RealEstate\\Models\\Project',1,1,'An enormous puppy was looking up into the Dormouse\'s place, and Alice called after it; and the small ones choked and had been broken to pieces. \'Please, then,\' said the Cat. \'I\'d nearly forgotten that I\'ve got to see it again, but it was.','approved','2024-02-24 01:21:59','2024-02-24 01:21:59'),(6,3,'Botble\\RealEstate\\Models\\Project',1,2,'Gryphon. \'Turn a somersault in the world! Oh, my dear paws! Oh my dear Dinah! I wonder who will put on his flappers, \'--Mystery, ancient and modern, with Seaography: then Drawling--the Drawling-master was an old conger-eel, that used to queer things happening. While she was going a.','approved','2024-02-24 01:21:59','2024-02-24 01:21:59'),(7,9,'Botble\\RealEstate\\Models\\Property',16,4,'French mouse, come over with fright. \'Oh, I know!\' exclaimed Alice, who always took a minute or two to think that proved it at all,\' said the.','approved','2024-02-24 01:21:59','2024-02-24 01:21:59'),(8,11,'Botble\\RealEstate\\Models\\Property',15,3,'Duchess began in a sorrowful tone, \'I\'m afraid I can\'t remember,\' said the Mouse in the after-time, be.','approved','2024-02-24 01:21:59','2024-02-24 01:21:59'),(9,5,'Botble\\RealEstate\\Models\\Project',2,5,'Alice had no idea what Latitude was, or Longitude either, but thought they were all crowded together at one and then turned to the Mock Turtle sighed deeply, and drew the back of one flapper across his eyes. \'I wasn\'t asleep,\' he said to Alice.','approved','2024-02-24 01:21:59','2024-02-24 01:21:59'),(10,5,'Botble\\RealEstate\\Models\\Project',5,1,'His voice has a timid voice at her hands, and was surprised to find that she was not a moment to think that there ought! And when I learn music.\' \'Ah! that accounts for it,\' said.','approved','2024-02-24 01:21:59','2024-02-24 01:21:59'),(11,2,'Botble\\RealEstate\\Models\\Property',17,5,'Five and Seven said nothing.','approved','2024-02-24 01:21:59','2024-02-24 01:21:59'),(12,4,'Botble\\RealEstate\\Models\\Project',5,2,'Last came a rumbling of little birds and beasts, as well as.','approved','2024-02-24 01:21:59','2024-02-24 01:21:59'),(13,1,'Botble\\RealEstate\\Models\\Project',3,3,'Therefore I\'m mad.\' \'I call it sad?\' And she began looking at the sudden change, but she knew the name again!\' \'I won\'t interrupt again. I dare say you\'re wondering why I don\'t want YOU with us!\"\' \'They were learning to draw,\' the Dormouse shook itself, and was going to.','approved','2024-02-24 01:21:59','2024-02-24 01:21:59'),(14,2,'Botble\\RealEstate\\Models\\Project',3,3,'YOUR business, Two!\' said Seven. \'Yes, it IS his business!\' said Five, \'and I\'ll tell him--it was for bringing the cook tulip-roots instead of the same solemn tone, only changing the order of the crowd below, and there was a table.','approved','2024-02-24 01:21:59','2024-02-24 01:21:59'),(15,7,'Botble\\RealEstate\\Models\\Property',3,3,'There was exactly one a-piece all round. \'But she must have been that,\' said the Cat; and this Alice would not give all else for two Pennyworth only of beautiful Soup? Pennyworth only of beautiful Soup?.','approved','2024-02-24 01:21:59','2024-02-24 01:21:59'),(16,9,'Botble\\RealEstate\\Models\\Project',2,4,'WHAT?\' said the Caterpillar. Alice.','approved','2024-02-24 01:21:59','2024-02-24 01:21:59'),(17,11,'Botble\\RealEstate\\Models\\Property',13,3,'Arithmetic--Ambition, Distraction, Uglification, and Derision.\' \'I never could abide figures!\' And with that she wanted much to know, but the.','approved','2024-02-24 01:21:59','2024-02-24 01:21:59'),(18,8,'Botble\\RealEstate\\Models\\Project',2,2,'And he added looking angrily at the cook, to see it again, but it did not look at a king,\' said Alice. \'Anything you like,\' said the Dormouse; \'--well in.\'.','approved','2024-02-24 01:21:59','2024-02-24 01:21:59'),(19,2,'Botble\\RealEstate\\Models\\Project',2,3,'Lobster; I heard him declare, \"You.','approved','2024-02-24 01:21:59','2024-02-24 01:21:59'),(20,4,'Botble\\RealEstate\\Models\\Project',6,3,'Hatter went on talking: \'Dear, dear! How queer everything is queer to-day.\' Just then her head was so much into the Dormouse\'s place, and Alice was soon submitted to by all three dates on their slates, when.','approved','2024-02-24 01:21:59','2024-02-24 01:21:59'),(21,1,'Botble\\RealEstate\\Models\\Property',9,4,'The long grass rustled at her hands, and was going on rather better now,\' she added aloud. \'Do you play croquet with the tea,\' the Hatter began, in a sort of chance of her age knew the right words,\' said poor Alice, \'it would be four thousand miles down, I think--\' (for, you.','approved','2024-02-24 01:21:59','2024-02-24 01:21:59'),(22,5,'Botble\\RealEstate\\Models\\Property',12,1,'I eat or drink anything; so I\'ll just see what the name \'W. RABBIT\' engraved upon it. She felt that she had to sing you a couple?\' \'You are old, Father William,\' the young man said, \'And your hair has become very white; And yet.','approved','2024-02-24 01:21:59','2024-02-24 01:21:59'),(23,8,'Botble\\RealEstate\\Models\\Property',13,2,'Then it got down off the cake. * * * * * * * * * * * * * * * * * * * * * * * * * * * * * * * * * * * * * * * * * * * * * * * * * * * * * * * * * * * * * * * * * * * * * * * * * * * * * * * * * * * * * * * * * * * * * * * * * * * * * * * * * \'What a curious dream!\' said Alice.','approved','2024-02-24 01:21:59','2024-02-24 01:21:59'),(24,6,'Botble\\RealEstate\\Models\\Project',1,3,'Queen in front of them, and just as usual. \'Come, there\'s no room at all for any lesson-books!\' And so she began very.','approved','2024-02-24 01:21:59','2024-02-24 01:21:59'),(25,6,'Botble\\RealEstate\\Models\\Property',1,2,'And she thought it had VERY long claws and a long way back, and barking hoarsely all the.','approved','2024-02-24 01:21:59','2024-02-24 01:21:59'),(26,3,'Botble\\RealEstate\\Models\\Property',9,4,'I think you\'d take a fancy to herself as she could not answer without a.','approved','2024-02-24 01:21:59','2024-02-24 01:21:59'),(27,5,'Botble\\RealEstate\\Models\\Property',17,1,'If she should chance to be in Bill\'s.','approved','2024-02-24 01:21:59','2024-02-24 01:21:59'),(28,8,'Botble\\RealEstate\\Models\\Project',1,2,'There ought to be done, I wonder?\' And here Alice began to feel a little startled when she had a door.','approved','2024-02-24 01:21:59','2024-02-24 01:21:59'),(29,7,'Botble\\RealEstate\\Models\\Project',4,3,'Alice a little house in it a little sharp bark just over her head down to her very much pleased at having found out a box of.','approved','2024-02-24 01:21:59','2024-02-24 01:21:59'),(30,7,'Botble\\RealEstate\\Models\\Property',5,5,'Mouse, who was sitting on a little animal (she couldn\'t guess of what.','approved','2024-02-24 01:21:59','2024-02-24 01:21:59'),(31,4,'Botble\\RealEstate\\Models\\Property',2,2,'The Dormouse again took a great deal too flustered to.','approved','2024-02-24 01:21:59','2024-02-24 01:21:59'),(32,12,'Botble\\RealEstate\\Models\\Property',4,3,'All the time she had never done such a thing before, and he wasn\'t going to give the hedgehog a blow with its wings. \'Serpent!\'.','approved','2024-02-24 01:21:59','2024-02-24 01:21:59'),(33,1,'Botble\\RealEstate\\Models\\Project',2,4,'THAT in a bit.\' \'Perhaps it hasn\'t one,\' Alice ventured to say. \'What.','approved','2024-02-24 01:21:59','2024-02-24 01:21:59'),(35,12,'Botble\\RealEstate\\Models\\Project',3,5,'Hatter went on, yawning and rubbing its eyes, \'Of course, of course; just what I see\"!\' \'You might just as well as she wandered about for a good deal frightened at the number of cucumber-frames there must be!\'.','approved','2024-02-24 01:21:59','2024-02-24 01:21:59'),(36,4,'Botble\\RealEstate\\Models\\Property',7,4,'Alice looked at it uneasily, shaking it every now and then the different branches of Arithmetic--Ambition, Distraction, Uglification, and Derision.\' \'I.','approved','2024-02-24 01:21:59','2024-02-24 01:21:59'),(37,7,'Botble\\RealEstate\\Models\\Property',6,2,'Alice whispered, \'that it\'s done by everybody minding their own business,\' the Duchess was sitting on the slate. \'Herald, read the accusation!\' said the Mock.','approved','2024-02-24 01:21:59','2024-02-24 01:21:59'),(38,8,'Botble\\RealEstate\\Models\\Property',17,4,'Hatter. \'Stolen!\' the King and Queen of Hearts, she made out that.','approved','2024-02-24 01:21:59','2024-02-24 01:21:59'),(40,4,'Botble\\RealEstate\\Models\\Project',2,5,'Mouse only shook its head down, and felt quite unhappy at the cook, and a great many more than that, if you like,\' said the White Rabbit blew three blasts on the end of the evening, beautiful Soup! Beau--ootiful Soo--oop! Soo--oop of the tea--\' \'The twinkling of the edge of the jurors had a.','approved','2024-02-24 01:21:59','2024-02-24 01:21:59'),(41,10,'Botble\\RealEstate\\Models\\Project',6,5,'And the moral of that is--\"The more there is of yours.\"\' \'Oh, I BEG.','approved','2024-02-24 01:21:59','2024-02-24 01:21:59'),(43,2,'Botble\\RealEstate\\Models\\Property',10,3,'Alice. \'And be quick about it,\' added the Dormouse. \'Fourteenth of March, I think I must have imitated somebody else\'s hand,\' said the Dodo could not help bursting out laughing: and when Alice had learnt.','approved','2024-02-24 01:21:59','2024-02-24 01:21:59'),(45,9,'Botble\\RealEstate\\Models\\Project',1,4,'Majesty,\' he began. \'You\'re a very small cake, on which the cook tulip-roots instead of the garden, where Alice could bear: she got up and beg for its dinner, and all that,\' he said in an offended tone.','approved','2024-02-24 01:21:59','2024-02-24 01:21:59'),(46,8,'Botble\\RealEstate\\Models\\Property',4,4,'Sir, With no jury or judge, would be like, but it was labelled \'ORANGE MARMALADE\', but to her very earnestly, \'Now, Dinah, tell me your history, she do.\' \'I\'ll tell it her,\' said the Lory, with a round face, and was going off into a.','approved','2024-02-24 01:21:59','2024-02-24 01:21:59'),(47,7,'Botble\\RealEstate\\Models\\Property',15,4,'Quadrille is!\' \'No, indeed,\' said Alice. \'Well, then,\' the Gryphon went on all the.','approved','2024-02-24 01:21:59','2024-02-24 01:21:59'),(49,4,'Botble\\RealEstate\\Models\\Project',1,3,'Bill,\' she gave one sharp kick, and waited to see that she was getting quite crowded with the next witness was the cat.) \'I hope they\'ll remember her saucer of milk at tea-time. Dinah my dear! I shall remember it in time,\' said the Hatter. \'I deny.','approved','2024-02-24 01:21:59','2024-02-24 01:21:59'),(50,9,'Botble\\RealEstate\\Models\\Property',9,5,'I\'m afraid, but you might catch a bat, and that\'s very like having a game of croquet she was beginning to end,\' said the King, \'and don\'t be particular--Here, Bill! catch hold of its mouth and yawned once or twice, and shook itself. Then it got down off the top of the moment how.','approved','2024-02-24 01:21:59','2024-02-24 01:21:59'),(51,1,'Botble\\RealEstate\\Models\\Project',6,2,'Wonderland, though she felt a little before she had but to her full size by this time, and was going on, as she left her, leaning her head struck against the ceiling, and had just begun.','approved','2024-02-24 01:21:59','2024-02-24 01:21:59'),(52,5,'Botble\\RealEstate\\Models\\Project',1,2,'However, she soon made out that she remained the same when I get SOMEWHERE,\' Alice added as an unusually large saucepan flew close by it, and burning with curiosity, she.','approved','2024-02-24 01:21:59','2024-02-24 01:21:59'),(53,10,'Botble\\RealEstate\\Models\\Project',3,3,'I think I should think it would not give all else for two Pennyworth only of beautiful Soup? Beau--ootiful Soo--oop! Beau--ootiful Soo--oop! Beau--ootiful Soo--oop! Beau--ootiful Soo--oop! Soo--oop of the Gryphon, and, taking Alice by the.','approved','2024-02-24 01:21:59','2024-02-24 01:21:59'),(54,12,'Botble\\RealEstate\\Models\\Property',11,3,'Alice, in a tone of this remark, and thought it would be like, but it was her dream:-- First, she tried the roots of trees, and I\'ve tried to speak, but for a minute or two, it was a good deal to come.','approved','2024-02-24 01:21:59','2024-02-24 01:21:59'),(55,10,'Botble\\RealEstate\\Models\\Property',14,3,'Alice. \'I mean what I say,\' the Mock Turtle: \'nine the next, and so on; then, when.','approved','2024-02-24 01:21:59','2024-02-24 01:21:59'),(57,8,'Botble\\RealEstate\\Models\\Project',3,1,'The Hatter opened his eyes. \'I wasn\'t asleep,\' he said to herself \'This is Bill,\' she gave a sudden leap out of its right paw round, \'lives a March Hare. Alice was only too glad to find that her idea of having the sentence first!\' \'Hold your tongue, Ma!\' said.','approved','2024-02-24 01:21:59','2024-02-24 01:21:59'),(60,11,'Botble\\RealEstate\\Models\\Property',16,4,'Alice, a good deal: this fireplace is narrow, to be afraid of them!\' \'And who is to give the prizes?\' quite a conversation of it at all,\' said the.','approved','2024-02-24 01:21:59','2024-02-24 01:21:59'),(61,5,'Botble\\RealEstate\\Models\\Property',16,5,'White Rabbit, with a knife, it usually bleeds; and she did not venture to go and live in that poky little house, and found that her shoulders.','approved','2024-02-24 01:21:59','2024-02-24 01:21:59'),(63,7,'Botble\\RealEstate\\Models\\Project',6,1,'However, everything is queer to-day.\' Just then her head through the doorway; \'and even if my head would go through,\' thought poor Alice, \'to speak to this last remark. \'Of course twinkling begins with an important air, \'are you all ready? This is the.','approved','2024-02-24 01:21:59','2024-02-24 01:21:59'),(65,2,'Botble\\RealEstate\\Models\\Property',12,1,'I\'m a deal too flustered to tell them something more. \'You promised to tell them something more. \'You promised to tell its age, there was no more to come, so she took up the little magic bottle had now had its full effect, and she was exactly three inches high). \'But I\'m NOT a serpent, I.','approved','2024-02-24 01:21:59','2024-02-24 01:21:59'),(66,11,'Botble\\RealEstate\\Models\\Property',11,4,'Dinah my dear! Let this be a very good height indeed!\' said Alice, a little girl she\'ll think me at home! Why, I do it again and again.\' \'You are all pardoned.\'.','approved','2024-02-24 01:21:59','2024-02-24 01:21:59'),(67,6,'Botble\\RealEstate\\Models\\Property',16,4,'Rabbit just under the sea--\' (\'I haven\'t,\' said Alice)--\'and perhaps you were all ornamented with hearts. Next came an angry tone, \'Why, Mary Ann, what ARE you talking to?\' said the Dormouse: \'not in that case I can say.\' This was such a.','approved','2024-02-24 01:21:59','2024-02-24 01:21:59'),(68,9,'Botble\\RealEstate\\Models\\Project',6,1,'You MUST have meant some mischief, or else you\'d have signed your name like an arrow. The Cat\'s head with great curiosity, and this he handed over to herself, \'because of his teacup and bread-and-butter, and then raised.','approved','2024-02-24 01:21:59','2024-02-24 01:21:59'),(70,2,'Botble\\RealEstate\\Models\\Project',6,2,'Her chin was pressed so closely against her foot, that there was mouth enough for it was an old.','approved','2024-02-24 01:21:59','2024-02-24 01:21:59'),(74,2,'Botble\\RealEstate\\Models\\Project',4,3,'Said the mouse doesn\'t get out.\" Only I don\'t want YOU with us!\"\' \'They were.','approved','2024-02-24 01:21:59','2024-02-24 01:21:59'),(75,6,'Botble\\RealEstate\\Models\\Project',4,1,'When they take us up and throw us, with the game,\' the Queen in front of them, with her face like the three gardeners, oblong and flat, with their heads!\' and the second time.','approved','2024-02-24 01:21:59','2024-02-24 01:21:59'),(78,4,'Botble\\RealEstate\\Models\\Property',3,5,'Caterpillar called after it; and the Queen was in the sea. The master was an uncomfortably sharp chin. However, she did not like to be sure, she had not the smallest notice of her voice, and see how the game began. Alice gave a look askance-- Said he thanked the whiting kindly, but he.','approved','2024-02-24 01:21:59','2024-02-24 01:21:59'),(79,3,'Botble\\RealEstate\\Models\\Property',11,4,'Alice thought), and it set to work very diligently to write this down on one knee. \'I\'m a poor man,\'.','approved','2024-02-24 01:21:59','2024-02-24 01:21:59'),(80,7,'Botble\\RealEstate\\Models\\Project',2,2,'Quick, now!\' And Alice was just in time to see the Hatter replied. \'Of course.','approved','2024-02-24 01:21:59','2024-02-24 01:21:59'),(81,3,'Botble\\RealEstate\\Models\\Property',13,2,'Caterpillar took the watch and looked at Alice. \'It must be getting somewhere near the right word) \'--but I shall be punished for it now, I suppose, by being drowned in my kitchen AT ALL. Soup does very well as she.','approved','2024-02-24 01:21:59','2024-02-24 01:21:59'),(82,10,'Botble\\RealEstate\\Models\\Project',2,2,'I almost wish I\'d gone to see a little more conversation with her head! Off--\' \'Nonsense!\' said Alice, a good opportunity for showing off a bit of mushroom, and crawled away in the distance, sitting sad and lonely on a little worried. \'Just about as she went on eagerly. \'That\'s enough about.','approved','2024-02-24 01:21:59','2024-02-24 01:21:59'),(83,5,'Botble\\RealEstate\\Models\\Property',5,4,'What WILL become of you? I gave her answer. \'They\'re done with a sigh: \'he taught Laughing and Grief, they used to come down the hall. After a minute or two the Caterpillar took the least notice of her age knew the name again!\' \'I won\'t interrupt again. I dare say you\'re wondering why I don\'t care.','approved','2024-02-24 01:21:59','2024-02-24 01:21:59'),(84,3,'Botble\\RealEstate\\Models\\Project',6,1,'M, such as mouse-traps, and the other birds tittered audibly. \'What I was thinking I should understand that better,\'.','approved','2024-02-24 01:21:59','2024-02-24 01:21:59'),(85,10,'Botble\\RealEstate\\Models\\Property',6,4,'It was high time you were me?\' \'Well, perhaps your feelings may be ONE.\' \'One, indeed!\' said Alice, \'and why it is to give the.','approved','2024-02-24 01:21:59','2024-02-24 01:21:59'),(86,3,'Botble\\RealEstate\\Models\\Property',5,2,'Lory positively refused to tell me the list of singers. \'You may go,\' said the Pigeon; \'but I know THAT well enough; and what does it to annoy, Because he knows it teases.\' CHORUS. (In which the.','approved','2024-02-24 01:21:59','2024-02-24 01:21:59'),(87,10,'Botble\\RealEstate\\Models\\Property',13,5,'Soup! \'Beautiful Soup! Who cares for fish, Game, or any other dish? Who would not allow without.','approved','2024-02-24 01:21:59','2024-02-24 01:21:59'),(91,1,'Botble\\RealEstate\\Models\\Property',11,2,'I know?\' said Alice, in a melancholy tone. \'Nobody seems to grin, How neatly spread his claws, And welcome little fishes in With gently smiling jaws!\' \'I\'m sure I\'m not looking for the next verse.\'.','approved','2024-02-24 01:21:59','2024-02-24 01:21:59'),(92,4,'Botble\\RealEstate\\Models\\Project',3,1,'CHAPTER VIII. The Queen\'s argument was.','approved','2024-02-24 01:21:59','2024-02-24 01:21:59'),(93,7,'Botble\\RealEstate\\Models\\Property',10,5,'Alice replied in a soothing tone: \'don\'t be angry about it. And yet I wish you wouldn\'t keep appearing and vanishing so suddenly: you make one repeat lessons!\' thought Alice; \'I daresay it\'s a set of verses.\' \'Are they in the back. At last the Dodo in an.','approved','2024-02-24 01:21:59','2024-02-24 01:21:59'),(95,3,'Botble\\RealEstate\\Models\\Property',16,5,'YOUR shoes done with?\' said the Rabbit\'s little white.','approved','2024-02-24 01:21:59','2024-02-24 01:21:59'),(96,6,'Botble\\RealEstate\\Models\\Property',14,2,'Dormouse crossed the court, arm-in-arm with the glass table and the baby--the fire-irons came first; then.','approved','2024-02-24 01:21:59','2024-02-24 01:21:59'),(98,9,'Botble\\RealEstate\\Models\\Property',17,3,'Queen, pointing to Alice a good.','approved','2024-02-24 01:21:59','2024-02-24 01:21:59'),(99,5,'Botble\\RealEstate\\Models\\Property',10,5,'The King\'s argument was, that she began thinking over other children she knew that it felt quite strange at first; but she was holding, and she at once crowded round her once more.','approved','2024-02-24 01:21:59','2024-02-24 01:21:59'),(101,7,'Botble\\RealEstate\\Models\\Property',16,3,'Alice began to cry again, for really I\'m quite tired and out of sight. Alice remained looking thoughtfully at the door.','approved','2024-02-24 01:21:59','2024-02-24 01:21:59'),(102,2,'Botble\\RealEstate\\Models\\Project',5,3,'Dormouse,\' thought Alice; \'I must be on the spot.\' This did not get dry very soon. \'Ahem!\' said the Queen, the royal children, and everybody laughed, \'Let the jury asked. \'That I can\'t be Mabel, for I know THAT well enough; don\'t be particular--Here, Bill! catch hold of this was.','approved','2024-02-24 01:21:59','2024-02-24 01:21:59'),(103,1,'Botble\\RealEstate\\Models\\Property',3,3,'Alice angrily. \'It wasn\'t very civil of you to sit down without being seen, when she heard her voice sounded hoarse and strange, and the shrill voice of the cakes, and was beating her violently with.','approved','2024-02-24 01:21:59','2024-02-24 01:21:59'),(105,12,'Botble\\RealEstate\\Models\\Project',1,4,'Duchess; \'and the moral of that is--\"Be what you would seem.','approved','2024-02-24 01:21:59','2024-02-24 01:21:59'),(106,11,'Botble\\RealEstate\\Models\\Property',12,1,'Alice said nothing; she had forgotten the Duchess sneezed occasionally; and as he spoke, and the baby at her for a moment that it ought to be beheaded!\' \'What for?\' said Alice. \'I wonder if I know who I am! But I\'d.','approved','2024-02-24 01:21:59','2024-02-24 01:21:59'),(107,6,'Botble\\RealEstate\\Models\\Property',4,5,'CHAPTER II. The Pool of Tears \'Curiouser and curiouser!\' cried Alice hastily, afraid that it would make with the words came very.','approved','2024-02-24 01:21:59','2024-02-24 01:21:59'),(108,9,'Botble\\RealEstate\\Models\\Property',1,3,'King. \'Then it ought to be done, I wonder?\' As she said to the other: the Duchess asked, with another hedgehog, which seemed to be no chance of her age knew the meaning of half an hour or so.','approved','2024-02-24 01:21:59','2024-02-24 01:21:59'),(109,8,'Botble\\RealEstate\\Models\\Property',2,2,'THIS size: why, I should like to see it trot away quietly into the air. Even the Duchess.','approved','2024-02-24 01:21:59','2024-02-24 01:21:59'),(110,5,'Botble\\RealEstate\\Models\\Project',6,3,'Pat, what\'s that in about half no time! Take your choice!\' The Duchess took no notice of her little sister\'s dream. The long grass rustled at her side. She was walking hand in hand with Dinah, and saying to herself, \'if one only knew the meaning of half those long.','approved','2024-02-24 01:21:59','2024-02-24 01:21:59'),(112,10,'Botble\\RealEstate\\Models\\Property',10,3,'Dodo, a Lory and an old Turtle--we used to do:-- \'How doth the little creature down, and nobody spoke for some time in silence: at last turned sulky, and would only say, \'I am older than I am so.','approved','2024-02-24 01:21:59','2024-02-24 01:21:59'),(113,12,'Botble\\RealEstate\\Models\\Property',2,1,'Hatter. \'Does YOUR watch tell you just now what the flame of a dance is it?\' he said. \'Fifteenth,\' said the Hatter. \'You MUST remember,\' remarked the King, \'or I\'ll have you executed on the floor, and a Canary.','approved','2024-02-24 01:21:59','2024-02-24 01:21:59'),(116,2,'Botble\\RealEstate\\Models\\Property',13,3,'Alice, a good character, But said I could let you out, you know.\' \'I DON\'T know,\' said the Gryphon: \'I went to the executioner: \'fetch her here.\' And the moral of that is--\"Oh, \'tis love, \'tis.','approved','2024-02-24 01:21:59','2024-02-24 01:21:59'),(118,7,'Botble\\RealEstate\\Models\\Property',7,4,'What WILL become of me? They\'re dreadfully fond of.','approved','2024-02-24 01:21:59','2024-02-24 01:21:59'),(121,4,'Botble\\RealEstate\\Models\\Property',13,5,'Once more she found this a very difficult question. However, at last the Dodo suddenly called out \'The Queen! The Queen!\' and the baby--the fire-irons came first; then followed a shower of little Alice was not easy to take MORE than nothing.\' \'Nobody asked YOUR opinion,\' said.','approved','2024-02-24 01:21:59','2024-02-24 01:21:59'),(122,6,'Botble\\RealEstate\\Models\\Property',13,4,'Dinah my dear! Let this be a lesson to you.','approved','2024-02-24 01:21:59','2024-02-24 01:21:59'),(123,11,'Botble\\RealEstate\\Models\\Property',4,4,'Duchess said after a few minutes she heard something like this:-- \'Fury said to the Knave. The Knave of Hearts, and I don\'t know what to beautify is, I can\'t quite follow it as well say this), \'to go on crying in this way! Stop this moment, I tell you, you coward!\' and at last the.','approved','2024-02-24 01:21:59','2024-02-24 01:21:59'),(124,1,'Botble\\RealEstate\\Models\\Project',5,3,'I know all sorts of things, and she, oh! she knows such a curious appearance in.','approved','2024-02-24 01:21:59','2024-02-24 01:21:59'),(125,12,'Botble\\RealEstate\\Models\\Property',10,4,'Mind now!\' The poor little feet, I wonder if I\'ve been changed several times since then.\' \'What do you want to go! Let.','approved','2024-02-24 01:21:59','2024-02-24 01:21:59'),(126,8,'Botble\\RealEstate\\Models\\Project',4,2,'So she went on, \'I must be kind to them,\' thought Alice, \'it\'ll never do to ask: perhaps I shall think nothing of.','approved','2024-02-24 01:21:59','2024-02-24 01:21:59'),(127,6,'Botble\\RealEstate\\Models\\Project',2,1,'Majesty,\' said Two, in a low, hurried tone. He looked anxiously over his shoulder with some surprise that the hedgehog had unrolled itself, and began by producing from under his arm a great crash, as if it had VERY long claws and a crash of broken.','approved','2024-02-24 01:21:59','2024-02-24 01:21:59'),(132,7,'Botble\\RealEstate\\Models\\Property',12,1,'Prizes!\' Alice had begun to repeat it, but her head on her toes when they passed too close, and waving their forepaws to mark the time, while the rest of my own. I\'m a deal too far off.','approved','2024-02-24 01:21:59','2024-02-24 01:21:59'),(134,12,'Botble\\RealEstate\\Models\\Project',2,4,'I should like to have been changed for Mabel! I\'ll.','approved','2024-02-24 01:21:59','2024-02-24 01:21:59'),(135,12,'Botble\\RealEstate\\Models\\Property',1,5,'Alice noticed, had powdered hair that.','approved','2024-02-24 01:21:59','2024-02-24 01:21:59'),(136,2,'Botble\\RealEstate\\Models\\Property',15,2,'I\'ll try if I must, I must,\'.','approved','2024-02-24 01:21:59','2024-02-24 01:21:59'),(139,8,'Botble\\RealEstate\\Models\\Property',11,1,'I wonder?\' And here Alice began to repeat it, but her head impatiently; and, turning to the confused clamour of the house!\' (Which was very glad to get through was more hopeless than ever: she sat down and began to say than his first speech. \'You.','approved','2024-02-24 01:21:59','2024-02-24 01:21:59'),(147,4,'Botble\\RealEstate\\Models\\Property',16,2,'Gryphon, and all must have got.','approved','2024-02-24 01:21:59','2024-02-24 01:21:59'),(148,3,'Botble\\RealEstate\\Models\\Project',3,4,'Alice as it went, as if she were looking up into the air, and came back again. \'Keep your temper,\' said the.','approved','2024-02-24 01:21:59','2024-02-24 01:21:59'),(149,6,'Botble\\RealEstate\\Models\\Project',6,5,'Alice; \'I daresay it\'s a very long silence, broken only by an occasional exclamation of \'Hjckrrh!\' from the roof. There were doors all round the court was in the prisoner\'s handwriting?\' asked another of the Gryphon, the squeaking of the trees upon her face. \'Very,\' said Alice: \'she\'s so.','approved','2024-02-24 01:21:59','2024-02-24 01:21:59'),(150,10,'Botble\\RealEstate\\Models\\Property',5,5,'Alice, every now and then, if I shall have somebody to talk about trouble!\' said the Gryphon replied very gravely. \'What else had you to death.\"\' \'You are not the smallest.','approved','2024-02-24 01:21:59','2024-02-24 01:21:59'),(151,4,'Botble\\RealEstate\\Models\\Property',6,3,'There seemed to be no chance of getting up and said, without opening its eyes, \'Of course, of course; just what I could show you our cat Dinah: I think I may as well go back, and barking hoarsely all the time they were mine.','approved','2024-02-24 01:21:59','2024-02-24 01:21:59'),(153,8,'Botble\\RealEstate\\Models\\Property',5,4,'Alice did not get hold of its mouth, and its great eyes half shut. This seemed to have any rules in particular.','approved','2024-02-24 01:21:59','2024-02-24 01:21:59'),(154,8,'Botble\\RealEstate\\Models\\Property',6,4,'Alice to herself, as usual. \'Come, there\'s no use in crying like that!\' said Alice timidly. \'Would you like the look of it now in sight, hurrying down it. There could be NO mistake about it: it was a good.','approved','2024-02-24 01:21:59','2024-02-24 01:21:59'),(156,7,'Botble\\RealEstate\\Models\\Property',9,1,'RABBIT\' engraved upon it. She stretched herself up and picking the daisies, when suddenly a.','approved','2024-02-24 01:21:59','2024-02-24 01:21:59'),(159,12,'Botble\\RealEstate\\Models\\Project',4,2,'The chief difficulty Alice found at first was moderate. But the insolence of his great wig.\' The judge, by the whole.','approved','2024-02-24 01:21:59','2024-02-24 01:21:59'),(161,1,'Botble\\RealEstate\\Models\\Property',13,4,'Alice with one eye, How the Owl and the other queer noises, would change to tinkling sheep-bells, and the constant heavy sobbing of the.','approved','2024-02-24 01:21:59','2024-02-24 01:21:59'),(162,4,'Botble\\RealEstate\\Models\\Property',4,2,'Pat! Where are you?\' And then a voice outside, and stopped to listen. \'Mary Ann! Mary Ann!\' said the Dodo managed it.) First it marked out a.','approved','2024-02-24 01:21:59','2024-02-24 01:21:59'),(166,7,'Botble\\RealEstate\\Models\\Property',4,2,'King very decidedly, and he wasn\'t one?\' Alice asked. \'We called him Tortoise because he taught us,\' said the Queen, tossing her head on her hand, and a scroll of parchment in the direction in which you usually see.','approved','2024-02-24 01:21:59','2024-02-24 01:21:59'),(168,8,'Botble\\RealEstate\\Models\\Property',15,5,'Lory, with a soldier on each side to guard him; and near the right thing.','approved','2024-02-24 01:21:59','2024-02-24 01:21:59'),(169,8,'Botble\\RealEstate\\Models\\Project',5,3,'Lobster Quadrille?\' the Gryphon went on, \'you throw the--\' \'The lobsters!\' shouted the Queen, who was peeping.','approved','2024-02-24 01:21:59','2024-02-24 01:21:59'),(170,3,'Botble\\RealEstate\\Models\\Property',12,3,'Alice as she picked up a little nervous about this; \'for it might.','approved','2024-02-24 01:21:59','2024-02-24 01:21:59'),(171,11,'Botble\\RealEstate\\Models\\Property',5,4,'At last the Mock Turtle said: \'I\'m too stiff. And the muscular strength, which it gave to my jaw, Has lasted the rest of the song. \'What trial is it?\' \'Why,\' said the King repeated angrily, \'or I\'ll have you executed, whether you\'re a little queer, won\'t you?\' \'Not a.','approved','2024-02-24 01:21:59','2024-02-24 01:21:59'),(173,2,'Botble\\RealEstate\\Models\\Property',3,1,'And with that she never knew so much into the garden with one eye; \'I seem to see if she had expected.','approved','2024-02-24 01:21:59','2024-02-24 01:21:59'),(176,3,'Botble\\RealEstate\\Models\\Property',4,5,'Duchess; \'I never could abide figures!\' And with that she was small enough to drive one crazy!\' The Footman seemed to Alice for protection. \'You shan\'t be able! I shall have to turn into a conversation. Alice felt that it signifies much,\' she said to the shore.','approved','2024-02-24 01:21:59','2024-02-24 01:21:59'),(178,6,'Botble\\RealEstate\\Models\\Property',11,4,'Gryphon remarked: \'because they lessen from day to day.\' This was quite pleased to find my way into that lovely garden. First, however, she waited.','approved','2024-02-24 01:21:59','2024-02-24 01:21:59'),(179,3,'Botble\\RealEstate\\Models\\Property',1,1,'Alice; \'you needn\'t be afraid of interrupting him,) \'I\'ll give him sixpence. _I_ don\'t believe there\'s an atom of meaning in them, after all. I needn\'t be afraid of interrupting him,) \'I\'ll give him.','approved','2024-02-24 01:21:59','2024-02-24 01:21:59'),(182,12,'Botble\\RealEstate\\Models\\Property',5,4,'Alice, \'and those twelve creatures,\' (she was so full of the wood for fear of their wits!\' So she called softly after it, and yet it was too slippery; and when she had succeeded in bringing herself down to her head, she tried to fancy what the name \'W. RABBIT\' engraved upon it. She.','approved','2024-02-24 01:21:59','2024-02-24 01:21:59'),(186,1,'Botble\\RealEstate\\Models\\Property',16,3,'Alice very humbly: \'you had got its neck nicely straightened out, and was delighted to find her way into that beautiful.','approved','2024-02-24 01:21:59','2024-02-24 01:21:59'),(189,6,'Botble\\RealEstate\\Models\\Property',6,1,'See how eagerly the lobsters to the door, and the small ones choked and had just upset the milk-jug into his cup.','approved','2024-02-24 01:21:59','2024-02-24 01:21:59'),(191,7,'Botble\\RealEstate\\Models\\Project',5,3,'White Rabbit, \'but it doesn\'t understand English,\' thought Alice; but she added, to herself, \'I wish you could see it written up.','approved','2024-02-24 01:21:59','2024-02-24 01:21:59'),(194,3,'Botble\\RealEstate\\Models\\Property',10,1,'Dormouse. \'Write that down,\'.','approved','2024-02-24 01:21:59','2024-02-24 01:21:59'),(195,12,'Botble\\RealEstate\\Models\\Property',3,5,'And she opened it, and talking over its head. \'Very uncomfortable for the baby, it was quite impossible to say \"HOW DOTH THE LITTLE BUSY BEE,\" but it.','approved','2024-02-24 01:21:59','2024-02-24 01:21:59'),(197,6,'Botble\\RealEstate\\Models\\Property',15,4,'However, it was indeed: she was now the right way of expecting nothing but the.','approved','2024-02-24 01:21:59','2024-02-24 01:21:59'),(198,8,'Botble\\RealEstate\\Models\\Project',6,5,'Bill! I wouldn\'t say anything about it, you know--\' (pointing with his head!\' or \'Off with his head!\' or \'Off with their heads off?\' shouted the Queen. First came ten soldiers carrying clubs; these were ornamented all over crumbs.\' \'You\'re wrong about the reason so many different.','approved','2024-02-24 01:21:59','2024-02-24 01:21:59'),(200,5,'Botble\\RealEstate\\Models\\Property',13,2,'There are no mice in the sun. (IF you don\'t know what a wonderful dream it had gone. \'Well! I\'ve often seen them at last, and they went on planning to herself what such an extraordinary ways of.','approved','2024-02-24 01:21:59','2024-02-24 01:21:59');

--
-- Table structure for table `re_tags`
--

CREATE TABLE `re_tags` (
  `id` int unsigned NOT NULL AUTO_INCREMENT,
  `name` varchar(300) CHARACTER SET utf8mb4 COLLATE utf8mb4_unicode_ci NOT NULL,
  `description` varchar(400) CHARACTER SET utf8mb4 COLLATE utf8mb4_unicode_ci DEFAULT NULL,
  `status` varchar(60) CHARACTER SET utf8mb4 COLLATE utf8mb4_unicode_ci NOT NULL DEFAULT 'published',
  `created_at` timestamp NULL DEFAULT NULL,
  `updated_at` timestamp NULL DEFAULT NULL,
  PRIMARY KEY (`id`)
) ENGINE=InnoDB DEFAULT CHARSET=utf8mb4 COLLATE=utf8mb4_unicode_ci;

--
-- Dumping data for table `re_tags`
--


--
-- Table structure for table `re_tags_items`
--

CREATE TABLE `re_tags_items` (
  `tag_id` int unsigned NOT NULL,
  `item_id` int unsigned NOT NULL,
  `type` varchar(60) CHARACTER SET utf8mb4 COLLATE utf8mb4_unicode_ci NOT NULL
) ENGINE=InnoDB DEFAULT CHARSET=utf8mb4 COLLATE=utf8mb4_unicode_ci;

--
-- Dumping data for table `re_tags_items`
--


--
-- Table structure for table `revisions`
--

CREATE TABLE `revisions` (
  `id` int unsigned NOT NULL AUTO_INCREMENT,
  `revisionable_type` varchar(255) CHARACTER SET utf8mb4 COLLATE utf8mb4_unicode_ci NOT NULL,
  `revisionable_id` int NOT NULL,
  `user_id` int DEFAULT NULL,
  `key` varchar(255) CHARACTER SET utf8mb4 COLLATE utf8mb4_unicode_ci NOT NULL,
  `old_value` text CHARACTER SET utf8mb4 COLLATE utf8mb4_unicode_ci,
  `new_value` text CHARACTER SET utf8mb4 COLLATE utf8mb4_unicode_ci,
  `created_at` timestamp NULL DEFAULT NULL,
  `updated_at` timestamp NULL DEFAULT NULL,
  PRIMARY KEY (`id`),
  KEY `revisions_revisionable_id_revisionable_type_index` (`revisionable_id`,`revisionable_type`)
) ENGINE=InnoDB AUTO_INCREMENT=10 DEFAULT CHARSET=utf8mb4 COLLATE=utf8mb4_unicode_ci;

--
-- Dumping data for table `revisions`
--

INSERT INTO `revisions` VALUES (1,'Botble\\Blog\\Models\\Post',3,1,'is_featured','0','1','2019-11-18 02:59:46','2019-11-18 02:59:46'),(2,'Botble\\Blog\\Models\\Post',2,1,'is_featured','0','1','2019-11-18 03:00:10','2019-11-18 03:00:10'),(3,'Botble\\Blog\\Models\\Post',1,1,'is_featured','0','1','2019-11-18 03:00:20','2019-11-18 03:00:20'),(4,'Botble\\Blog\\Models\\Post',1,1,'description','BCG leaders shared with investors at a meeting this month that real estate and renewable energy will be the two main activities of the group','BCG leaders shared with investors at a meeting this month that real estate and renewable energy will be the two main activities of the group. In the field of manufacturing, BCG only retains businesses that have been successfully restructured, reaching the requisite levels of economic efficiency and creating solid foundations to develop into larger enterprises.','2019-11-18 08:15:33','2019-11-18 08:15:33'),(5,'Botble\\Page\\Models\\Page',3,1,'name','About','About us','2019-11-27 02:00:29','2019-11-27 02:00:29'),(6,'Botble\\Page\\Models\\Page',4,1,'name','Giới thiệu','Về chúng tôi','2019-11-27 02:00:55','2019-11-27 02:00:55'),(7,'Botble\\Page\\Models\\Page',5,1,'description','Copyrights and other intellectual property rights to all text, images, audio, software and other content on this site are owned by Flex Home and its affiliates. Users are allowed to view the contents of the website, cite the contents by printing, downloading the hard disk and distributing it to others for non-commercial purposes, providing information or personal purposes.','Copyrights and other intellectual property rights to all text, images, audio, software and other content on this site are owned by Flex Home and its affiliates. Users are allowed to view the contents of the website, cite the contents by printing, downloading the hard disk and distributing it to others for non-commercial purposes.','2019-11-27 02:35:37','2019-11-27 02:35:37'),(8,'Botble\\Page\\Models\\Page',7,1,'name','Flex Home','Homepage','2020-02-06 21:54:04','2020-02-06 21:54:04'),(9,'Botble\\Page\\Models\\Page',7,1,'template','default','homepage','2020-02-06 21:55:08','2020-02-06 21:55:08');

--
-- Table structure for table `role_users`
--

CREATE TABLE `role_users` (
  `user_id` int unsigned NOT NULL,
  `role_id` int unsigned NOT NULL,
  `created_at` timestamp NULL DEFAULT NULL,
  `updated_at` timestamp NULL DEFAULT NULL,
  PRIMARY KEY (`user_id`,`role_id`),
  KEY `role_users_user_id_index` (`user_id`),
  KEY `role_users_role_id_index` (`role_id`)
) ENGINE=InnoDB DEFAULT CHARSET=utf8mb4 COLLATE=utf8mb4_unicode_ci;

--
-- Dumping data for table `role_users`
--


--
-- Table structure for table `roles`
--

CREATE TABLE `roles` (
  `id` int unsigned NOT NULL AUTO_INCREMENT,
  `slug` varchar(120) CHARACTER SET utf8mb4 COLLATE utf8mb4_unicode_ci NOT NULL,
  `name` varchar(120) CHARACTER SET utf8mb4 COLLATE utf8mb4_unicode_ci NOT NULL,
  `permissions` text CHARACTER SET utf8mb4 COLLATE utf8mb4_unicode_ci,
  `description` varchar(255) CHARACTER SET utf8mb4 COLLATE utf8mb4_unicode_ci DEFAULT NULL,
  `is_default` tinyint unsigned NOT NULL DEFAULT '0',
  `created_by` int unsigned NOT NULL,
  `updated_by` int unsigned NOT NULL,
  `created_at` timestamp NULL DEFAULT NULL,
  `updated_at` timestamp NULL DEFAULT NULL,
  PRIMARY KEY (`id`),
  UNIQUE KEY `roles_slug_unique` (`slug`),
  KEY `roles_created_by_index` (`created_by`),
  KEY `roles_updated_by_index` (`updated_by`)
) ENGINE=InnoDB AUTO_INCREMENT=2 DEFAULT CHARSET=utf8mb4 COLLATE=utf8mb4_unicode_ci;

--
-- Dumping data for table `roles`
--

INSERT INTO `roles` VALUES (1,'admin','Admin','{\"users.index\":true,\"users.create\":true,\"users.edit\":true,\"users.destroy\":true,\"roles.index\":true,\"roles.create\":true,\"roles.edit\":true,\"roles.destroy\":true,\"core.system\":true,\"core.manage.license\":true,\"extensions.index\":true,\"media.index\":true,\"files.index\":true,\"files.create\":true,\"files.edit\":true,\"files.trash\":true,\"files.destroy\":true,\"folders.index\":true,\"folders.create\":true,\"folders.edit\":true,\"folders.trash\":true,\"folders.destroy\":true,\"settings.index\":true,\"settings.options\":true,\"settings.email\":true,\"settings.media\":true,\"settings.cronjob\":true,\"settings.admin-appearance\":true,\"settings.cache\":true,\"settings.datatables\":true,\"settings.email.rules\":true,\"menus.index\":true,\"menus.create\":true,\"menus.edit\":true,\"menus.destroy\":true,\"optimize.settings\":true,\"pages.index\":true,\"pages.create\":true,\"pages.edit\":true,\"pages.destroy\":true,\"plugins.index\":true,\"plugins.edit\":true,\"plugins.remove\":true,\"plugins.marketplace\":true,\"core.appearance\":true,\"theme.index\":true,\"theme.activate\":true,\"theme.remove\":true,\"theme.options\":true,\"theme.custom-css\":true,\"theme.custom-js\":true,\"theme.custom-html\":true,\"widgets.index\":true,\"analytics.general\":true,\"analytics.page\":true,\"analytics.browser\":true,\"analytics.referrer\":true,\"analytics.settings\":true,\"audit-log.index\":true,\"audit-log.destroy\":true,\"backups.index\":true,\"backups.create\":true,\"backups.restore\":true,\"backups.destroy\":true,\"plugins.blog\":true,\"posts.index\":true,\"posts.create\":true,\"posts.edit\":true,\"posts.destroy\":true,\"categories.index\":true,\"categories.create\":true,\"categories.edit\":true,\"categories.destroy\":true,\"tags.index\":true,\"tags.create\":true,\"tags.edit\":true,\"tags.destroy\":true,\"blog.settings\":true,\"plugins.captcha\":true,\"captcha.settings\":true,\"career.index\":true,\"career.create\":true,\"career.edit\":true,\"career.destroy\":true,\"contacts.index\":true,\"contacts.edit\":true,\"contacts.destroy\":true,\"contact.settings\":true,\"languages.index\":true,\"languages.create\":true,\"languages.edit\":true,\"languages.destroy\":true,\"plugin.location\":true,\"country.index\":true,\"country.create\":true,\"country.edit\":true,\"country.destroy\":true,\"state.index\":true,\"state.create\":true,\"state.edit\":true,\"state.destroy\":true,\"city.index\":true,\"city.create\":true,\"city.edit\":true,\"city.destroy\":true,\"location.bulk-import.index\":true,\"location.export.index\":true,\"payment.index\":true,\"payments.settings\":true,\"payment.destroy\":true,\"plugins.real-estate\":true,\"real-estate.settings\":true,\"property.index\":true,\"property.create\":true,\"property.edit\":true,\"property.destroy\":true,\"project.index\":true,\"project.create\":true,\"project.edit\":true,\"project.destroy\":true,\"property_feature.index\":true,\"property_feature.create\":true,\"property_feature.edit\":true,\"property_feature.destroy\":true,\"investor.index\":true,\"investor.create\":true,\"investor.edit\":true,\"investor.destroy\":true,\"review.index\":true,\"review.create\":true,\"review.edit\":true,\"review.destroy\":true,\"consult.index\":true,\"consult.create\":true,\"consult.edit\":true,\"consult.destroy\":true,\"property_category.index\":true,\"property_category.create\":true,\"property_category.edit\":true,\"property_category.destroy\":true,\"facility.index\":true,\"facility.create\":true,\"facility.edit\":true,\"facility.destroy\":true,\"account.index\":true,\"account.create\":true,\"account.edit\":true,\"account.destroy\":true,\"package.index\":true,\"package.create\":true,\"package.edit\":true,\"package.destroy\":true,\"consults.index\":true,\"consults.edit\":true,\"consults.destroy\":true,\"real-estate.custom-fields.index\":true,\"real-estate.custom-fields.create\":true,\"real-estate.custom-fields.edit\":true,\"real-estate.custom-fields.destroy\":true,\"invoice.index\":true,\"invoice.edit\":true,\"invoice.destroy\":true,\"invoice.template\":true,\"import-properties.index\":true,\"export-properties.index\":true,\"import-projects.index\":true,\"export-projects.index\":true,\"coupons.index\":true,\"coupons.destroy\":true,\"real-estate.settings.general\":true,\"real-estate.settings.currencies\":true,\"real-estate.settings.accounts\":true,\"real-estate.settings.invoices\":true,\"real-estate.settings.invoice-template\":true,\"social-login.settings\":true,\"plugins.translation\":true,\"translations.locales\":true,\"translations.theme-translations\":true,\"translations.index\":true}','Admin users role',1,2,2,'2024-02-24 01:21:49','2024-02-24 01:21:49');

--
-- Table structure for table `settings`
--

CREATE TABLE `settings` (
  `id` int unsigned NOT NULL AUTO_INCREMENT,
  `key` varchar(255) CHARACTER SET utf8mb4 COLLATE utf8mb4_unicode_ci NOT NULL,
  `value` text CHARACTER SET utf8mb4 COLLATE utf8mb4_unicode_ci,
  `created_at` timestamp NULL DEFAULT NULL,
  `updated_at` timestamp NULL DEFAULT NULL,
  PRIMARY KEY (`id`)
) ENGINE=InnoDB AUTO_INCREMENT=7416 DEFAULT CHARSET=utf8mb4 COLLATE=utf8mb4_unicode_ci;

--
-- Dumping data for table `settings`
--

INSERT INTO `settings` VALUES (270,'activated_plugins','[\"language\",\"language-advanced\",\"analytics\",\"audit-log\",\"backup\",\"blog\",\"captcha\",\"career\",\"contact\",\"cookie-consent\",\"location\",\"payment\",\"paypal\",\"paystack\",\"razorpay\",\"real-estate\",\"rss-feed\",\"social-login\",\"sslcommerz\",\"stripe\",\"translation\"]',NULL,'2024-02-24 01:21:51'),(2933,'language_hide_default','1',NULL,'2024-02-24 01:21:51'),(2934,'language_switcher_display','dropdown',NULL,'2024-02-24 01:21:51'),(2935,'language_display','all',NULL,'2024-02-24 01:21:51'),(2936,'language_hide_languages','[]',NULL,'2024-02-24 01:21:51'),(3686,'real_estate_display_views_count_in_detail_page','1',NULL,'2024-01-19 23:59:44'),(3800,'real_estate_mandatory_fields_at_consult_form','[\"email\"]',NULL,'2024-02-24 01:21:51'),(3993,'show_admin_bar','1',NULL,'2024-02-24 01:21:51'),(3994,'theme','flex-home',NULL,'2024-02-24 01:21:51'),(3995,'media_random_hash','181d72b70c017dad38d85446cf54b790',NULL,'2024-02-24 01:21:51'),(7389,'admin_favicon','logo/favicon.png',NULL,'2024-02-24 01:21:51'),(7390,'admin_logo','logo/logo-white.png',NULL,'2024-02-24 01:21:51'),(7391,'permalink-botble-blog-models-post','news',NULL,'2024-02-24 01:21:51'),(7392,'permalink-botble-blog-models-category','news',NULL,'2024-02-24 01:21:51'),(7393,'payment_cod_status','1',NULL,'2024-02-24 01:21:51'),(7394,'payment_cod_description','Please pay money directly to the postman, if you choose cash on delivery method (COD).',NULL,'2024-02-24 01:21:51'),(7395,'payment_bank_transfer_status','1',NULL,'2024-02-24 01:21:51'),(7396,'payment_bank_transfer_description','Please send money to our bank account: ACB - 69270 213 19.',NULL,'2024-02-24 01:21:51'),(7397,'payment_stripe_payment_type','stripe_checkout',NULL,'2024-02-24 01:21:51'),(7398,'theme-flex-home-social_links','[[{\"key\":\"social-name\",\"value\":\"Facebook\"},{\"key\":\"social-icon\",\"value\":\"fab fa-facebook\"},{\"key\":\"social-url\",\"value\":\"https:\\/\\/facebook.com\"}],[{\"key\":\"social-name\",\"value\":\"Twitter\"},{\"key\":\"social-icon\",\"value\":\"fab fa-twitter\"},{\"key\":\"social-url\",\"value\":\"https:\\/\\/twitter.com\"}],[{\"key\":\"social-name\",\"value\":\"Youtube\"},{\"key\":\"social-icon\",\"value\":\"fab fa-youtube\"},{\"key\":\"social-url\",\"value\":\"https:\\/\\/youtube.com\"}]]',NULL,NULL),(7399,'theme-flex-home-site_title','Flex Home',NULL,NULL),(7400,'theme-flex-home-seo_description','Find your favorite homes at Flex Home',NULL,NULL),(7401,'theme-flex-home-copyright','©2024 Flex Home is Proudly Powered by Botble Team.',NULL,NULL),(7402,'theme-flex-home-favicon','logo/favicon.png',NULL,NULL),(7403,'theme-flex-home-logo','logo/logo.png',NULL,NULL),(7404,'theme-flex-home-cookie_consent_message','Your experience on this site will be improved by allowing cookies ',NULL,NULL),(7405,'theme-flex-home-cookie_consent_learn_more_url','/cookie-policy',NULL,NULL),(7406,'theme-flex-home-cookie_consent_learn_more_text','Cookie Policy',NULL,NULL),(7407,'theme-flex-home-homepage_id','1',NULL,NULL),(7408,'theme-flex-home-blog_page_id','2',NULL,NULL),(7409,'theme-flex-home-properties_list_page_id','7',NULL,NULL),(7410,'theme-flex-home-projects_list_page_id','8',NULL,NULL),(7411,'theme-flex-home-home_banner','general/home-banner.jpg',NULL,NULL),(7412,'theme-flex-home-breadcrumb_background','general/breadcrumb-background.jpg',NULL,NULL),(7413,'theme-flex-home-address','North Link Building, 10 Admiralty Street, 757695 Singapore',NULL,NULL),(7414,'theme-flex-home-hotline','18006268',NULL,NULL),(7415,'theme-flex-home-email','sale@botble.com',NULL,NULL);

--
-- Table structure for table `slugs`
--

CREATE TABLE `slugs` (
  `id` int unsigned NOT NULL AUTO_INCREMENT,
  `key` varchar(255) CHARACTER SET utf8mb4 COLLATE utf8mb4_unicode_ci NOT NULL,
  `reference_id` int unsigned NOT NULL,
  `reference_type` varchar(255) CHARACTER SET utf8mb4 COLLATE utf8mb4_unicode_ci NOT NULL,
  `prefix` varchar(120) CHARACTER SET utf8mb4 COLLATE utf8mb4_unicode_ci DEFAULT '',
  `created_at` timestamp NULL DEFAULT NULL,
  `updated_at` timestamp NULL DEFAULT NULL,
  PRIMARY KEY (`id`),
  KEY `slugs_reference_id_index` (`reference_id`),
  KEY `slugs_key_index` (`key`),
  KEY `slugs_prefix_index` (`prefix`),
  KEY `slugs_reference_index` (`reference_id`,`reference_type`)
) ENGINE=InnoDB AUTO_INCREMENT=7416 DEFAULT CHARSET=utf8mb4 COLLATE=utf8mb4_unicode_ci;

--
-- Dumping data for table `slugs`
--

INSERT INTO `slugs` VALUES (1,'3-beds-villa-calpe-alicante',1,'Botble\\RealEstate\\Models\\Property','properties','2019-11-17 20:34:59','2019-11-17 20:34:59'),(2,'property-for-sale-johannesburg-south-africa',2,'Botble\\RealEstate\\Models\\Property','properties','2019-11-17 20:53:34','2019-11-17 20:53:34'),(3,'stunning-french-inspired-manor',3,'Botble\\RealEstate\\Models\\Property','properties','2019-11-17 21:09:55','2019-11-17 21:09:55'),(4,'villa-for-sale-at-bermuda-dunes',4,'Botble\\RealEstate\\Models\\Property','properties','2019-11-17 21:18:11','2023-11-27 00:46:24'),(5,'wifi',1,'Botble\\RealEstate\\Models\\PropertyFeature','','2019-11-17 21:40:58','2019-11-17 21:40:58'),(6,'swimming-pool',2,'Botble\\RealEstate\\Models\\PropertyFeature','','2019-11-17 21:41:43','2019-11-17 21:41:43'),(7,'walnut-park-apartments',1,'Botble\\RealEstate\\Models\\Project','projects','2019-11-18 00:34:49','2023-11-27 00:46:24'),(8,'walnut-park-apartment',5,'Botble\\RealEstate\\Models\\Property','properties','2019-11-18 00:47:52','2019-11-18 00:47:52'),(9,'5-beds-luxury-house',6,'Botble\\RealEstate\\Models\\Property','properties','2019-11-18 01:05:58','2023-11-27 00:46:24'),(10,'family-victorian-view-home',7,'Botble\\RealEstate\\Models\\Property','properties','2019-11-18 01:12:07','2019-11-18 01:12:07'),(11,'osaka-heights',2,'Botble\\RealEstate\\Models\\Project','projects','2019-11-18 01:28:45','2019-11-18 01:28:45'),(12,'osaka-heights-apartment',8,'Botble\\RealEstate\\Models\\Property','properties','2019-11-18 01:49:36','2019-11-18 01:49:36'),(13,'private-estate-magnificent-views',9,'Botble\\RealEstate\\Models\\Property','properties','2019-11-18 02:02:19','2019-11-18 02:02:19'),(14,'thompsons-road-house-for-rent',10,'Botble\\RealEstate\\Models\\Property','properties','2019-11-18 02:16:53','2023-11-27 00:46:24'),(15,'brand-new-1-bedroom-apartment-in-first-class-location',11,'Botble\\RealEstate\\Models\\Property','properties','2019-11-18 02:22:48','2023-11-27 00:46:24'),(16,'news',1,'Botble\\Blog\\Models\\Category','news','2019-11-18 02:33:35','2024-02-24 01:21:49'),(17,'elegant-family-home-presents-premium-modern-living',12,'Botble\\RealEstate\\Models\\Property','properties','2019-11-18 02:47:05','2019-11-18 02:47:05'),(18,'bcg-sets-great-store-by-real-estate-negotiations',1,'Botble\\Blog\\Models\\Post','news','2019-11-18 02:51:35','2024-02-24 01:21:49'),(19,'bcg-sets-great-store',1,'Botble\\Blog\\Models\\Tag','tag','2019-11-18 02:51:35','2019-11-18 02:51:35'),(20,'private-home-sales-drop-27-in-october',2,'Botble\\Blog\\Models\\Post','news','2019-11-18 02:55:53','2024-02-24 01:21:49'),(21,'private-home-sales',2,'Botble\\Blog\\Models\\Tag','tag','2019-11-18 02:55:53','2019-11-18 02:55:53'),(22,'singapore-overtakes-hong-kong-in-terms-of-property-investment-prospects',3,'Botble\\Blog\\Models\\Post','news','2019-11-18 02:59:01','2024-02-24 01:21:49'),(23,'s-koreas-big-investors-flocking-to-overseas-real-estate',4,'Botble\\Blog\\Models\\Post','news','2019-11-18 03:07:27','2024-02-24 01:21:49'),(24,'south-korean-investors',3,'Botble\\Blog\\Models\\Tag','tag','2019-11-18 03:07:27','2019-11-18 03:07:27'),(25,'mimaroba-paradise',3,'Botble\\RealEstate\\Models\\Project','projects','2019-11-18 03:30:34','2019-11-18 03:30:34'),(26,'aegean-villas',4,'Botble\\RealEstate\\Models\\Project','projects','2019-11-18 03:38:13','2019-11-18 03:38:13'),(27,'aydos-forest-apartments',5,'Botble\\RealEstate\\Models\\Project','projects','2019-11-18 03:45:06','2023-11-27 00:46:25'),(28,'the-avila-apartments',6,'Botble\\RealEstate\\Models\\Project','projects','2019-11-18 03:53:20','2023-11-27 00:46:25'),(29,'luxury-apartments-in-singapore-for-sale',13,'Botble\\RealEstate\\Models\\Property','properties','2019-11-18 07:23:02','2023-11-27 00:46:24'),(30,'5-room-luxury-penthouse-for-sale-in-kuala-lumpur',14,'Botble\\RealEstate\\Models\\Property','properties','2019-11-18 07:36:29','2023-11-27 00:46:24'),(31,'2-floor-house-in-compound-pejaten-barat-kemang',15,'Botble\\RealEstate\\Models\\Property','properties','2019-11-18 07:44:44','2023-11-27 00:46:24'),(32,'apartment-muiderstraatweg-in-diemen',16,'Botble\\RealEstate\\Models\\Property','properties','2019-11-18 07:59:14','2019-11-18 07:59:14'),(33,'nice-apartment-for-rent-in-berlin',17,'Botble\\RealEstate\\Models\\Property','properties','2019-11-18 08:13:07','2019-11-18 08:13:07'),(52,'house-architecture',2,'Botble\\Blog\\Models\\Category','news','2019-11-21 07:49:25','2024-02-24 01:21:49'),(53,'kien-truc-nha',3,'Botble\\Blog\\Models\\Category','news','2019-11-21 07:49:35','2024-02-24 01:21:49'),(54,'house-design',4,'Botble\\Blog\\Models\\Category','news','2019-11-21 07:50:02','2024-02-24 01:21:49'),(55,'thiet-ke-nha',5,'Botble\\Blog\\Models\\Category','news','2019-11-21 07:50:17','2024-02-24 01:21:49'),(56,'building-materials',6,'Botble\\Blog\\Models\\Category','news','2019-11-21 07:50:36','2024-02-24 01:21:49'),(57,'vat-lieu-xay-dung',7,'Botble\\Blog\\Models\\Category','news','2019-11-21 07:50:58','2024-02-24 01:21:49'),(65,'tin-tuc',8,'Botble\\Blog\\Models\\Category','news','2019-11-22 01:26:08','2024-02-24 01:21:49'),(74,'sales-manager-up-to-2600',1,'Botble\\Career\\Models\\Career','careers','2019-11-30 19:43:10','2023-11-27 00:46:24'),(76,'senior-real-estate-consultant-demo',3,'Botble\\Career\\Models\\Career','careers','2019-11-30 19:52:42','2023-11-27 00:46:24'),(4610,'lavina',1,'Botble\\RealEstate\\Models\\Account','agents','2023-11-27 00:46:25','2024-02-24 01:22:00'),(4611,'elna',2,'Botble\\RealEstate\\Models\\Account','agents','2023-11-27 00:46:25','2024-02-24 01:22:00'),(4612,'ronaldo',3,'Botble\\RealEstate\\Models\\Account','agents','2023-11-27 00:46:25','2024-02-24 01:22:00'),(4613,'grayson',4,'Botble\\RealEstate\\Models\\Account','agents','2023-11-27 00:46:25','2024-02-24 01:22:00'),(4614,'devante',5,'Botble\\RealEstate\\Models\\Account','agents','2023-11-27 00:46:25','2024-02-24 01:22:00'),(4615,'elisha',6,'Botble\\RealEstate\\Models\\Account','agents','2023-11-27 00:46:25','2024-02-24 01:22:00'),(4616,'chad',7,'Botble\\RealEstate\\Models\\Account','agents','2023-11-27 00:46:25','2024-02-24 01:22:00'),(4617,'alan',8,'Botble\\RealEstate\\Models\\Account','agents','2023-11-27 00:46:25','2024-02-24 01:22:00'),(4618,'jalyn',9,'Botble\\RealEstate\\Models\\Account','agents','2023-11-27 00:46:25','2024-02-24 01:22:00'),(4619,'elise',10,'Botble\\RealEstate\\Models\\Account','agents','2023-11-27 00:46:25','2024-02-24 01:22:00'),(4620,'leatha',11,'Botble\\RealEstate\\Models\\Account','agents','2023-11-27 00:46:25','2024-02-24 01:22:00'),(5173,'dale',12,'Botble\\RealEstate\\Models\\Account','agents','2023-12-10 00:43:58','2024-02-24 01:22:00'),(7386,'apartment',1,'Botble\\RealEstate\\Models\\Category','property-category','2024-02-24 01:21:44','2024-02-24 01:21:44'),(7387,'villa',2,'Botble\\RealEstate\\Models\\Category','property-category','2024-02-24 01:21:44','2024-02-24 01:21:44'),(7388,'condo',3,'Botble\\RealEstate\\Models\\Category','property-category','2024-02-24 01:21:44','2024-02-24 01:21:44'),(7389,'house',4,'Botble\\RealEstate\\Models\\Category','property-category','2024-02-24 01:21:44','2024-02-24 01:21:44'),(7390,'land',5,'Botble\\RealEstate\\Models\\Category','property-category','2024-02-24 01:21:44','2024-02-24 01:21:44'),(7391,'commercial-property',6,'Botble\\RealEstate\\Models\\Category','property-category','2024-02-24 01:21:44','2024-02-24 01:21:44'),(7392,'home',1,'Botble\\Page\\Models\\Page','','2024-02-24 01:21:49','2024-02-24 01:21:49'),(7393,'news',2,'Botble\\Page\\Models\\Page','','2024-02-24 01:21:49','2024-02-24 01:21:49'),(7394,'about-us',3,'Botble\\Page\\Models\\Page','','2024-02-24 01:21:49','2024-02-24 01:21:49'),(7395,'contact',4,'Botble\\Page\\Models\\Page','','2024-02-24 01:21:49','2024-02-24 01:21:49'),(7396,'terms-conditions',5,'Botble\\Page\\Models\\Page','','2024-02-24 01:21:49','2024-02-24 01:21:49'),(7397,'cookie-policy',6,'Botble\\Page\\Models\\Page','','2024-02-24 01:21:49','2024-02-24 01:21:49'),(7398,'properties',7,'Botble\\Page\\Models\\Page','','2024-02-24 01:21:49','2024-02-24 01:21:49'),(7399,'projects',8,'Botble\\Page\\Models\\Page','','2024-02-24 01:21:49','2024-02-24 01:21:49'),(7400,'the-top-2020-handbag-trends-to-know',4201,'Botble\\Blog\\Models\\Post','news','2024-02-24 01:21:52','2024-02-24 01:21:52'),(7401,'top-search-engine-optimization-strategies',4202,'Botble\\Blog\\Models\\Post','news','2024-02-24 01:21:52','2024-02-24 01:21:52'),(7402,'which-company-would-you-choose',4203,'Botble\\Blog\\Models\\Post','news','2024-02-24 01:21:52','2024-02-24 01:21:52'),(7403,'used-car-dealer-sales-tricks-exposed',4204,'Botble\\Blog\\Models\\Post','news','2024-02-24 01:21:52','2024-02-24 01:21:52'),(7404,'20-ways-to-sell-your-product-faster',4205,'Botble\\Blog\\Models\\Post','news','2024-02-24 01:21:52','2024-02-24 01:21:52'),(7405,'the-secrets-of-rich-and-famous-writers',4206,'Botble\\Blog\\Models\\Post','news','2024-02-24 01:21:52','2024-02-24 01:21:52'),(7406,'imagine-losing-20-pounds-in-14-days',4207,'Botble\\Blog\\Models\\Post','news','2024-02-24 01:21:52','2024-02-24 01:21:52'),(7407,'are-you-still-using-that-slow-old-typewriter',4208,'Botble\\Blog\\Models\\Post','news','2024-02-24 01:21:52','2024-02-24 01:21:52'),(7408,'a-skin-cream-thats-proven-to-work',4209,'Botble\\Blog\\Models\\Post','news','2024-02-24 01:21:52','2024-02-24 01:21:52'),(7409,'10-reasons-to-start-your-own-profitable-website',4210,'Botble\\Blog\\Models\\Post','news','2024-02-24 01:21:52','2024-02-24 01:21:52'),(7410,'simple-ways-to-reduce-your-unwanted-wrinkles',4211,'Botble\\Blog\\Models\\Post','news','2024-02-24 01:21:52','2024-02-24 01:21:52'),(7411,'apple-imac-with-retina-5k-display-review',4212,'Botble\\Blog\\Models\\Post','news','2024-02-24 01:21:52','2024-02-24 01:21:52'),(7412,'10000-web-site-visitors-in-one-monthguaranteed',4213,'Botble\\Blog\\Models\\Post','news','2024-02-24 01:21:52','2024-02-24 01:21:52'),(7413,'unlock-the-secrets-of-selling-high-ticket-items',4214,'Botble\\Blog\\Models\\Post','news','2024-02-24 01:21:52','2024-02-24 01:21:52'),(7414,'4-expert-tips-on-how-to-choose-the-right-mens-wallet',4215,'Botble\\Blog\\Models\\Post','news','2024-02-24 01:21:52','2024-02-24 01:21:52'),(7415,'sexy-clutches-how-to-buy-wear-a-designer-clutch-bag',4216,'Botble\\Blog\\Models\\Post','news','2024-02-24 01:21:52','2024-02-24 01:21:52');

--
-- Table structure for table `slugs_translations`
--

CREATE TABLE `slugs_translations` (
  `lang_code` varchar(191) CHARACTER SET utf8mb4 COLLATE utf8mb4_unicode_ci NOT NULL,
  `slugs_id` bigint unsigned NOT NULL,
  `key` varchar(255) CHARACTER SET utf8mb4 COLLATE utf8mb4_unicode_ci DEFAULT NULL,
  `prefix` varchar(120) CHARACTER SET utf8mb4 COLLATE utf8mb4_unicode_ci DEFAULT '',
  PRIMARY KEY (`lang_code`,`slugs_id`)
) ENGINE=InnoDB DEFAULT CHARSET=utf8mb4 COLLATE=utf8mb4_unicode_ci;

--
-- Dumping data for table `slugs_translations`
--


--
-- Table structure for table `states`
--

CREATE TABLE `states` (
  `id` int unsigned NOT NULL AUTO_INCREMENT,
  `name` varchar(120) CHARACTER SET utf8mb4 COLLATE utf8mb4_unicode_ci NOT NULL,
  `country_id` int unsigned NOT NULL,
  `order` tinyint NOT NULL DEFAULT '0',
  `is_default` tinyint unsigned NOT NULL DEFAULT '0',
  `status` varchar(60) CHARACTER SET utf8mb4 COLLATE utf8mb4_unicode_ci NOT NULL DEFAULT 'published',
  `created_at` timestamp NULL DEFAULT NULL,
  `updated_at` timestamp NULL DEFAULT NULL,
  `abbreviation` varchar(10) CHARACTER SET utf8mb4 COLLATE utf8mb4_unicode_ci DEFAULT NULL,
  `slug` varchar(120) CHARACTER SET utf8mb4 COLLATE utf8mb4_unicode_ci DEFAULT NULL,
  `is_featured` tinyint NOT NULL DEFAULT '0',
  `image` varchar(255) CHARACTER SET utf8mb4 COLLATE utf8mb4_unicode_ci DEFAULT NULL,
  PRIMARY KEY (`id`),
  UNIQUE KEY `states_slug_unique` (`slug`)
) ENGINE=InnoDB AUTO_INCREMENT=2 DEFAULT CHARSET=utf8mb4 COLLATE=utf8mb4_unicode_ci;

--
-- Dumping data for table `states`
--

INSERT INTO `states` VALUES (1,'California',1,0,0,'published','2019-11-18 08:17:57','2023-08-13 20:47:25',NULL,'california',0,NULL);

--
-- Table structure for table `states_translations`
--

CREATE TABLE `states_translations` (
  `lang_code` varchar(191) CHARACTER SET utf8mb4 COLLATE utf8mb4_unicode_ci NOT NULL,
  `states_id` int NOT NULL,
  `name` varchar(120) CHARACTER SET utf8mb4 COLLATE utf8mb4_unicode_ci DEFAULT NULL,
  `slug` varchar(120) CHARACTER SET utf8mb4 COLLATE utf8mb4_unicode_ci DEFAULT NULL,
  `abbreviation` varchar(10) CHARACTER SET utf8mb4 COLLATE utf8mb4_unicode_ci DEFAULT NULL,
  PRIMARY KEY (`lang_code`,`states_id`)
) ENGINE=InnoDB DEFAULT CHARSET=utf8mb4 COLLATE=utf8mb4_unicode_ci;

--
-- Dumping data for table `states_translations`
--


--
-- Table structure for table `tags`
--

CREATE TABLE `tags` (
  `id` int unsigned NOT NULL AUTO_INCREMENT,
  `name` varchar(120) CHARACTER SET utf8mb4 COLLATE utf8mb4_unicode_ci NOT NULL,
  `author_id` bigint unsigned DEFAULT NULL,
  `author_type` varchar(255) CHARACTER SET utf8mb4 COLLATE utf8mb4_unicode_ci NOT NULL DEFAULT 'Botble\\ACL\\Models\\User',
  `description` varchar(400) CHARACTER SET utf8mb4 COLLATE utf8mb4_unicode_ci DEFAULT '',
  `status` varchar(60) CHARACTER SET utf8mb4 COLLATE utf8mb4_unicode_ci NOT NULL DEFAULT 'published',
  `created_at` timestamp NULL DEFAULT NULL,
  `updated_at` timestamp NULL DEFAULT NULL,
  PRIMARY KEY (`id`)
) ENGINE=InnoDB AUTO_INCREMENT=4 DEFAULT CHARSET=utf8mb4 COLLATE=utf8mb4_unicode_ci;

--
-- Dumping data for table `tags`
--

INSERT INTO `tags` VALUES (1,'BCG sets great store',1,'Botble\\ACL\\Models\\User','','published','2019-11-18 02:51:35','2019-11-18 02:51:35'),(2,'Private Home Sales',1,'Botble\\ACL\\Models\\User','','published','2019-11-18 02:55:53','2019-11-18 02:55:53'),(3,'South Korean investors',1,'Botble\\ACL\\Models\\User','','published','2019-11-18 03:07:27','2019-11-18 03:07:27');

--
-- Table structure for table `tags_translations`
--

CREATE TABLE `tags_translations` (
  `lang_code` varchar(191) CHARACTER SET utf8mb4 COLLATE utf8mb4_unicode_ci NOT NULL,
  `tags_id` int NOT NULL,
  `name` varchar(255) CHARACTER SET utf8mb4 COLLATE utf8mb4_unicode_ci DEFAULT NULL,
  `description` varchar(400) CHARACTER SET utf8mb4 COLLATE utf8mb4_unicode_ci DEFAULT NULL,
  PRIMARY KEY (`lang_code`,`tags_id`)
) ENGINE=InnoDB DEFAULT CHARSET=utf8mb4 COLLATE=utf8mb4_unicode_ci;

--
-- Dumping data for table `tags_translations`
--


--
-- Table structure for table `transactions`
--

CREATE TABLE `transactions` (
  `id` int unsigned NOT NULL AUTO_INCREMENT,
  `credits` int unsigned NOT NULL,
  `description` varchar(255) CHARACTER SET utf8mb4 COLLATE utf8mb4_unicode_ci DEFAULT NULL,
  `user_id` bigint unsigned DEFAULT NULL,
  `account_id` bigint unsigned DEFAULT NULL,
  `type` varchar(191) CHARACTER SET utf8mb4 COLLATE utf8mb4_unicode_ci NOT NULL DEFAULT 'add',
  `payment_id` int unsigned DEFAULT NULL,
  `created_at` timestamp NULL DEFAULT NULL,
  `updated_at` timestamp NULL DEFAULT NULL,
  PRIMARY KEY (`id`)
) ENGINE=InnoDB AUTO_INCREMENT=2 DEFAULT CHARSET=utf8mb4 COLLATE=utf8mb4_unicode_ci;

--
-- Dumping data for table `transactions`
--


--
-- Table structure for table `user_meta`
--

CREATE TABLE `user_meta` (
  `id` int unsigned NOT NULL AUTO_INCREMENT,
  `key` varchar(255) CHARACTER SET utf8mb4 COLLATE utf8mb4_unicode_ci DEFAULT NULL,
  `value` varchar(255) CHARACTER SET utf8mb4 COLLATE utf8mb4_unicode_ci DEFAULT NULL,
  `user_id` int unsigned NOT NULL,
  `created_at` timestamp NULL DEFAULT NULL,
  `updated_at` timestamp NULL DEFAULT NULL,
  PRIMARY KEY (`id`),
  KEY `user_meta_user_id_index` (`user_id`)
) ENGINE=InnoDB AUTO_INCREMENT=2 DEFAULT CHARSET=utf8mb4 COLLATE=utf8mb4_unicode_ci;

--
-- Dumping data for table `user_meta`
--

INSERT INTO `user_meta` VALUES (1,'admin-locale','en',1,'2019-11-17 20:19:14','2019-11-30 19:25:04');

--
-- Table structure for table `users`
--

CREATE TABLE `users` (
  `id` bigint unsigned NOT NULL AUTO_INCREMENT,
  `email` varchar(255) CHARACTER SET utf8mb4 COLLATE utf8mb4_unicode_ci NOT NULL,
  `email_verified_at` timestamp NULL DEFAULT NULL,
  `password` varchar(255) CHARACTER SET utf8mb4 COLLATE utf8mb4_unicode_ci DEFAULT NULL,
  `remember_token` varchar(100) CHARACTER SET utf8mb4 COLLATE utf8mb4_unicode_ci DEFAULT NULL,
  `created_at` timestamp NULL DEFAULT NULL,
  `updated_at` timestamp NULL DEFAULT NULL,
  `permissions` text CHARACTER SET utf8mb4 COLLATE utf8mb4_unicode_ci,
  `last_login` timestamp NULL DEFAULT NULL,
  `first_name` varchar(255) CHARACTER SET utf8mb4 COLLATE utf8mb4_unicode_ci DEFAULT NULL,
  `last_name` varchar(255) CHARACTER SET utf8mb4 COLLATE utf8mb4_unicode_ci DEFAULT NULL,
  `username` varchar(60) CHARACTER SET utf8mb4 COLLATE utf8mb4_unicode_ci DEFAULT NULL,
  `avatar_id` int unsigned DEFAULT NULL,
  `super_user` tinyint(1) NOT NULL DEFAULT '0',
  `manage_supers` tinyint(1) NOT NULL DEFAULT '0',
  PRIMARY KEY (`id`)
) ENGINE=InnoDB AUTO_INCREMENT=3 DEFAULT CHARSET=utf8mb4 COLLATE=utf8mb4_unicode_ci;

--
-- Dumping data for table `users`
--

INSERT INTO `users` VALUES (1,'lebsack.kristin@rodriguez.com',NULL,'$2y$12$r7.ZBrcklzrxzKJ9l/uGVuNV7UZwl6U4UV8kU/2DXQUGMyl9F9Ek6',NULL,'2024-02-24 01:21:49','2024-02-24 01:21:49',NULL,NULL,'Kenton','Bins','botble',NULL,1,1),(2,'carroll.shirley@rutherford.com',NULL,'$2y$12$ZpVYqDDSsw8LOhiwI9we6OnM6Hl9RQnSKxIJAuF1w4BTQifaO3nw.',NULL,'2024-02-24 01:21:49','2024-02-24 01:21:49',NULL,NULL,'Dario','Schinner','admin',NULL,1,1);

--
-- Table structure for table `widgets`
--

CREATE TABLE `widgets` (
  `id` int unsigned NOT NULL AUTO_INCREMENT,
  `widget_id` varchar(120) CHARACTER SET utf8mb4 COLLATE utf8mb4_unicode_ci NOT NULL,
  `sidebar_id` varchar(120) CHARACTER SET utf8mb4 COLLATE utf8mb4_unicode_ci NOT NULL,
  `theme` varchar(120) CHARACTER SET utf8mb4 COLLATE utf8mb4_unicode_ci NOT NULL,
  `position` tinyint unsigned NOT NULL DEFAULT '0',
  `data` text CHARACTER SET utf8mb4 COLLATE utf8mb4_unicode_ci,
  `created_at` timestamp NULL DEFAULT NULL,
  `updated_at` timestamp NULL DEFAULT NULL,
  PRIMARY KEY (`id`)
) ENGINE=InnoDB AUTO_INCREMENT=44 DEFAULT CHARSET=utf8mb4 COLLATE=utf8mb4_unicode_ci;

--
-- Dumping data for table `widgets`
--

INSERT INTO `widgets` VALUES (20,'CustomMenuWidget','footer_sidebar','flex-home',0,'{\"id\":\"CustomMenuWidget\",\"name\":\"About\",\"menu_id\":\"about\"}','2019-11-17 22:09:57','2019-11-17 22:09:57'),(21,'CustomMenuWidget','footer_sidebar','flex-home',1,'{\"id\":\"CustomMenuWidget\",\"name\":\"More information\",\"menu_id\":\"more-information\"}','2019-11-17 22:09:57','2019-11-17 22:09:57'),(22,'CustomMenuWidget','footer_sidebar','flex-home',2,'{\"id\":\"CustomMenuWidget\",\"name\":\"News\",\"menu_id\":\"news\"}','2019-11-17 22:09:57','2019-11-17 22:09:57'),(24,'CategoriesWidget','primary_sidebar','flex-home',0,'{\"id\":\"CategoriesWidget\",\"name\":\"Categories\"}','2019-11-18 03:50:44','2019-11-18 03:50:44'),(25,'RecentPostsWidget','primary_sidebar','flex-home',1,'{\"id\":\"RecentPostsWidget\",\"name\":\"Recent posts\",\"number_display\":\"5\"}','2019-11-18 03:50:45','2019-11-18 03:50:45');


